74.7.227.150 - - [05/Apr/2026:14:29:37 -0400] "GET /wp-content/plugins/elementor/assets/js/packages/editor-components/?C=N;O=D HTTP/1.0" 200 489 "https://linguareachagency.com/wp-content/plugins/elementor/assets/js/packages/editor-components/" "Mozilla/5.0 AppleWebKit/537.36 (KHTML, like Gecko; compatible; GPTBot/1.3; +https://openai.com/gptbot)"
74.7.227.150 - - [05/Apr/2026:14:29:50 -0400] "GET /wp-content/plugins/elementor/core/base/providers/?C=S;O=D HTTP/1.0" 200 419 "https://linguareachagency.com/wp-content/plugins/elementor/core/base/providers/?C=S;O=A" "Mozilla/5.0 AppleWebKit/537.36 (KHTML, like Gecko; compatible; GPTBot/1.3; +https://openai.com/gptbot)"
74.7.227.150 - - [05/Apr/2026:14:29:58 -0400] "GET /wp-content/plugins/elementor/core/common/modules/events-manager/?C=M;O=A HTTP/1.0" 200 409 "https://linguareachagency.com/wp-content/plugins/elementor/core/common/modules/events-manager/" "Mozilla/5.0 AppleWebKit/537.36 (KHTML, like Gecko; compatible; GPTBot/1.3; +https://openai.com/gptbot)"
74.7.227.150 - - [05/Apr/2026:14:30:00 -0400] "GET /wp-content/plugins/elementor/assets/js/packages/editor-components/?C=S;O=A HTTP/1.0" 200 491 "https://linguareachagency.com/wp-content/plugins/elementor/assets/js/packages/editor-components/" "Mozilla/5.0 AppleWebKit/537.36 (KHTML, like Gecko; compatible; GPTBot/1.3; +https://openai.com/gptbot)"
74.7.227.150 - - [05/Apr/2026:14:30:03 -0400] "GET /wp-content/plugins/pro-elements/assets/lib/sticky/?C=D;O=D HTTP/1.0" 429 17 "https://linguareachagency.com/wp-content/plugins/pro-elements/assets/lib/sticky/?C=D;O=A" "Mozilla/5.0 AppleWebKit/537.36 (KHTML, like Gecko; compatible; GPTBot/1.3; +https://openai.com/gptbot)"
74.7.227.150 - - [05/Apr/2026:14:30:11 -0400] "GET /wp-content/plugins/elementor/core/base/providers/?C=N;O=D HTTP/1.0" 429 17 "https://linguareachagency.com/wp-content/plugins/elementor/core/base/providers/?C=N;O=A" "Mozilla/5.0 AppleWebKit/537.36 (KHTML, like Gecko; compatible; GPTBot/1.3; +https://openai.com/gptbot)"
74.7.227.150 - - [05/Apr/2026:14:30:22 -0400] "GET /wp-content/plugins/pro-elements/modules/forms/submissions/export/?C=S;O=A HTTP/1.0" 429 17 "https://linguareachagency.com/wp-content/plugins/pro-elements/modules/forms/submissions/export/" "Mozilla/5.0 AppleWebKit/537.36 (KHTML, like Gecko; compatible; GPTBot/1.3; +https://openai.com/gptbot)"
74.7.227.150 - - [05/Apr/2026:14:31:10 -0400] "GET /wp-content/plugins/pro-elements/modules/notes/database/migrations/add-author-display-name.php HTTP/1.0" 429 17 "https://linguareachagency.com/wp-content/plugins/pro-elements/modules/notes/database/migrations/?C=S;O=A" "Mozilla/5.0 AppleWebKit/537.36 (KHTML, like Gecko; compatible; GPTBot/1.3; +https://openai.com/gptbot)"
161.178.132.46 - - [05/Apr/2026:14:31:50 -0400] "POST /wp-login.php HTTP/1.0" 200 6464 "-" "Mozilla/5.0"
74.7.227.150 - - [05/Apr/2026:14:32:04 -0400] "GET /wp-content/plugins/pro-elements/modules/notes/database/migrations/?C=N;O=A HTTP/1.0" 429 17 "https://linguareachagency.com/wp-content/plugins/pro-elements/modules/notes/database/migrations/?C=S;O=A" "Mozilla/5.0 AppleWebKit/537.36 (KHTML, like Gecko; compatible; GPTBot/1.3; +https://openai.com/gptbot)"
146.190.84.203 - - [05/Apr/2026:14:32:59 -0400] "POST /xmlrpc.php HTTP/1.0" 200 206 "-" "Mozilla/5.0 (Windows NT 10.0; Win64; x64) AppleWebKit/537.36 (KHTML, like Gecko) Chrome/137.0.0.0 Safari/537.36 Edg/137.0.0.0"
161.178.3.105 - - [05/Apr/2026:14:33:08 -0400] "POST /wp-login.php HTTP/1.0" 200 6464 "-" "Mozilla/5.0"
74.7.227.150 - - [05/Apr/2026:14:33:08 -0400] "GET /wp-content/plugins/elementor/core/common/modules/events-manager/?C=D;O=D HTTP/1.0" 200 407 "https://linguareachagency.com/wp-content/plugins/elementor/core/common/modules/events-manager/?C=D;O=A" "Mozilla/5.0 AppleWebKit/537.36 (KHTML, like Gecko; compatible; GPTBot/1.3; +https://openai.com/gptbot)"
170.64.178.144 - - [05/Apr/2026:14:33:09 -0400] "POST /wp-login.php HTTP/1.0" 200 6464 "-" "Mozilla/5.0"
74.7.227.150 - - [05/Apr/2026:14:34:10 -0400] "GET /wp-content/plugins/pro-elements/modules/notes/database/migrations/?C=S;O=D HTTP/1.0" 200 516 "https://linguareachagency.com/wp-content/plugins/pro-elements/modules/notes/database/migrations/?C=S;O=A" "Mozilla/5.0 AppleWebKit/537.36 (KHTML, like Gecko; compatible; GPTBot/1.3; +https://openai.com/gptbot)"
74.7.227.150 - - [05/Apr/2026:14:35:13 -0400] "GET /wp-content/plugins/pro-elements/modules/forms/submissions/export/?C=N;O=A HTTP/1.0" 200 420 "https://linguareachagency.com/wp-content/plugins/pro-elements/modules/forms/submissions/export/?C=M;O=A" "Mozilla/5.0 AppleWebKit/537.36 (KHTML, like Gecko; compatible; GPTBot/1.3; +https://openai.com/gptbot)"
74.7.227.150 - - [05/Apr/2026:14:35:55 -0400] "GET /wp-content/plugins/pro-elements/modules/forms/submissions/export/?C=M;O=D HTTP/1.0" 200 417 "https://linguareachagency.com/wp-content/plugins/pro-elements/modules/forms/submissions/export/?C=M;O=A" "Mozilla/5.0 AppleWebKit/537.36 (KHTML, like Gecko; compatible; GPTBot/1.3; +https://openai.com/gptbot)"
74.7.227.150 - - [05/Apr/2026:14:36:40 -0400] "GET /wp-content/plugins/pro-elements/modules/notes/database/migrations/?C=D;O=A HTTP/1.0" 200 520 "https://linguareachagency.com/wp-content/plugins/pro-elements/modules/notes/database/migrations/" "Mozilla/5.0 AppleWebKit/537.36 (KHTML, like Gecko; compatible; GPTBot/1.3; +https://openai.com/gptbot)"
74.7.227.150 - - [05/Apr/2026:14:37:23 -0400] "GET /wp-content/plugins/elementor/core/common/modules/events-manager/?C=N;O=A HTTP/1.0" 200 409 "https://linguareachagency.com/wp-content/plugins/elementor/core/common/modules/events-manager/?C=D;O=A" "Mozilla/5.0 AppleWebKit/537.36 (KHTML, like Gecko; compatible; GPTBot/1.3; +https://openai.com/gptbot)"
74.7.227.150 - - [05/Apr/2026:14:37:59 -0400] "GET /wp-content/plugins/pro-elements/modules/forms/submissions/export/?C=D;O=D HTTP/1.0" 200 417 "https://linguareachagency.com/wp-content/plugins/pro-elements/modules/forms/submissions/export/?C=D;O=A" "Mozilla/5.0 AppleWebKit/537.36 (KHTML, like Gecko; compatible; GPTBot/1.3; +https://openai.com/gptbot)"
74.7.227.150 - - [05/Apr/2026:14:38:41 -0400] "GET /wp-content/plugins/elementor/core/common/modules/events-manager/?C=M;O=D HTTP/1.0" 200 407 "https://linguareachagency.com/wp-content/plugins/elementor/core/common/modules/events-manager/?C=M;O=A" "Mozilla/5.0 AppleWebKit/537.36 (KHTML, like Gecko; compatible; GPTBot/1.3; +https://openai.com/gptbot)"
74.7.227.150 - - [05/Apr/2026:14:39:08 -0400] "GET /wp-content/plugins/elementor/assets/js/packages/editor-components/?C=S;O=D HTTP/1.0" 200 486 "https://linguareachagency.com/wp-content/plugins/elementor/assets/js/packages/editor-components/?C=S;O=A" "Mozilla/5.0 AppleWebKit/537.36 (KHTML, like Gecko; compatible; GPTBot/1.3; +https://openai.com/gptbot)"
167.99.125.188 - - [05/Apr/2026:14:39:28 -0400] "POST /wp-login.php HTTP/1.0" 200 6464 "-" "Mozilla/5.0"
74.7.227.150 - - [05/Apr/2026:14:39:32 -0400] "GET /wp-content/plugins/elementor/core/common/modules/events-manager/?C=N;O=D HTTP/1.0" 200 407 "https://linguareachagency.com/wp-content/plugins/elementor/core/common/modules/events-manager/" "Mozilla/5.0 AppleWebKit/537.36 (KHTML, like Gecko; compatible; GPTBot/1.3; +https://openai.com/gptbot)"
217.194.186.233 - - [05/Apr/2026:14:39:36 -0400] "GET /wp-login.php HTTP/1.0" 200 1925 "-" "Mozilla/5.0 (Macintosh; Intel Mac OS X 10_13_4) AppleWebKit/537.36 (KHTML, like Gecko) Chrome/67.0.3396.87 Safari/537.36"
217.194.186.233 - - [05/Apr/2026:14:39:37 -0400] "POST /wp-login.php HTTP/1.0" 200 2060 "https://linguareachagency.com/wp-login.php" "Mozilla/5.0 (Macintosh; Intel Mac OS X 10_13_4) AppleWebKit/537.36 (KHTML, like Gecko) Chrome/67.0.3396.87 Safari/537.36"
74.7.227.150 - - [05/Apr/2026:14:39:57 -0400] "GET /wp-content/plugins/pro-elements/modules/notes/database/migrations/?C=M;O=A HTTP/1.0" 200 520 "https://linguareachagency.com/wp-content/plugins/pro-elements/modules/notes/database/migrations/" "Mozilla/5.0 AppleWebKit/537.36 (KHTML, like Gecko; compatible; GPTBot/1.3; +https://openai.com/gptbot)"
74.7.227.150 - - [05/Apr/2026:14:40:15 -0400] "GET /wp-content/plugins/pro-elements/modules/forms/submissions/export/?C=N;O=D HTTP/1.0" 200 417 "https://linguareachagency.com/wp-content/plugins/pro-elements/modules/forms/submissions/export/" "Mozilla/5.0 AppleWebKit/537.36 (KHTML, like Gecko; compatible; GPTBot/1.3; +https://openai.com/gptbot)"
74.7.227.150 - - [05/Apr/2026:14:40:37 -0400] "GET /wp-content/plugins/pro-elements/modules/notes/database/migrations/add-author-display-name.php HTTP/1.0" 200 - "https://linguareachagency.com/wp-content/plugins/pro-elements/modules/notes/database/migrations/?C=S;O=D" "Mozilla/5.0 AppleWebKit/537.36 (KHTML, like Gecko; compatible; GPTBot/1.3; +https://openai.com/gptbot)"
74.7.227.150 - - [05/Apr/2026:14:40:58 -0400] "GET /wp-content/plugins/pro-elements/modules/notes/database/migrations/?C=N;O=A HTTP/1.0" 200 520 "https://linguareachagency.com/wp-content/plugins/pro-elements/modules/notes/database/migrations/?C=S;O=D" "Mozilla/5.0 AppleWebKit/537.36 (KHTML, like Gecko; compatible; GPTBot/1.3; +https://openai.com/gptbot)"
74.7.227.150 - - [05/Apr/2026:14:41:17 -0400] "GET /wp-content/plugins/pro-elements/modules/forms/submissions/export/?C=S;O=A HTTP/1.0" 200 420 "https://linguareachagency.com/wp-content/plugins/pro-elements/modules/forms/submissions/export/?C=N;O=A" "Mozilla/5.0 AppleWebKit/537.36 (KHTML, like Gecko; compatible; GPTBot/1.3; +https://openai.com/gptbot)"
74.7.227.150 - - [05/Apr/2026:14:41:24 -0400] "GET /wp-content/plugins/elementor/assets/js/packages/editor-components/?C=D;O=A HTTP/1.0" 200 489 "https://linguareachagency.com/wp-content/plugins/elementor/assets/js/packages/editor-components/" "Mozilla/5.0 AppleWebKit/537.36 (KHTML, like Gecko; compatible; GPTBot/1.3; +https://openai.com/gptbot)"
161.178.132.46 - - [05/Apr/2026:14:41:35 -0400] "POST /wp-login.php HTTP/1.0" 200 6464 "-" "Mozilla/5.0"
74.7.227.150 - - [05/Apr/2026:14:41:42 -0400] "GET /wp-content/plugins/pro-elements/modules/notes/database/migrations/?C=D;O=D HTTP/1.0" 200 517 "https://linguareachagency.com/wp-content/plugins/pro-elements/modules/notes/database/migrations/?C=D;O=A" "Mozilla/5.0 AppleWebKit/537.36 (KHTML, like Gecko; compatible; GPTBot/1.3; +https://openai.com/gptbot)"
74.7.227.150 - - [05/Apr/2026:14:41:54 -0400] "GET /wp-content/plugins/elementor/assets/js/packages/editor-components/?C=N;O=A HTTP/1.0" 200 489 "https://linguareachagency.com/wp-content/plugins/elementor/assets/js/packages/editor-components/?C=N;O=D" "Mozilla/5.0 AppleWebKit/537.36 (KHTML, like Gecko; compatible; GPTBot/1.3; +https://openai.com/gptbot)"
74.7.227.150 - - [05/Apr/2026:14:41:58 -0400] "GET /wp-content/plugins/elementor/core/common/modules/events-manager/?C=S;O=A HTTP/1.0" 200 409 "https://linguareachagency.com/wp-content/plugins/elementor/core/common/modules/events-manager/" "Mozilla/5.0 AppleWebKit/537.36 (KHTML, like Gecko; compatible; GPTBot/1.3; +https://openai.com/gptbot)"
74.7.227.150 - - [05/Apr/2026:14:42:06 -0400] "GET /wp-content/plugins/elementor/assets/js/packages/editor-components/?C=M;O=A HTTP/1.0" 429 17 "https://linguareachagency.com/wp-content/plugins/elementor/assets/js/packages/editor-components/" "Mozilla/5.0 AppleWebKit/537.36 (KHTML, like Gecko; compatible; GPTBot/1.3; +https://openai.com/gptbot)"
74.7.227.150 - - [05/Apr/2026:14:42:16 -0400] "GET /wp-content/plugins/elementor/modules/atomic-widgets/database/migrations/?C=N;O=D HTTP/1.0" 429 17 "https://linguareachagency.com/wp-content/plugins/elementor/modules/atomic-widgets/database/migrations/" "Mozilla/5.0 AppleWebKit/537.36 (KHTML, like Gecko; compatible; GPTBot/1.3; +https://openai.com/gptbot)"
74.7.227.150 - - [05/Apr/2026:14:42:44 -0400] "GET /wp-content/plugins/elementor/modules/atomic-widgets/database/migrations/?C=D;O=A HTTP/1.0" 429 17 "https://linguareachagency.com/wp-content/plugins/elementor/modules/atomic-widgets/database/migrations/" "Mozilla/5.0 AppleWebKit/537.36 (KHTML, like Gecko; compatible; GPTBot/1.3; +https://openai.com/gptbot)"
74.7.227.150 - - [05/Apr/2026:14:43:40 -0400] "GET /wp-content/plugins/pro-elements/modules/notes/database/migrations/?C=M;O=D HTTP/1.0" 200 517 "https://linguareachagency.com/wp-content/plugins/pro-elements/modules/notes/database/migrations/?C=M;O=A" "Mozilla/5.0 AppleWebKit/537.36 (KHTML, like Gecko; compatible; GPTBot/1.3; +https://openai.com/gptbot)"
74.7.227.150 - - [05/Apr/2026:14:44:46 -0400] "GET /wp-content/plugins/elementor/modules/atomic-widgets/database/migrations/?C=S;O=A HTTP/1.0" 200 427 "https://linguareachagency.com/wp-content/plugins/elementor/modules/atomic-widgets/database/migrations/" "Mozilla/5.0 AppleWebKit/537.36 (KHTML, like Gecko; compatible; GPTBot/1.3; +https://openai.com/gptbot)"
74.7.227.150 - - [05/Apr/2026:14:45:40 -0400] "GET /wp-content/plugins/elementor/modules/atomic-widgets/database/migrations/?C=M;O=A HTTP/1.0" 200 427 "https://linguareachagency.com/wp-content/plugins/elementor/modules/atomic-widgets/database/migrations/" "Mozilla/5.0 AppleWebKit/537.36 (KHTML, like Gecko; compatible; GPTBot/1.3; +https://openai.com/gptbot)"
178.62.32.109 - - [05/Apr/2026:14:46:00 -0400] "POST /xmlrpc.php HTTP/1.0" 406 300 "-" "Mozilla/5.0 (Windows NT 10.0) AppleWebKit/537.36 (KHTML, like Gecko) Chrome/138.0.0.0 Safari/537.36"
161.178.3.105 - - [05/Apr/2026:14:46:11 -0400] "POST /wp-login.php HTTP/1.0" 200 6464 "-" "Mozilla/5.0"
74.7.227.150 - - [05/Apr/2026:14:46:36 -0400] "GET /wp-content/plugins/elementor/modules/global-classes/database/migrations/?C=N;O=D HTTP/1.0" 200 425 "https://linguareachagency.com/wp-content/plugins/elementor/modules/global-classes/database/migrations/" "Mozilla/5.0 AppleWebKit/537.36 (KHTML, like Gecko; compatible; GPTBot/1.3; +https://openai.com/gptbot)"
170.64.178.144 - - [05/Apr/2026:14:46:53 -0400] "POST /wp-login.php HTTP/1.0" 200 6464 "-" "Mozilla/5.0"
74.7.227.150 - - [05/Apr/2026:14:47:19 -0400] "GET /wp-content/plugins/pro-elements/modules/forms/submissions/export/?C=S;O=D HTTP/1.0" 200 417 "https://linguareachagency.com/wp-content/plugins/pro-elements/modules/forms/submissions/export/?C=S;O=A" "Mozilla/5.0 AppleWebKit/537.36 (KHTML, like Gecko; compatible; GPTBot/1.3; +https://openai.com/gptbot)"
74.7.227.150 - - [05/Apr/2026:14:47:59 -0400] "GET /wp-content/plugins/elementor/modules/global-classes/database/migrations/?C=M;O=A HTTP/1.0" 200 427 "https://linguareachagency.com/wp-content/plugins/elementor/modules/global-classes/database/migrations/" "Mozilla/5.0 AppleWebKit/537.36 (KHTML, like Gecko; compatible; GPTBot/1.3; +https://openai.com/gptbot)"
74.7.227.150 - - [05/Apr/2026:14:48:37 -0400] "GET /wp-content/plugins/elementor/modules/global-classes/database/migrations/?C=S;O=A HTTP/1.0" 200 427 "https://linguareachagency.com/wp-content/plugins/elementor/modules/global-classes/database/migrations/" "Mozilla/5.0 AppleWebKit/537.36 (KHTML, like Gecko; compatible; GPTBot/1.3; +https://openai.com/gptbot)"
74.7.227.150 - - [05/Apr/2026:14:49:08 -0400] "GET /wp-content/plugins/elementor/assets/js/packages/editor-components/?C=D;O=D HTTP/1.0" 200 489 "https://linguareachagency.com/wp-content/plugins/elementor/assets/js/packages/editor-components/?C=D;O=A" "Mozilla/5.0 AppleWebKit/537.36 (KHTML, like Gecko; compatible; GPTBot/1.3; +https://openai.com/gptbot)"
74.7.227.150 - - [05/Apr/2026:14:49:43 -0400] "GET /wp-content/plugins/elementor/core/common/modules/events-manager/?C=S;O=D HTTP/1.0" 200 407 "https://linguareachagency.com/wp-content/plugins/elementor/core/common/modules/events-manager/?C=S;O=A" "Mozilla/5.0 AppleWebKit/537.36 (KHTML, like Gecko; compatible; GPTBot/1.3; +https://openai.com/gptbot)"
74.7.227.150 - - [05/Apr/2026:14:50:09 -0400] "GET /wp-content/plugins/elementor/modules/global-classes/database/migrations/?C=D;O=A HTTP/1.0" 200 427 "https://linguareachagency.com/wp-content/plugins/elementor/modules/global-classes/database/migrations/" "Mozilla/5.0 AppleWebKit/537.36 (KHTML, like Gecko; compatible; GPTBot/1.3; +https://openai.com/gptbot)"
74.7.227.150 - - [05/Apr/2026:14:50:40 -0400] "GET /wp-content/plugins/elementor/modules/global-classes/import-export-customization/runners/?C=D;O=D HTTP/1.0" 200 442 "https://linguareachagency.com/wp-content/plugins/elementor/modules/global-classes/import-export-customization/runners/?C=D;O=A" "Mozilla/5.0 AppleWebKit/537.36 (KHTML, like Gecko; compatible; GPTBot/1.3; +https://openai.com/gptbot)"
74.7.227.150 - - [05/Apr/2026:14:50:54 -0400] "GET /wp-content/plugins/elementor/app/modules/kit-library/data/kits/endpoints/?C=D;O=D HTTP/1.0" 200 449 "https://linguareachagency.com/wp-content/plugins/elementor/app/modules/kit-library/data/kits/endpoints/?C=D;O=A" "Mozilla/5.0 AppleWebKit/537.36 (KHTML, like Gecko; compatible; GPTBot/1.3; +https://openai.com/gptbot)"
167.99.125.188 - - [05/Apr/2026:14:51:18 -0400] "POST /wp-login.php HTTP/1.0" 200 6464 "-" "Mozilla/5.0"
74.7.227.150 - - [05/Apr/2026:14:51:21 -0400] "GET /wp-content/plugins/elementor/modules/atomic-widgets/database/migrations/add-capabilities.php HTTP/1.0" 500 - "https://linguareachagency.com/wp-content/plugins/elementor/modules/atomic-widgets/database/migrations/?C=S;O=A" "Mozilla/5.0 AppleWebKit/537.36 (KHTML, like Gecko; compatible; GPTBot/1.3; +https://openai.com/gptbot)"
161.178.132.46 - - [05/Apr/2026:14:51:28 -0400] "POST /wp-login.php HTTP/1.0" 200 6464 "-" "Mozilla/5.0"
74.7.227.150 - - [05/Apr/2026:14:51:35 -0400] "GET /wp-content/plugins/elementor/modules/atomic-widgets/database/migrations/?C=M;O=D HTTP/1.0" 200 425 "https://linguareachagency.com/wp-content/plugins/elementor/modules/atomic-widgets/database/migrations/?C=M;O=A" "Mozilla/5.0 AppleWebKit/537.36 (KHTML, like Gecko; compatible; GPTBot/1.3; +https://openai.com/gptbot)"
74.7.227.150 - - [05/Apr/2026:14:52:28 -0400] "GET /wp-content/plugins/elementor/modules/global-classes/database/migrations/add-capabilities.php HTTP/1.0" 500 - "https://linguareachagency.com/wp-content/plugins/elementor/modules/global-classes/database/migrations/?C=N;O=D" "Mozilla/5.0 AppleWebKit/537.36 (KHTML, like Gecko; compatible; GPTBot/1.3; +https://openai.com/gptbot)"
74.7.227.150 - - [05/Apr/2026:14:53:23 -0400] "GET /wp-content/plugins/elementor/modules/atomic-widgets/database/migrations/?C=N;O=A HTTP/1.0" 200 427 "https://linguareachagency.com/wp-content/plugins/elementor/modules/atomic-widgets/database/migrations/?C=S;O=A" "Mozilla/5.0 AppleWebKit/537.36 (KHTML, like Gecko; compatible; GPTBot/1.3; +https://openai.com/gptbot)"
74.7.227.150 - - [05/Apr/2026:14:54:20 -0400] "GET /wp-content/plugins/elementor/modules/global-classes/database/migrations/?C=M;O=D HTTP/1.0" 200 425 "https://linguareachagency.com/wp-content/plugins/elementor/modules/global-classes/database/migrations/?C=M;O=A" "Mozilla/5.0 AppleWebKit/537.36 (KHTML, like Gecko; compatible; GPTBot/1.3; +https://openai.com/gptbot)"
74.7.227.150 - - [05/Apr/2026:14:55:17 -0400] "GET /wp-content/plugins/elementor/modules/global-classes/database/migrations/?C=N;O=A HTTP/1.0" 200 427 "https://linguareachagency.com/wp-content/plugins/elementor/modules/global-classes/database/migrations/?C=N;O=D" "Mozilla/5.0 AppleWebKit/537.36 (KHTML, like Gecko; compatible; GPTBot/1.3; +https://openai.com/gptbot)"
74.7.227.150 - - [05/Apr/2026:14:56:04 -0400] "GET /wp-content/plugins/elementor/assets/js/packages/editor-components/?C=M;O=A HTTP/1.0" 200 490 "https://linguareachagency.com/wp-content/plugins/elementor/assets/js/packages/editor-components/?C=D;O=D" "Mozilla/5.0 AppleWebKit/537.36 (KHTML, like Gecko; compatible; GPTBot/1.3; +https://openai.com/gptbot)"
74.7.227.150 - - [05/Apr/2026:14:56:48 -0400] "GET /wp-content/plugins/elementor/modules/global-classes/database/migrations/?C=S;O=D HTTP/1.0" 200 425 "https://linguareachagency.com/wp-content/plugins/elementor/modules/global-classes/database/migrations/?C=S;O=A" "Mozilla/5.0 AppleWebKit/537.36 (KHTML, like Gecko; compatible; GPTBot/1.3; +https://openai.com/gptbot)"
74.7.227.150 - - [05/Apr/2026:14:57:28 -0400] "GET /wp-content/plugins/elementor/modules/atomic-widgets/database/migrations/?C=D;O=A HTTP/1.0" 200 427 "https://linguareachagency.com/wp-content/plugins/elementor/modules/atomic-widgets/database/migrations/?C=S;O=A" "Mozilla/5.0 AppleWebKit/537.36 (KHTML, like Gecko; compatible; GPTBot/1.3; +https://openai.com/gptbot)"
74.7.227.150 - - [05/Apr/2026:14:58:04 -0400] "GET /wp-content/plugins/elementor/modules/global-classes/database/migrations/?C=D;O=D HTTP/1.0" 200 425 "https://linguareachagency.com/wp-content/plugins/elementor/modules/global-classes/database/migrations/?C=D;O=A" "Mozilla/5.0 AppleWebKit/537.36 (KHTML, like Gecko; compatible; GPTBot/1.3; +https://openai.com/gptbot)"
74.7.227.150 - - [05/Apr/2026:14:58:39 -0400] "GET /wp-content/plugins/elementor/modules/atomic-widgets/database/migrations/?C=S;O=D HTTP/1.0" 200 425 "https://linguareachagency.com/wp-content/plugins/elementor/modules/atomic-widgets/database/migrations/?C=S;O=A" "Mozilla/5.0 AppleWebKit/537.36 (KHTML, like Gecko; compatible; GPTBot/1.3; +https://openai.com/gptbot)"
57.141.6.72 - - [05/Apr/2026:14:58:54 -0400] "GET /services/ HTTP/1.0" 200 118522 "-" "meta-externalagent/1.1 (+https://developers.facebook.com/docs/sharing/webmasters/crawler)"
161.178.3.105 - - [05/Apr/2026:14:59:02 -0400] "POST /wp-login.php HTTP/1.0" 200 6464 "-" "Mozilla/5.0"
74.7.227.150 - - [05/Apr/2026:14:59:11 -0400] "GET /wp-content/plugins/pro-elements/modules/dynamic-tags/?C=D;O=A HTTP/1.0" 200 473 "https://linguareachagency.com/wp-content/plugins/pro-elements/modules/dynamic-tags/" "Mozilla/5.0 AppleWebKit/537.36 (KHTML, like Gecko; compatible; GPTBot/1.3; +https://openai.com/gptbot)"
74.7.227.150 - - [05/Apr/2026:14:59:34 -0400] "GET /wp-content/plugins/pro-elements/modules/dynamic-tags/?C=S;O=A HTTP/1.0" 200 471 "https://linguareachagency.com/wp-content/plugins/pro-elements/modules/dynamic-tags/" "Mozilla/5.0 AppleWebKit/537.36 (KHTML, like Gecko; compatible; GPTBot/1.3; +https://openai.com/gptbot)"
74.7.227.150 - - [05/Apr/2026:15:00:00 -0400] "GET /wp-content/plugins/pro-elements/modules/dynamic-tags/?C=M;O=A HTTP/1.0" 200 473 "https://linguareachagency.com/wp-content/plugins/pro-elements/modules/dynamic-tags/" "Mozilla/5.0 AppleWebKit/537.36 (KHTML, like Gecko; compatible; GPTBot/1.3; +https://openai.com/gptbot)"
170.64.178.144 - - [05/Apr/2026:15:00:21 -0400] "POST /wp-login.php HTTP/1.0" 200 6464 "-" "Mozilla/5.0"
74.7.227.150 - - [05/Apr/2026:15:00:29 -0400] "GET /wp-content/plugins/elementor/modules/atomic-widgets/database/migrations/?C=N;O=D HTTP/1.0" 200 425 "https://linguareachagency.com/wp-content/plugins/elementor/modules/atomic-widgets/database/migrations/?C=N;O=A" "Mozilla/5.0 AppleWebKit/537.36 (KHTML, like Gecko; compatible; GPTBot/1.3; +https://openai.com/gptbot)"
74.7.227.150 - - [05/Apr/2026:15:00:42 -0400] "GET /wp-content/plugins/pro-elements/modules/dynamic-tags/?C=N;O=D HTTP/1.0" 200 472 "https://linguareachagency.com/wp-content/plugins/pro-elements/modules/dynamic-tags/" "Mozilla/5.0 AppleWebKit/537.36 (KHTML, like Gecko; compatible; GPTBot/1.3; +https://openai.com/gptbot)"
74.7.227.150 - - [05/Apr/2026:15:00:59 -0400] "GET /wp-content/plugins/elementor/assets/js/packages/editor-responsive/?C=D;O=A HTTP/1.0" 200 490 "https://linguareachagency.com/wp-content/plugins/elementor/assets/js/packages/editor-responsive/" "Mozilla/5.0 AppleWebKit/537.36 (KHTML, like Gecko; compatible; GPTBot/1.3; +https://openai.com/gptbot)"
74.7.227.150 - - [05/Apr/2026:15:01:15 -0400] "GET /wp-content/plugins/elementor/modules/checklist/data/endpoints/?C=M;O=A HTTP/1.0" 200 437 "https://linguareachagency.com/wp-content/plugins/elementor/modules/checklist/data/endpoints/" "Mozilla/5.0 AppleWebKit/537.36 (KHTML, like Gecko; compatible; GPTBot/1.3; +https://openai.com/gptbot)"
74.7.227.150 - - [05/Apr/2026:15:01:33 -0400] "GET /wp-content/plugins/elementor/assets/js/packages/editor-components/?C=M;O=D HTTP/1.0" 200 489 "https://linguareachagency.com/wp-content/plugins/elementor/assets/js/packages/editor-components/?C=M;O=A" "Mozilla/5.0 AppleWebKit/537.36 (KHTML, like Gecko; compatible; GPTBot/1.3; +https://openai.com/gptbot)"
161.178.132.46 - - [05/Apr/2026:15:01:43 -0400] "POST /wp-login.php HTTP/1.0" 200 6464 "-" "Mozilla/5.0"
74.7.227.150 - - [05/Apr/2026:15:01:44 -0400] "GET /wp-content/plugins/elementor/modules/atomic-widgets/database/migrations/?C=D;O=D HTTP/1.0" 200 425 "https://linguareachagency.com/wp-content/plugins/elementor/modules/atomic-widgets/database/migrations/?C=D;O=A" "Mozilla/5.0 AppleWebKit/537.36 (KHTML, like Gecko; compatible; GPTBot/1.3; +https://openai.com/gptbot)"
74.7.227.150 - - [05/Apr/2026:15:02:00 -0400] "GET /wp-content/plugins/elementor/modules/checklist/data/endpoints/?C=D;O=A HTTP/1.0" 200 437 "https://linguareachagency.com/wp-content/plugins/elementor/modules/checklist/data/endpoints/" "Mozilla/5.0 AppleWebKit/537.36 (KHTML, like Gecko; compatible; GPTBot/1.3; +https://openai.com/gptbot)"
74.7.227.150 - - [05/Apr/2026:15:02:09 -0400] "GET /wp-content/plugins/elementor/modules/checklist/data/endpoints/?C=N;O=D HTTP/1.0" 200 433 "https://linguareachagency.com/wp-content/plugins/elementor/modules/checklist/data/endpoints/" "Mozilla/5.0 AppleWebKit/537.36 (KHTML, like Gecko; compatible; GPTBot/1.3; +https://openai.com/gptbot)"
15.253.24.82 - - [05/Apr/2026:15:02:18 -0400] "POST /wp-login.php HTTP/1.0" 200 6464 "-" "Mozilla/5.0"
74.7.227.150 - - [05/Apr/2026:15:02:19 -0400] "GET /wp-content/plugins/elementor/assets/js/packages/editor-responsive/?C=S;O=A HTTP/1.0" 200 493 "https://linguareachagency.com/wp-content/plugins/elementor/assets/js/packages/editor-responsive/" "Mozilla/5.0 AppleWebKit/537.36 (KHTML, like Gecko; compatible; GPTBot/1.3; +https://openai.com/gptbot)"
74.7.227.150 - - [05/Apr/2026:15:02:23 -0400] "GET /wp-content/plugins/pro-elements/modules/dynamic-tags/tags/ HTTP/1.0" 200 989 "https://linguareachagency.com/wp-content/plugins/pro-elements/modules/dynamic-tags/?C=D;O=A" "Mozilla/5.0 AppleWebKit/537.36 (KHTML, like Gecko; compatible; GPTBot/1.3; +https://openai.com/gptbot)"
185.199.223.27 - - [05/Apr/2026:15:02:33 -0400] "POST /xmlrpc.php HTTP/1.0" 200 206 "-" "Mozilla/5.0 (Windows NT 10.0; Win64; x64) AppleWebKit/537.36 (KHTML, like Gecko) Chrome/139.0.0.0 Safari/537.36 Edg/139.0.0.0"
74.7.227.150 - - [05/Apr/2026:15:02:35 -0400] "GET /wp-content/plugins/pro-elements/modules/dynamic-tags/?C=D;O=D HTTP/1.0" 200 472 "https://linguareachagency.com/wp-content/plugins/pro-elements/modules/dynamic-tags/?C=D;O=A" "Mozilla/5.0 AppleWebKit/537.36 (KHTML, like Gecko; compatible; GPTBot/1.3; +https://openai.com/gptbot)"
74.7.227.150 - - [05/Apr/2026:15:02:40 -0400] "GET /wp-content/plugins/pro-elements/modules/dynamic-tags/?C=N;O=A HTTP/1.0" 200 473 "https://linguareachagency.com/wp-content/plugins/pro-elements/modules/dynamic-tags/?C=D;O=A" "Mozilla/5.0 AppleWebKit/537.36 (KHTML, like Gecko; compatible; GPTBot/1.3; +https://openai.com/gptbot)"
74.7.227.150 - - [05/Apr/2026:15:02:44 -0400] "GET /wp-content/plugins/pro-elements/modules/dynamic-tags/?C=M;O=D HTTP/1.0" 200 472 "https://linguareachagency.com/wp-content/plugins/pro-elements/modules/dynamic-tags/?C=M;O=A" "Mozilla/5.0 AppleWebKit/537.36 (KHTML, like Gecko; compatible; GPTBot/1.3; +https://openai.com/gptbot)"
167.99.125.188 - - [05/Apr/2026:15:02:49 -0400] "POST /wp-login.php HTTP/1.0" 200 6464 "-" "Mozilla/5.0"
74.7.227.150 - - [05/Apr/2026:15:02:50 -0400] "GET /wp-content/plugins/pro-elements/modules/dynamic-tags/?C=S;O=D HTTP/1.0" 429 17 "https://linguareachagency.com/wp-content/plugins/pro-elements/modules/dynamic-tags/?C=S;O=A" "Mozilla/5.0 AppleWebKit/537.36 (KHTML, like Gecko; compatible; GPTBot/1.3; +https://openai.com/gptbot)"
74.7.227.150 - - [05/Apr/2026:15:03:00 -0400] "GET /wp-content/plugins/elementor/assets/js/packages/editor-responsive/editor-responsive.strings.js HTTP/1.0" 429 17 "https://linguareachagency.com/wp-content/plugins/elementor/assets/js/packages/editor-responsive/?C=D;O=A" "Mozilla/5.0 AppleWebKit/537.36 (KHTML, like Gecko; compatible; GPTBot/1.3; +https://openai.com/gptbot)"
74.7.227.150 - - [05/Apr/2026:15:03:10 -0400] "GET /wp-content/plugins/elementor/assets/js/packages/editor-responsive/?C=D;O=D HTTP/1.0" 429 17 "https://linguareachagency.com/wp-content/plugins/elementor/assets/js/packages/editor-responsive/?C=D;O=A" "Mozilla/5.0 AppleWebKit/537.36 (KHTML, like Gecko; compatible; GPTBot/1.3; +https://openai.com/gptbot)"
74.7.227.150 - - [05/Apr/2026:15:03:59 -0400] "GET /wp-content/plugins/elementor/assets/js/packages/editor-responsive/?C=N;O=A HTTP/1.0" 429 17 "https://linguareachagency.com/wp-content/plugins/elementor/assets/js/packages/editor-responsive/?C=D;O=A" "Mozilla/5.0 AppleWebKit/537.36 (KHTML, like Gecko; compatible; GPTBot/1.3; +https://openai.com/gptbot)"
74.7.227.150 - - [05/Apr/2026:15:04:58 -0400] "GET /wp-content/plugins/elementor/modules/checklist/data/endpoints/?C=M;O=D HTTP/1.0" 429 17 "https://linguareachagency.com/wp-content/plugins/elementor/modules/checklist/data/endpoints/?C=M;O=A" "Mozilla/5.0 AppleWebKit/537.36 (KHTML, like Gecko; compatible; GPTBot/1.3; +https://openai.com/gptbot)"
74.7.227.150 - - [05/Apr/2026:15:06:04 -0400] "GET /wp-content/plugins/elementor/modules/checklist/data/endpoints/?C=D;O=D HTTP/1.0" 200 433 "https://linguareachagency.com/wp-content/plugins/elementor/modules/checklist/data/endpoints/?C=D;O=A" "Mozilla/5.0 AppleWebKit/537.36 (KHTML, like Gecko; compatible; GPTBot/1.3; +https://openai.com/gptbot)"
204.48.18.182 - - [05/Apr/2026:15:06:13 -0400] "POST /xmlrpc.php HTTP/1.0" 200 206 "-" "Mozilla/5.0 (Windows NT 10.0) AppleWebKit/537.43 (KHTML, like Gecko) Chrome/137.0.0.0 Safari/537.36 OPR/121.0.0.0"
74.7.227.150 - - [05/Apr/2026:15:07:07 -0400] "GET /wp-content/plugins/elementor/modules/checklist/data/endpoints/?C=N;O=A HTTP/1.0" 200 437 "https://linguareachagency.com/wp-content/plugins/elementor/modules/checklist/data/endpoints/?C=M;O=A" "Mozilla/5.0 AppleWebKit/537.36 (KHTML, like Gecko; compatible; GPTBot/1.3; +https://openai.com/gptbot)"
74.7.227.150 - - [05/Apr/2026:15:08:18 -0400] "GET /wp-content/plugins/elementor/assets/js/packages/editor-responsive/?C=M;O=A HTTP/1.0" 200 490 "https://linguareachagency.com/wp-content/plugins/elementor/assets/js/packages/editor-responsive/" "Mozilla/5.0 AppleWebKit/537.36 (KHTML, like Gecko; compatible; GPTBot/1.3; +https://openai.com/gptbot)"
185.209.196.151 - - [05/Apr/2026:15:08:49 -0400] "GET /wp-content/plugins/woocommerce/readme.txt HTTP/1.0" 404 29729 "-" "Mozilla/5.0 (Macintosh; Intel Mac OS X 10_15_7) AppleWebKit/605.1.15 (KHTML, like Gecko) Version/17.4.1 Safari/605.4.24"
74.7.227.150 - - [05/Apr/2026:15:09:06 -0400] "GET /wp-content/plugins/elementor/assets/js/packages/editor-responsive/?C=N;O=D HTTP/1.0" 200 490 "https://linguareachagency.com/wp-content/plugins/elementor/assets/js/packages/editor-responsive/" "Mozilla/5.0 AppleWebKit/537.36 (KHTML, like Gecko; compatible; GPTBot/1.3; +https://openai.com/gptbot)"
74.7.227.150 - - [05/Apr/2026:15:09:51 -0400] "GET /wp-content/plugins/elementor/modules/checklist/data/endpoints/?C=S;O=A HTTP/1.0" 200 435 "https://linguareachagency.com/wp-content/plugins/elementor/modules/checklist/data/endpoints/" "Mozilla/5.0 AppleWebKit/537.36 (KHTML, like Gecko; compatible; GPTBot/1.3; +https://openai.com/gptbot)"
74.7.227.150 - - [05/Apr/2026:15:10:27 -0400] "GET /wp-content/plugins/elementor/assets/js/packages/editor-responsive/?C=S;O=D HTTP/1.0" 200 486 "https://linguareachagency.com/wp-content/plugins/elementor/assets/js/packages/editor-responsive/?C=S;O=A" "Mozilla/5.0 AppleWebKit/537.36 (KHTML, like Gecko; compatible; GPTBot/1.3; +https://openai.com/gptbot)"
74.7.227.150 - - [05/Apr/2026:15:11:08 -0400] "GET /wp-content/plugins/pro-elements/modules/display-conditions/classes/?C=M;O=A HTTP/1.0" 200 545 "https://linguareachagency.com/wp-content/plugins/pro-elements/modules/display-conditions/classes/" "Mozilla/5.0 AppleWebKit/537.36 (KHTML, like Gecko; compatible; GPTBot/1.3; +https://openai.com/gptbot)"
161.178.3.105 - - [05/Apr/2026:15:11:21 -0400] "POST /wp-login.php HTTP/1.0" 200 6464 "-" "Mozilla/5.0"
74.7.227.150 - - [05/Apr/2026:15:11:34 -0400] "GET /wp-content/plugins/pro-elements/modules/dynamic-tags/tags/comments-url.php HTTP/1.0" 200 - "https://linguareachagency.com/wp-content/plugins/pro-elements/modules/dynamic-tags/tags/" "Mozilla/5.0 AppleWebKit/537.36 (KHTML, like Gecko; compatible; GPTBot/1.3; +https://openai.com/gptbot)"
161.178.132.46 - - [05/Apr/2026:15:11:41 -0400] "POST /wp-login.php HTTP/1.0" 200 6464 "-" "Mozilla/5.0"
74.7.227.150 - - [05/Apr/2026:15:12:05 -0400] "GET /wp-content/plugins/pro-elements/modules/dynamic-tags/tags/internal-url.php HTTP/1.0" 200 - "https://linguareachagency.com/wp-content/plugins/pro-elements/modules/dynamic-tags/tags/" "Mozilla/5.0 AppleWebKit/537.36 (KHTML, like Gecko; compatible; GPTBot/1.3; +https://openai.com/gptbot)"
74.7.227.150 - - [05/Apr/2026:15:12:38 -0400] "GET /wp-content/plugins/pro-elements/modules/dynamic-tags/tags/site-url.php HTTP/1.0" 200 - "https://linguareachagency.com/wp-content/plugins/pro-elements/modules/dynamic-tags/tags/" "Mozilla/5.0 AppleWebKit/537.36 (KHTML, like Gecko; compatible; GPTBot/1.3; +https://openai.com/gptbot)"
74.7.227.150 - - [05/Apr/2026:15:12:57 -0400] "GET /wp-content/plugins/pro-elements/modules/dynamic-tags/tags/contact-url.php HTTP/1.0" 200 - "https://linguareachagency.com/wp-content/plugins/pro-elements/modules/dynamic-tags/tags/" "Mozilla/5.0 AppleWebKit/537.36 (KHTML, like Gecko; compatible; GPTBot/1.3; +https://openai.com/gptbot)"
74.7.227.150 - - [05/Apr/2026:15:13:19 -0400] "GET /wp-content/plugins/pro-elements/modules/dynamic-tags/tags/comments-number.php HTTP/1.0" 200 - "https://linguareachagency.com/wp-content/plugins/pro-elements/modules/dynamic-tags/tags/" "Mozilla/5.0 AppleWebKit/537.36 (KHTML, like Gecko; compatible; GPTBot/1.3; +https://openai.com/gptbot)"
74.7.227.150 - - [05/Apr/2026:15:13:39 -0400] "GET /wp-content/plugins/pro-elements/modules/dynamic-tags/tags/archive-url.php HTTP/1.0" 200 - "https://linguareachagency.com/wp-content/plugins/pro-elements/modules/dynamic-tags/tags/" "Mozilla/5.0 AppleWebKit/537.36 (KHTML, like Gecko; compatible; GPTBot/1.3; +https://openai.com/gptbot)"
170.64.178.144 - - [05/Apr/2026:15:13:39 -0400] "POST /wp-login.php HTTP/1.0" 200 6464 "-" "Mozilla/5.0"
74.7.227.150 - - [05/Apr/2026:15:13:59 -0400] "GET /wp-content/plugins/elementor/assets/js/packages/editor-responsive/editor-responsive.strings.js HTTP/1.0" 200 29 "https://linguareachagency.com/wp-content/plugins/elementor/assets/js/packages/editor-responsive/?C=M;O=A" "Mozilla/5.0 AppleWebKit/537.36 (KHTML, like Gecko; compatible; GPTBot/1.3; +https://openai.com/gptbot)"
74.7.227.150 - - [05/Apr/2026:15:14:17 -0400] "GET /wp-content/plugins/pro-elements/modules/dynamic-tags/tags/author-url.php HTTP/1.0" 200 - "https://linguareachagency.com/wp-content/plugins/pro-elements/modules/dynamic-tags/tags/" "Mozilla/5.0 AppleWebKit/537.36 (KHTML, like Gecko; compatible; GPTBot/1.3; +https://openai.com/gptbot)"
167.99.125.188 - - [05/Apr/2026:15:14:19 -0400] "POST /wp-login.php HTTP/1.0" 200 6464 "-" "Mozilla/5.0"
74.7.227.150 - - [05/Apr/2026:15:14:32 -0400] "GET /wp-content/plugins/pro-elements/modules/dynamic-tags/tags/post-excerpt.php HTTP/1.0" 200 - "https://linguareachagency.com/wp-content/plugins/pro-elements/modules/dynamic-tags/tags/" "Mozilla/5.0 AppleWebKit/537.36 (KHTML, like Gecko; compatible; GPTBot/1.3; +https://openai.com/gptbot)"
74.7.227.150 - - [05/Apr/2026:15:14:50 -0400] "GET /wp-content/plugins/pro-elements/modules/dynamic-tags/tags/shortcode.php HTTP/1.0" 200 - "https://linguareachagency.com/wp-content/plugins/pro-elements/modules/dynamic-tags/tags/" "Mozilla/5.0 AppleWebKit/537.36 (KHTML, like Gecko; compatible; GPTBot/1.3; +https://openai.com/gptbot)"
74.7.227.150 - - [05/Apr/2026:15:14:54 -0400] "GET /wp-content/plugins/pro-elements/modules/dynamic-tags/tags/request-parameter.php HTTP/1.0" 200 - "https://linguareachagency.com/wp-content/plugins/pro-elements/modules/dynamic-tags/tags/" "Mozilla/5.0 AppleWebKit/537.36 (KHTML, like Gecko; compatible; GPTBot/1.3; +https://openai.com/gptbot)"
74.7.227.150 - - [05/Apr/2026:15:15:11 -0400] "GET /wp-content/plugins/pro-elements/modules/display-conditions/classes/cache-notice.php HTTP/1.0" 200 - "https://linguareachagency.com/wp-content/plugins/pro-elements/modules/display-conditions/classes/?C=M;O=A" "Mozilla/5.0 AppleWebKit/537.36 (KHTML, like Gecko; compatible; GPTBot/1.3; +https://openai.com/gptbot)"
74.7.227.150 - - [05/Apr/2026:15:15:15 -0400] "GET /wp-content/plugins/pro-elements/modules/display-conditions/classes/comparator-provider.php HTTP/1.0" 200 - "https://linguareachagency.com/wp-content/plugins/pro-elements/modules/display-conditions/classes/?C=M;O=A" "Mozilla/5.0 AppleWebKit/537.36 (KHTML, like Gecko; compatible; GPTBot/1.3; +https://openai.com/gptbot)"
74.7.227.150 - - [05/Apr/2026:15:15:32 -0400] "GET /wp-content/plugins/pro-elements/modules/dynamic-tags/tags/reload-page.php HTTP/1.0" 429 17 "https://linguareachagency.com/wp-content/plugins/pro-elements/modules/dynamic-tags/tags/" "Mozilla/5.0 AppleWebKit/537.36 (KHTML, like Gecko; compatible; GPTBot/1.3; +https://openai.com/gptbot)"
74.7.227.150 - - [05/Apr/2026:15:15:35 -0400] "GET /wp-content/plugins/pro-elements/modules/dynamic-tags/tags/page-title.php HTTP/1.0" 429 17 "https://linguareachagency.com/wp-content/plugins/pro-elements/modules/dynamic-tags/tags/" "Mozilla/5.0 AppleWebKit/537.36 (KHTML, like Gecko; compatible; GPTBot/1.3; +https://openai.com/gptbot)"
74.7.227.150 - - [05/Apr/2026:15:16:00 -0400] "GET /wp-content/plugins/pro-elements/modules/dynamic-tags/tags/featured-image-data.php HTTP/1.0" 429 17 "https://linguareachagency.com/wp-content/plugins/pro-elements/modules/dynamic-tags/tags/" "Mozilla/5.0 AppleWebKit/537.36 (KHTML, like Gecko; compatible; GPTBot/1.3; +https://openai.com/gptbot)"
143.244.47.83 - - [05/Apr/2026:15:16:31 -0400] "GET / HTTP/1.0" 200 33241 "-" "Mozilla/5.0 (Windows NT 10.0; Win64; x64) AppleWebKit/537.36 (KHTML, like Gecko) Chrome/124.0.0.0 Safari/537.36"
143.244.47.83 - - [05/Apr/2026:15:16:32 -0400] "GET /wp-includes/js/jquery/jquery.min.js?ver=3.7.1 HTTP/1.0" 200 30368 "https://linguareachagency.com/" "Mozilla/5.0 (Windows NT 10.0; Win64; x64) AppleWebKit/537.36 (KHTML, like Gecko) Chrome/124.0.0.0 Safari/537.36"
143.244.47.83 - - [05/Apr/2026:15:16:32 -0400] "GET /wp-includes/js/dist/i18n.min.js?ver=c26c3dc7bed366793375 HTTP/1.0" 200 2229 "https://linguareachagency.com/" "Mozilla/5.0 (Windows NT 10.0; Win64; x64) AppleWebKit/537.36 (KHTML, like Gecko) Chrome/124.0.0.0 Safari/537.36"
143.244.47.83 - - [05/Apr/2026:15:16:32 -0400] "GET /wp-includes/js/dist/hooks.min.js?ver=dd5603f07f9220ed27f1 HTTP/1.0" 200 1941 "https://linguareachagency.com/" "Mozilla/5.0 (Windows NT 10.0; Win64; x64) AppleWebKit/537.36 (KHTML, like Gecko) Chrome/124.0.0.0 Safari/537.36"
143.244.47.83 - - [05/Apr/2026:15:16:32 -0400] "GET /wp-content/plugins/elementor/assets/js/webpack.runtime.min.js?ver=3.33.3 HTTP/1.0" 200 2482 "https://linguareachagency.com/" "Mozilla/5.0 (Windows NT 10.0; Win64; x64) AppleWebKit/537.36 (KHTML, like Gecko) Chrome/124.0.0.0 Safari/537.36"
143.244.47.83 - - [05/Apr/2026:15:16:32 -0400] "GET /wp-includes/js/jquery/ui/core.min.js?ver=1.13.3 HTTP/1.0" 200 7106 "https://linguareachagency.com/" "Mozilla/5.0 (Windows NT 10.0; Win64; x64) AppleWebKit/537.36 (KHTML, like Gecko) Chrome/124.0.0.0 Safari/537.36"
143.244.47.83 - - [05/Apr/2026:15:16:32 -0400] "GET /wp-content/plugins/cookieadmin/assets/js/consent.js?ver=1.1.4 HTTP/1.0" 200 4722 "https://linguareachagency.com/" "Mozilla/5.0 (Windows NT 10.0; Win64; x64) AppleWebKit/537.36 (KHTML, like Gecko) Chrome/124.0.0.0 Safari/537.36"
143.244.47.83 - - [05/Apr/2026:15:16:32 -0400] "GET /wp-content/plugins/cookieadmin-pro/assets/js/consent.js?ver=1.1.4 HTTP/1.0" 200 612 "https://linguareachagency.com/" "Mozilla/5.0 (Windows NT 10.0; Win64; x64) AppleWebKit/537.36 (KHTML, like Gecko) Chrome/124.0.0.0 Safari/537.36"
143.244.47.83 - - [05/Apr/2026:15:16:32 -0400] "GET /wp-includes/js/jquery/jquery-migrate.min.js?ver=3.4.1 HTTP/1.0" 200 4872 "https://linguareachagency.com/" "Mozilla/5.0 (Windows NT 10.0; Win64; x64) AppleWebKit/537.36 (KHTML, like Gecko) Chrome/124.0.0.0 Safari/537.36"
143.244.47.83 - - [05/Apr/2026:15:16:32 -0400] "GET /wp-content/plugins/pro-elements/assets/js/elements-handlers.min.js?ver=3.33.1 HTTP/1.0" 200 10571 "https://linguareachagency.com/" "Mozilla/5.0 (Windows NT 10.0; Win64; x64) AppleWebKit/537.36 (KHTML, like Gecko) Chrome/124.0.0.0 Safari/537.36"
143.244.47.83 - - [05/Apr/2026:15:16:32 -0400] "GET /wp-content/plugins/pro-elements/assets/js/webpack-pro.runtime.min.js?ver=3.33.1 HTTP/1.0" 200 2857 "https://linguareachagency.com/" "Mozilla/5.0 (Windows NT 10.0; Win64; x64) AppleWebKit/537.36 (KHTML, like Gecko) Chrome/124.0.0.0 Safari/537.36"
143.244.47.83 - - [05/Apr/2026:15:16:32 -0400] "GET /wp-content/plugins/elementor/assets/js/frontend.min.js?ver=3.33.3 HTTP/1.0" 200 10325 "https://linguareachagency.com/" "Mozilla/5.0 (Windows NT 10.0; Win64; x64) AppleWebKit/537.36 (KHTML, like Gecko) Chrome/124.0.0.0 Safari/537.36"
143.244.47.83 - - [05/Apr/2026:15:16:32 -0400] "GET /wp-content/plugins/pro-elements/assets/js/frontend.min.js?ver=3.33.1 HTTP/1.0" 200 6435 "https://linguareachagency.com/" "Mozilla/5.0 (Windows NT 10.0; Win64; x64) AppleWebKit/537.36 (KHTML, like Gecko) Chrome/124.0.0.0 Safari/537.36"
143.244.47.83 - - [05/Apr/2026:15:16:32 -0400] "GET /wp-content/plugins/elementor/assets/js/frontend-modules.min.js?ver=3.33.3 HTTP/1.0" 200 25268 "https://linguareachagency.com/" "Mozilla/5.0 (Windows NT 10.0; Win64; x64) AppleWebKit/537.36 (KHTML, like Gecko) Chrome/124.0.0.0 Safari/537.36"
143.244.47.83 - - [05/Apr/2026:15:16:32 -0400] "GET /about HTTP/1.0" 301 - "https://linguareachagency.com/" "Mozilla/5.0 (Windows NT 10.0; Win64; x64) AppleWebKit/537.36 (KHTML, like Gecko) Chrome/124.0.0.0 Safari/537.36"
143.244.47.83 - - [05/Apr/2026:15:16:32 -0400] "GET /services HTTP/1.0" 301 - "https://linguareachagency.com/" "Mozilla/5.0 (Windows NT 10.0; Win64; x64) AppleWebKit/537.36 (KHTML, like Gecko) Chrome/124.0.0.0 Safari/537.36"
143.244.47.83 - - [05/Apr/2026:15:16:32 -0400] "GET /languages HTTP/1.0" 301 - "https://linguareachagency.com/" "Mozilla/5.0 (Windows NT 10.0; Win64; x64) AppleWebKit/537.36 (KHTML, like Gecko) Chrome/124.0.0.0 Safari/537.36"
143.244.47.83 - - [05/Apr/2026:15:16:32 -0400] "GET /pricing HTTP/1.0" 301 - "https://linguareachagency.com/" "Mozilla/5.0 (Windows NT 10.0; Win64; x64) AppleWebKit/537.36 (KHTML, like Gecko) Chrome/124.0.0.0 Safari/537.36"
143.244.47.83 - - [05/Apr/2026:15:16:32 -0400] "GET /contact HTTP/1.0" 404 29729 "https://linguareachagency.com/" "Mozilla/5.0 (Windows NT 10.0; Win64; x64) AppleWebKit/537.36 (KHTML, like Gecko) Chrome/124.0.0.0 Safari/537.36"
143.244.47.83 - - [05/Apr/2026:15:16:36 -0400] "GET /services/ HTTP/1.0" 200 35733 "https://linguareachagency.com/services" "Mozilla/5.0 (Windows NT 10.0; Win64; x64) AppleWebKit/537.36 (KHTML, like Gecko) Chrome/124.0.0.0 Safari/537.36"
143.244.47.83 - - [05/Apr/2026:15:16:36 -0400] "GET /pricing/ HTTP/1.0" 200 31056 "https://linguareachagency.com/pricing" "Mozilla/5.0 (Windows NT 10.0; Win64; x64) AppleWebKit/537.36 (KHTML, like Gecko) Chrome/124.0.0.0 Safari/537.36"
143.244.47.83 - - [05/Apr/2026:15:16:36 -0400] "GET /about/ HTTP/1.0" 200 31383 "https://linguareachagency.com/about" "Mozilla/5.0 (Windows NT 10.0; Win64; x64) AppleWebKit/537.36 (KHTML, like Gecko) Chrome/124.0.0.0 Safari/537.36"
143.244.47.83 - - [05/Apr/2026:15:16:36 -0400] "GET /languages/ HTTP/1.0" 200 31562 "https://linguareachagency.com/languages" "Mozilla/5.0 (Windows NT 10.0; Win64; x64) AppleWebKit/537.36 (KHTML, like Gecko) Chrome/124.0.0.0 Safari/537.36"
74.7.227.150 - - [05/Apr/2026:15:16:59 -0400] "GET /wp-content/plugins/pro-elements/modules/dynamic-tags/tags/current-date-time.php HTTP/1.0" 429 17 "https://linguareachagency.com/wp-content/plugins/pro-elements/modules/dynamic-tags/tags/" "Mozilla/5.0 AppleWebKit/537.36 (KHTML, like Gecko; compatible; GPTBot/1.3; +https://openai.com/gptbot)"
103.186.31.46 - - [05/Apr/2026:15:17:26 -0400] "GET / HTTP/1.0" 301 - "-" "LiveWireScanner/0xSHALL"
103.186.31.46 - - [05/Apr/2026:15:17:27 -0400] "GET / HTTP/1.0" 200 33241 "-" "LiveWireScanner/0xSHALL"
74.7.227.150 - - [05/Apr/2026:15:18:06 -0400] "GET /wp-content/plugins/pro-elements/modules/dynamic-tags/tags/archive-description.php HTTP/1.0" 200 - "https://linguareachagency.com/wp-content/plugins/pro-elements/modules/dynamic-tags/tags/" "Mozilla/5.0 AppleWebKit/537.36 (KHTML, like Gecko; compatible; GPTBot/1.3; +https://openai.com/gptbot)"
74.7.227.150 - - [05/Apr/2026:15:19:07 -0400] "GET /wp-content/plugins/pro-elements/modules/dynamic-tags/tags/site-tagline.php HTTP/1.0" 200 - "https://linguareachagency.com/wp-content/plugins/pro-elements/modules/dynamic-tags/tags/" "Mozilla/5.0 AppleWebKit/537.36 (KHTML, like Gecko; compatible; GPTBot/1.3; +https://openai.com/gptbot)"
74.7.227.150 - - [05/Apr/2026:15:20:06 -0400] "GET /wp-content/plugins/pro-elements/modules/dynamic-tags/tags/user-info.php HTTP/1.0" 200 - "https://linguareachagency.com/wp-content/plugins/pro-elements/modules/dynamic-tags/tags/" "Mozilla/5.0 AppleWebKit/537.36 (KHTML, like Gecko; compatible; GPTBot/1.3; +https://openai.com/gptbot)"
74.7.227.150 - - [05/Apr/2026:15:20:57 -0400] "GET /wp-content/plugins/pro-elements/modules/dynamic-tags/tags/site-logo.php HTTP/1.0" 200 - "https://linguareachagency.com/wp-content/plugins/pro-elements/modules/dynamic-tags/tags/" "Mozilla/5.0 AppleWebKit/537.36 (KHTML, like Gecko; compatible; GPTBot/1.3; +https://openai.com/gptbot)"
74.7.227.150 - - [05/Apr/2026:15:21:42 -0400] "GET /wp-content/plugins/pro-elements/modules/dynamic-tags/tags/site-title.php HTTP/1.0" 200 - "https://linguareachagency.com/wp-content/plugins/pro-elements/modules/dynamic-tags/tags/" "Mozilla/5.0 AppleWebKit/537.36 (KHTML, like Gecko; compatible; GPTBot/1.3; +https://openai.com/gptbot)"
144.208.76.23 - - [05/Apr/2026:15:21:59 -0400] "POST /wp-cron.php?doing_wp_cron=1775416919.2643179893493652343750 HTTP/1.0" 200 - "-" "WordPress/6.9.4; https://linguareachagency.com"
161.178.132.46 - - [05/Apr/2026:15:21:58 -0400] "POST /wp-login.php HTTP/1.0" 200 6464 "-" "Mozilla/5.0"
74.7.227.150 - - [05/Apr/2026:15:22:29 -0400] "GET /wp-content/plugins/pro-elements/modules/dynamic-tags/tags/base/ HTTP/1.0" 200 466 "https://linguareachagency.com/wp-content/plugins/pro-elements/modules/dynamic-tags/tags/" "Mozilla/5.0 AppleWebKit/537.36 (KHTML, like Gecko; compatible; GPTBot/1.3; +https://openai.com/gptbot)"
74.7.227.150 - - [05/Apr/2026:15:23:02 -0400] "GET /wp-content/plugins/pro-elements/modules/dynamic-tags/tags/user-profile-picture.php HTTP/1.0" 200 - "https://linguareachagency.com/wp-content/plugins/pro-elements/modules/dynamic-tags/tags/" "Mozilla/5.0 AppleWebKit/537.36 (KHTML, like Gecko; compatible; GPTBot/1.3; +https://openai.com/gptbot)"
74.7.227.150 - - [05/Apr/2026:15:23:34 -0400] "GET /wp-content/plugins/pro-elements/modules/dynamic-tags/tags/post-url.php HTTP/1.0" 200 - "https://linguareachagency.com/wp-content/plugins/pro-elements/modules/dynamic-tags/tags/" "Mozilla/5.0 AppleWebKit/537.36 (KHTML, like Gecko; compatible; GPTBot/1.3; +https://openai.com/gptbot)"
74.7.227.150 - - [05/Apr/2026:15:24:10 -0400] "GET /wp-content/plugins/pro-elements/modules/dynamic-tags/tags/archive-title.php HTTP/1.0" 200 - "https://linguareachagency.com/wp-content/plugins/pro-elements/modules/dynamic-tags/tags/" "Mozilla/5.0 AppleWebKit/537.36 (KHTML, like Gecko; compatible; GPTBot/1.3; +https://openai.com/gptbot)"
74.7.227.150 - - [05/Apr/2026:15:24:32 -0400] "GET /wp-content/plugins/pro-elements/modules/dynamic-tags/tags/archive-meta.php HTTP/1.0" 200 - "https://linguareachagency.com/wp-content/plugins/pro-elements/modules/dynamic-tags/tags/" "Mozilla/5.0 AppleWebKit/537.36 (KHTML, like Gecko; compatible; GPTBot/1.3; +https://openai.com/gptbot)"
74.7.227.150 - - [05/Apr/2026:15:25:09 -0400] "GET /wp-content/plugins/pro-elements/modules/dynamic-tags/tags/author-meta.php HTTP/1.0" 200 - "https://linguareachagency.com/wp-content/plugins/pro-elements/modules/dynamic-tags/tags/" "Mozilla/5.0 AppleWebKit/537.36 (KHTML, like Gecko; compatible; GPTBot/1.3; +https://openai.com/gptbot)"
74.7.227.150 - - [05/Apr/2026:15:25:21 -0400] "GET /wp-content/plugins/pro-elements/modules/dynamic-tags/tags/author-name.php HTTP/1.0" 200 - "https://linguareachagency.com/wp-content/plugins/pro-elements/modules/dynamic-tags/tags/" "Mozilla/5.0 AppleWebKit/537.36 (KHTML, like Gecko; compatible; GPTBot/1.3; +https://openai.com/gptbot)"
74.7.227.150 - - [05/Apr/2026:15:25:41 -0400] "GET /wp-content/plugins/pro-elements/modules/dynamic-tags/tags/author-info.php HTTP/1.0" 200 - "https://linguareachagency.com/wp-content/plugins/pro-elements/modules/dynamic-tags/tags/" "Mozilla/5.0 AppleWebKit/537.36 (KHTML, like Gecko; compatible; GPTBot/1.3; +https://openai.com/gptbot)"
74.7.227.150 - - [05/Apr/2026:15:25:57 -0400] "GET /wp-content/plugins/pro-elements/modules/dynamic-tags/tags/post-terms.php HTTP/1.0" 200 - "https://linguareachagency.com/wp-content/plugins/pro-elements/modules/dynamic-tags/tags/" "Mozilla/5.0 AppleWebKit/537.36 (KHTML, like Gecko; compatible; GPTBot/1.3; +https://openai.com/gptbot)"
167.99.125.188 - - [05/Apr/2026:15:26:03 -0400] "POST /wp-login.php HTTP/1.0" 200 6464 "-" "Mozilla/5.0"
