|
Server : Apache System : Linux ecngx264.inmotionhosting.com 4.18.0-553.77.1.lve.el8.x86_64 #1 SMP Wed Oct 8 14:21:00 UTC 2025 x86_64 User : lonias5 ( 3576) PHP Version : 7.3.33 Disable Function : NONE Directory : /home/lonias5/access-logs/ |
Upload File : |
43.164.197.209 - - [05/Apr/2026:08:17:19 -0400] "GET / HTTP/1.0" 301 - "-" "Mozilla/5.0 (iPhone; CPU iPhone OS 13_2_3 like Mac OS X) AppleWebKit/605.1.15 (KHTML, like Gecko) Version/13.0.3 Mobile/15E148 Safari/604.1"
43.164.197.209 - - [05/Apr/2026:08:17:20 -0400] "GET / HTTP/1.0" 200 33241 "http://www.linguareachagency.com" "Mozilla/5.0 (iPhone; CPU iPhone OS 13_2_3 like Mac OS X) AppleWebKit/605.1.15 (KHTML, like Gecko) Version/13.0.3 Mobile/15E148 Safari/604.1"
74.7.227.150 - - [05/Apr/2026:08:17:32 -0400] "GET /wp-content/plugins/pro-elements/modules/theme-builder/assets/images/?C=S;O=D HTTP/1.0" 200 421 "https://linguareachagency.com/wp-content/plugins/pro-elements/modules/theme-builder/assets/images/?C=S;O=A" "Mozilla/5.0 AppleWebKit/537.36 (KHTML, like Gecko; compatible; GPTBot/1.3; +https://openai.com/gptbot)"
161.178.3.105 - - [05/Apr/2026:08:17:50 -0400] "POST /wp-login.php HTTP/1.0" 200 6464 "-" "Mozilla/5.0"
74.7.227.150 - - [05/Apr/2026:08:18:33 -0400] "GET /wp-content/plugins/pro-elements/modules/query-control/classes/?C=D;O=A HTTP/1.0" 200 442 "https://linguareachagency.com/wp-content/plugins/pro-elements/modules/query-control/classes/" "Mozilla/5.0 AppleWebKit/537.36 (KHTML, like Gecko; compatible; GPTBot/1.3; +https://openai.com/gptbot)"
74.7.227.150 - - [05/Apr/2026:08:19:31 -0400] "GET /wp-content/plugins/pro-elements/modules/query-control/classes/?C=M;O=A HTTP/1.0" 200 442 "https://linguareachagency.com/wp-content/plugins/pro-elements/modules/query-control/classes/" "Mozilla/5.0 AppleWebKit/537.36 (KHTML, like Gecko; compatible; GPTBot/1.3; +https://openai.com/gptbot)"
74.7.227.150 - - [05/Apr/2026:08:20:23 -0400] "GET /wp-content/plugins/pro-elements/modules/global-widget/widgets/?C=D;O=D HTTP/1.0" 200 408 "https://linguareachagency.com/wp-content/plugins/pro-elements/modules/global-widget/widgets/?C=D;O=A" "Mozilla/5.0 AppleWebKit/537.36 (KHTML, like Gecko; compatible; GPTBot/1.3; +https://openai.com/gptbot)"
74.7.227.150 - - [05/Apr/2026:08:21:15 -0400] "GET /wp-content/plugins/pro-elements/modules/global-widget/widgets/?C=N;O=A HTTP/1.0" 200 411 "https://linguareachagency.com/wp-content/plugins/pro-elements/modules/global-widget/widgets/?C=D;O=A" "Mozilla/5.0 AppleWebKit/537.36 (KHTML, like Gecko; compatible; GPTBot/1.3; +https://openai.com/gptbot)"
144.208.76.23 - - [05/Apr/2026:08:21:53 -0400] "POST /wp-cron.php?doing_wp_cron=1775391713.0224699974060058593750 HTTP/1.0" 200 - "-" "WordPress/6.9.4; https://linguareachagency.com"
170.64.178.144 - - [05/Apr/2026:08:21:52 -0400] "POST /wp-login.php HTTP/1.0" 200 6464 "-" "Mozilla/5.0"
74.7.227.150 - - [05/Apr/2026:08:21:58 -0400] "GET /wp-content/plugins/pro-elements/modules/query-control/classes/elementor-related-query.php HTTP/1.0" 500 - "https://linguareachagency.com/wp-content/plugins/pro-elements/modules/query-control/classes/?C=S;O=A" "Mozilla/5.0 AppleWebKit/537.36 (KHTML, like Gecko; compatible; GPTBot/1.3; +https://openai.com/gptbot)"
74.7.227.150 - - [05/Apr/2026:08:22:20 -0400] "GET /wp-content/plugins/pro-elements/modules/query-control/classes/?C=S;O=D HTTP/1.0" 200 440 "https://linguareachagency.com/wp-content/plugins/pro-elements/modules/query-control/classes/?C=S;O=A" "Mozilla/5.0 AppleWebKit/537.36 (KHTML, like Gecko; compatible; GPTBot/1.3; +https://openai.com/gptbot)"
74.7.227.150 - - [05/Apr/2026:08:23:27 -0400] "GET /wp-content/plugins/pro-elements/modules/query-control/classes/?C=N;O=A HTTP/1.0" 200 442 "https://linguareachagency.com/wp-content/plugins/pro-elements/modules/query-control/classes/?C=S;O=A" "Mozilla/5.0 AppleWebKit/537.36 (KHTML, like Gecko; compatible; GPTBot/1.3; +https://openai.com/gptbot)"
74.7.227.150 - - [05/Apr/2026:08:24:23 -0400] "GET /wp-content/plugins/pro-elements/modules/global-widget/widgets/?C=S;O=D HTTP/1.0" 200 408 "https://linguareachagency.com/wp-content/plugins/pro-elements/modules/global-widget/widgets/?C=S;O=A" "Mozilla/5.0 AppleWebKit/537.36 (KHTML, like Gecko; compatible; GPTBot/1.3; +https://openai.com/gptbot)"
74.7.227.150 - - [05/Apr/2026:08:25:18 -0400] "GET /wp-content/plugins/elementor/modules/floating-buttons/base/?C=D;O=D HTTP/1.0" 200 445 "https://linguareachagency.com/wp-content/plugins/elementor/modules/floating-buttons/base/?C=D;O=A" "Mozilla/5.0 AppleWebKit/537.36 (KHTML, like Gecko; compatible; GPTBot/1.3; +https://openai.com/gptbot)"
74.7.227.150 - - [05/Apr/2026:08:26:01 -0400] "GET /wp-content/plugins/pro-elements/modules/floating-buttons/classes/?C=N;O=D HTTP/1.0" 200 406 "https://linguareachagency.com/wp-content/plugins/pro-elements/modules/floating-buttons/classes/" "Mozilla/5.0 AppleWebKit/537.36 (KHTML, like Gecko; compatible; GPTBot/1.3; +https://openai.com/gptbot)"
74.7.227.150 - - [05/Apr/2026:08:26:42 -0400] "GET /wp-content/plugins/elementor/modules/floating-buttons/classes/?C=D;O=A HTTP/1.0" 200 436 "https://linguareachagency.com/wp-content/plugins/elementor/modules/floating-buttons/classes/" "Mozilla/5.0 AppleWebKit/537.36 (KHTML, like Gecko; compatible; GPTBot/1.3; +https://openai.com/gptbot)"
94.23.210.48 - - [05/Apr/2026:08:27:21 -0400] "POST /xmlrpc.php HTTP/1.0" 200 206 "-" "Mozilla/5.0 (Windows NT 10.0; Win64; x64) AppleWebKit/537.36 (KHTML, like Gecko) Chrome/137.0.0.0 Safari/537.36 Edg/137.0.0.0"
74.7.227.150 - - [05/Apr/2026:08:27:24 -0400] "GET /wp-content/plugins/pro-elements/modules/query-control/classes/?C=D;O=D HTTP/1.0" 200 441 "https://linguareachagency.com/wp-content/plugins/pro-elements/modules/query-control/classes/?C=D;O=A" "Mozilla/5.0 AppleWebKit/537.36 (KHTML, like Gecko; compatible; GPTBot/1.3; +https://openai.com/gptbot)"
167.99.125.188 - - [05/Apr/2026:08:27:38 -0400] "POST /wp-login.php HTTP/1.0" 200 6464 "-" "Mozilla/5.0"
74.7.227.150 - - [05/Apr/2026:08:27:56 -0400] "GET /wp-content/plugins/pro-elements/modules/query-control/classes/?C=M;O=D HTTP/1.0" 200 441 "https://linguareachagency.com/wp-content/plugins/pro-elements/modules/query-control/classes/?C=M;O=A" "Mozilla/5.0 AppleWebKit/537.36 (KHTML, like Gecko; compatible; GPTBot/1.3; +https://openai.com/gptbot)"
74.7.227.150 - - [05/Apr/2026:08:28:29 -0400] "GET /wp-content/plugins/pro-elements/modules/global-widget/widgets/?C=M;O=A HTTP/1.0" 200 411 "https://linguareachagency.com/wp-content/plugins/pro-elements/modules/global-widget/widgets/?C=D;O=D" "Mozilla/5.0 AppleWebKit/537.36 (KHTML, like Gecko; compatible; GPTBot/1.3; +https://openai.com/gptbot)"
74.7.227.150 - - [05/Apr/2026:08:28:53 -0400] "GET /wp-content/plugins/elementor/modules/floating-buttons/classes/?C=N;O=D HTTP/1.0" 200 434 "https://linguareachagency.com/wp-content/plugins/elementor/modules/floating-buttons/classes/" "Mozilla/5.0 AppleWebKit/537.36 (KHTML, like Gecko; compatible; GPTBot/1.3; +https://openai.com/gptbot)"
74.7.227.150 - - [05/Apr/2026:08:29:16 -0400] "GET /wp-content/plugins/elementor/includes/template-library/data/?C=D;O=D HTTP/1.0" 200 432 "https://linguareachagency.com/wp-content/plugins/elementor/includes/template-library/data/?C=D;O=A" "Mozilla/5.0 AppleWebKit/537.36 (KHTML, like Gecko; compatible; GPTBot/1.3; +https://openai.com/gptbot)"
74.7.227.150 - - [05/Apr/2026:08:29:41 -0400] "GET /wp-content/plugins/elementor/modules/global-classes/database/?C=D;O=A HTTP/1.0" 200 448 "https://linguareachagency.com/wp-content/plugins/elementor/modules/global-classes/database/" "Mozilla/5.0 AppleWebKit/537.36 (KHTML, like Gecko; compatible; GPTBot/1.3; +https://openai.com/gptbot)"
74.7.227.150 - - [05/Apr/2026:08:29:57 -0400] "GET /wp-content/plugins/elementor/includes/template-library/classes/?C=N;O=D HTTP/1.0" 200 467 "https://linguareachagency.com/wp-content/plugins/elementor/includes/template-library/classes/" "Mozilla/5.0 AppleWebKit/537.36 (KHTML, like Gecko; compatible; GPTBot/1.3; +https://openai.com/gptbot)"
74.7.227.150 - - [05/Apr/2026:08:30:15 -0400] "GET /wp-content/plugins/pro-elements/modules/floating-buttons/classes/?C=S;O=A HTTP/1.0" 200 408 "https://linguareachagency.com/wp-content/plugins/pro-elements/modules/floating-buttons/classes/" "Mozilla/5.0 AppleWebKit/537.36 (KHTML, like Gecko; compatible; GPTBot/1.3; +https://openai.com/gptbot)"
74.7.227.150 - - [05/Apr/2026:08:30:43 -0400] "GET /wp-content/plugins/elementor/modules/floating-buttons/widgets/?C=D;O=A HTTP/1.0" 200 439 "https://linguareachagency.com/wp-content/plugins/elementor/modules/floating-buttons/widgets/" "Mozilla/5.0 AppleWebKit/537.36 (KHTML, like Gecko; compatible; GPTBot/1.3; +https://openai.com/gptbot)"
170.64.178.144 - - [05/Apr/2026:08:30:44 -0400] "POST /wp-login.php HTTP/1.0" 200 6464 "-" "Mozilla/5.0"
74.7.227.150 - - [05/Apr/2026:08:30:47 -0400] "GET /wp-content/plugins/pro-elements/modules/floating-buttons/classes/render/ HTTP/1.0" 200 530 "https://linguareachagency.com/wp-content/plugins/pro-elements/modules/floating-buttons/classes/?C=N;O=D" "Mozilla/5.0 AppleWebKit/537.36 (KHTML, like Gecko; compatible; GPTBot/1.3; +https://openai.com/gptbot)"
74.7.227.150 - - [05/Apr/2026:08:31:03 -0400] "GET /wp-content/plugins/elementor/modules/floating-buttons/classes/action/ HTTP/1.0" 200 421 "https://linguareachagency.com/wp-content/plugins/elementor/modules/floating-buttons/classes/?C=D;O=A" "Mozilla/5.0 AppleWebKit/537.36 (KHTML, like Gecko; compatible; GPTBot/1.3; +https://openai.com/gptbot)"
161.178.3.105 - - [05/Apr/2026:08:31:09 -0400] "POST /wp-login.php HTTP/1.0" 200 6464 "-" "Mozilla/5.0"
74.7.227.150 - - [05/Apr/2026:08:31:19 -0400] "GET /wp-content/plugins/elementor/modules/floating-buttons/classes/render/ HTTP/1.0" 200 480 "https://linguareachagency.com/wp-content/plugins/elementor/modules/floating-buttons/classes/?C=D;O=A" "Mozilla/5.0 AppleWebKit/537.36 (KHTML, like Gecko; compatible; GPTBot/1.3; +https://openai.com/gptbot)"
74.7.227.150 - - [05/Apr/2026:08:31:24 -0400] "GET /wp-content/plugins/elementor/modules/site-navigation/rest-fields/?C=M;O=A HTTP/1.0" 200 420 "https://linguareachagency.com/wp-content/plugins/elementor/modules/site-navigation/rest-fields/" "Mozilla/5.0 AppleWebKit/537.36 (KHTML, like Gecko; compatible; GPTBot/1.3; +https://openai.com/gptbot)"
74.7.227.150 - - [05/Apr/2026:08:31:36 -0400] "GET /wp-content/plugins/elementor/modules/site-navigation/rest-fields/?C=S;O=A HTTP/1.0" 200 420 "https://linguareachagency.com/wp-content/plugins/elementor/modules/site-navigation/rest-fields/" "Mozilla/5.0 AppleWebKit/537.36 (KHTML, like Gecko; compatible; GPTBot/1.3; +https://openai.com/gptbot)"
74.7.227.150 - - [05/Apr/2026:08:31:43 -0400] "GET /wp-content/plugins/pro-elements/modules/global-widget/widgets/?C=M;O=D HTTP/1.0" 200 408 "https://linguareachagency.com/wp-content/plugins/pro-elements/modules/global-widget/widgets/?C=M;O=A" "Mozilla/5.0 AppleWebKit/537.36 (KHTML, like Gecko; compatible; GPTBot/1.3; +https://openai.com/gptbot)"
74.7.227.150 - - [05/Apr/2026:08:31:47 -0400] "GET /wp-content/plugins/elementor/modules/floating-buttons/classes/?C=M;O=A HTTP/1.0" 200 437 "https://linguareachagency.com/wp-content/plugins/elementor/modules/floating-buttons/classes/" "Mozilla/5.0 AppleWebKit/537.36 (KHTML, like Gecko; compatible; GPTBot/1.3; +https://openai.com/gptbot)"
74.7.227.150 - - [05/Apr/2026:08:32:00 -0400] "GET /wp-content/plugins/elementor/modules/global-classes/database/global-classes-database-updater.php HTTP/1.0" 500 - "https://linguareachagency.com/wp-content/plugins/elementor/modules/global-classes/database/?C=D;O=A" "Mozilla/5.0 AppleWebKit/537.36 (KHTML, like Gecko; compatible; GPTBot/1.3; +https://openai.com/gptbot)"
74.7.227.150 - - [05/Apr/2026:08:32:02 -0400] "GET /wp-content/plugins/elementor/modules/global-classes/database/?C=D;O=D HTTP/1.0" 200 443 "https://linguareachagency.com/wp-content/plugins/elementor/modules/global-classes/database/?C=D;O=A" "Mozilla/5.0 AppleWebKit/537.36 (KHTML, like Gecko; compatible; GPTBot/1.3; +https://openai.com/gptbot)"
74.7.227.150 - - [05/Apr/2026:08:32:22 -0400] "GET /wp-content/plugins/elementor/modules/floating-buttons/classes/?C=S;O=A HTTP/1.0" 429 17 "https://linguareachagency.com/wp-content/plugins/elementor/modules/floating-buttons/classes/" "Mozilla/5.0 AppleWebKit/537.36 (KHTML, like Gecko; compatible; GPTBot/1.3; +https://openai.com/gptbot)"
74.7.227.150 - - [05/Apr/2026:08:32:34 -0400] "GET /wp-content/plugins/elementor/includes/template-library/classes/?C=S;O=A HTTP/1.0" 429 17 "https://linguareachagency.com/wp-content/plugins/elementor/includes/template-library/classes/" "Mozilla/5.0 AppleWebKit/537.36 (KHTML, like Gecko; compatible; GPTBot/1.3; +https://openai.com/gptbot)"
74.7.227.150 - - [05/Apr/2026:08:33:33 -0400] "GET /wp-content/plugins/pro-elements/modules/floating-buttons/widgets/?C=D;O=D HTTP/1.0" 200 517 "https://linguareachagency.com/wp-content/plugins/pro-elements/modules/floating-buttons/widgets/?C=D;O=A" "Mozilla/5.0 AppleWebKit/537.36 (KHTML, like Gecko; compatible; GPTBot/1.3; +https://openai.com/gptbot)"
74.7.227.150 - - [05/Apr/2026:08:34:40 -0400] "GET /wp-content/plugins/elementor/modules/atomic-widgets/parsers/?C=D;O=A HTTP/1.0" 200 431 "https://linguareachagency.com/wp-content/plugins/elementor/modules/atomic-widgets/parsers/" "Mozilla/5.0 AppleWebKit/537.36 (KHTML, like Gecko; compatible; GPTBot/1.3; +https://openai.com/gptbot)"
74.7.227.150 - - [05/Apr/2026:08:35:25 -0400] "GET /wp-content/plugins/pro-elements/modules/floating-buttons/classes/render/contact-buttons-var-4-render.php HTTP/1.0" 500 - "https://linguareachagency.com/wp-content/plugins/pro-elements/modules/floating-buttons/classes/render/" "Mozilla/5.0 AppleWebKit/537.36 (KHTML, like Gecko; compatible; GPTBot/1.3; +https://openai.com/gptbot)"
74.7.227.150 - - [05/Apr/2026:08:36:25 -0400] "GET /wp-content/plugins/elementor/modules/floating-buttons/classes/action/action-handler.php HTTP/1.0" 200 - "https://linguareachagency.com/wp-content/plugins/elementor/modules/floating-buttons/classes/action/" "Mozilla/5.0 AppleWebKit/537.36 (KHTML, like Gecko; compatible; GPTBot/1.3; +https://openai.com/gptbot)"
74.7.227.150 - - [05/Apr/2026:08:37:29 -0400] "GET /wp-content/plugins/elementor/modules/floating-buttons/classes/render/floating-bars-core-render.php HTTP/1.0" 500 - "https://linguareachagency.com/wp-content/plugins/elementor/modules/floating-buttons/classes/render/" "Mozilla/5.0 AppleWebKit/537.36 (KHTML, like Gecko; compatible; GPTBot/1.3; +https://openai.com/gptbot)"
74.7.227.150 - - [05/Apr/2026:08:38:21 -0400] "GET /wp-content/plugins/elementor/modules/site-navigation/rest-fields/page-user-can.php HTTP/1.0" 200 - "https://linguareachagency.com/wp-content/plugins/elementor/modules/site-navigation/rest-fields/?C=M;O=A" "Mozilla/5.0 AppleWebKit/537.36 (KHTML, like Gecko; compatible; GPTBot/1.3; +https://openai.com/gptbot)"
167.99.125.188 - - [05/Apr/2026:08:38:50 -0400] "POST /wp-login.php HTTP/1.0" 200 6464 "-" "Mozilla/5.0"
74.7.227.150 - - [05/Apr/2026:08:39:23 -0400] "GET /wp-content/plugins/elementor/modules/floating-buttons/classes/render/floating-bars-render-base.php HTTP/1.0" 200 - "https://linguareachagency.com/wp-content/plugins/elementor/modules/floating-buttons/classes/render/" "Mozilla/5.0 AppleWebKit/537.36 (KHTML, like Gecko; compatible; GPTBot/1.3; +https://openai.com/gptbot)"
170.64.178.144 - - [05/Apr/2026:08:39:49 -0400] "POST /wp-login.php HTTP/1.0" 200 6464 "-" "Mozilla/5.0"
74.7.227.150 - - [05/Apr/2026:08:40:18 -0400] "GET /wp-content/plugins/elementor/modules/floating-buttons/classes/render/contact-buttons-core-render.php HTTP/1.0" 500 - "https://linguareachagency.com/wp-content/plugins/elementor/modules/floating-buttons/classes/render/" "Mozilla/5.0 AppleWebKit/537.36 (KHTML, like Gecko; compatible; GPTBot/1.3; +https://openai.com/gptbot)"
74.7.227.150 - - [05/Apr/2026:08:41:10 -0400] "GET /wp-content/plugins/elementor/modules/floating-buttons/classes/render/contact-buttons-render-base.php HTTP/1.0" 200 - "https://linguareachagency.com/wp-content/plugins/elementor/modules/floating-buttons/classes/render/" "Mozilla/5.0 AppleWebKit/537.36 (KHTML, like Gecko; compatible; GPTBot/1.3; +https://openai.com/gptbot)"
74.7.227.150 - - [05/Apr/2026:08:42:12 -0400] "GET /wp-content/plugins/pro-elements/modules/floating-buttons/classes/render/contact-buttons-var-7-render.php HTTP/1.0" 500 - "https://linguareachagency.com/wp-content/plugins/pro-elements/modules/floating-buttons/classes/render/" "Mozilla/5.0 AppleWebKit/537.36 (KHTML, like Gecko; compatible; GPTBot/1.3; +https://openai.com/gptbot)"
74.7.227.150 - - [05/Apr/2026:08:43:11 -0400] "GET /wp-content/plugins/pro-elements/modules/floating-buttons/classes/render/contact-buttons-var-3-render.php HTTP/1.0" 500 - "https://linguareachagency.com/wp-content/plugins/pro-elements/modules/floating-buttons/classes/render/" "Mozilla/5.0 AppleWebKit/537.36 (KHTML, like Gecko; compatible; GPTBot/1.3; +https://openai.com/gptbot)"
217.114.10.59 - - [05/Apr/2026:08:44:08 -0400] "POST /xmlrpc.php HTTP/1.0" 406 300 "-" "Mozilla/5.0 (Windows NT 10.0) AppleWebKit/537.36 (KHTML, like Gecko) Chrome/139.0.0.0 Safari/537.36"
74.7.227.150 - - [05/Apr/2026:08:44:14 -0400] "GET /wp-content/plugins/pro-elements/modules/floating-buttons/classes/render/contact-buttons-var-9-render.php HTTP/1.0" 500 - "https://linguareachagency.com/wp-content/plugins/pro-elements/modules/floating-buttons/classes/render/" "Mozilla/5.0 AppleWebKit/537.36 (KHTML, like Gecko; compatible; GPTBot/1.3; +https://openai.com/gptbot)"
161.178.3.105 - - [05/Apr/2026:08:44:30 -0400] "POST /wp-login.php HTTP/1.0" 200 6464 "-" "Mozilla/5.0"
74.7.227.150 - - [05/Apr/2026:08:45:20 -0400] "GET /wp-content/plugins/pro-elements/modules/floating-buttons/classes/render/contact-buttons-var-6-render.php HTTP/1.0" 500 - "https://linguareachagency.com/wp-content/plugins/pro-elements/modules/floating-buttons/classes/render/" "Mozilla/5.0 AppleWebKit/537.36 (KHTML, like Gecko; compatible; GPTBot/1.3; +https://openai.com/gptbot)"
74.7.227.150 - - [05/Apr/2026:08:46:23 -0400] "GET /wp-content/plugins/pro-elements/modules/floating-buttons/classes/render/contact-buttons-var-8-render.php HTTP/1.0" 500 - "https://linguareachagency.com/wp-content/plugins/pro-elements/modules/floating-buttons/classes/render/" "Mozilla/5.0 AppleWebKit/537.36 (KHTML, like Gecko; compatible; GPTBot/1.3; +https://openai.com/gptbot)"
74.7.227.150 - - [05/Apr/2026:08:47:24 -0400] "GET /wp-content/plugins/pro-elements/modules/floating-buttons/classes/render/contact-buttons-var-5-render.php HTTP/1.0" 500 - "https://linguareachagency.com/wp-content/plugins/pro-elements/modules/floating-buttons/classes/render/" "Mozilla/5.0 AppleWebKit/537.36 (KHTML, like Gecko; compatible; GPTBot/1.3; +https://openai.com/gptbot)"
15.253.24.82 - - [05/Apr/2026:08:48:21 -0400] "GET /wp-login.php HTTP/1.0" 200 1925 "-" "Mozilla/5.0"
15.253.24.82 - - [05/Apr/2026:08:48:22 -0400] "GET /?author=1 HTTP/1.0" 301 - "-" "Mozilla/5.0"
15.253.24.82 - - [05/Apr/2026:08:48:23 -0400] "GET /?author=2 HTTP/1.0" 404 29729 "-" "Mozilla/5.0"
74.7.227.150 - - [05/Apr/2026:08:48:29 -0400] "GET /wp-content/plugins/pro-elements/modules/floating-buttons/classes/render/contact-buttons-var-1-render.php HTTP/1.0" 500 - "https://linguareachagency.com/wp-content/plugins/pro-elements/modules/floating-buttons/classes/render/" "Mozilla/5.0 AppleWebKit/537.36 (KHTML, like Gecko; compatible; GPTBot/1.3; +https://openai.com/gptbot)"
170.64.178.144 - - [05/Apr/2026:08:48:52 -0400] "POST /wp-login.php HTTP/1.0" 200 6464 "-" "Mozilla/5.0"
74.7.227.150 - - [05/Apr/2026:08:49:27 -0400] "GET /wp-content/plugins/pro-elements/modules/floating-buttons/classes/render/floating-bars-var-3-render.php HTTP/1.0" 500 - "https://linguareachagency.com/wp-content/plugins/pro-elements/modules/floating-buttons/classes/render/" "Mozilla/5.0 AppleWebKit/537.36 (KHTML, like Gecko; compatible; GPTBot/1.3; +https://openai.com/gptbot)"
167.99.125.188 - - [05/Apr/2026:08:49:56 -0400] "POST /wp-login.php HTTP/1.0" 200 6464 "-" "Mozilla/5.0"
93.123.109.79 - - [05/Apr/2026:08:50:15 -0400] "GET /.git/config HTTP/1.0" 503 282 "-" "Mozilla/5.0 (Windows NT 10.0; Win64; x64) AppleWebKit/537.36 (KHTML, like Gecko) Chrome/126.0.0.0 Safari/537.36"
74.7.227.150 - - [05/Apr/2026:08:50:29 -0400] "GET /wp-content/plugins/pro-elements/modules/floating-buttons/classes/render/floating-bars-var-2-render.php HTTP/1.0" 500 - "https://linguareachagency.com/wp-content/plugins/pro-elements/modules/floating-buttons/classes/render/" "Mozilla/5.0 AppleWebKit/537.36 (KHTML, like Gecko; compatible; GPTBot/1.3; +https://openai.com/gptbot)"
74.7.227.150 - - [05/Apr/2026:08:51:36 -0400] "GET /wp-content/plugins/pro-elements/modules/floating-buttons/classes/render/contact-buttons-var-10-render.php HTTP/1.0" 500 - "https://linguareachagency.com/wp-content/plugins/pro-elements/modules/floating-buttons/classes/render/" "Mozilla/5.0 AppleWebKit/537.36 (KHTML, like Gecko; compatible; GPTBot/1.3; +https://openai.com/gptbot)"
74.7.227.150 - - [05/Apr/2026:08:52:35 -0400] "GET /wp-content/plugins/elementor/modules/floating-buttons/widgets/?C=N;O=A HTTP/1.0" 200 439 "https://linguareachagency.com/wp-content/plugins/elementor/modules/floating-buttons/widgets/?C=D;O=A" "Mozilla/5.0 AppleWebKit/537.36 (KHTML, like Gecko; compatible; GPTBot/1.3; +https://openai.com/gptbot)"
74.7.227.150 - - [05/Apr/2026:08:53:40 -0400] "GET /wp-content/plugins/elementor/modules/floating-buttons/widgets/?C=D;O=D HTTP/1.0" 200 441 "https://linguareachagency.com/wp-content/plugins/elementor/modules/floating-buttons/widgets/?C=D;O=A" "Mozilla/5.0 AppleWebKit/537.36 (KHTML, like Gecko; compatible; GPTBot/1.3; +https://openai.com/gptbot)"
74.7.227.150 - - [05/Apr/2026:08:54:43 -0400] "GET /wp-content/plugins/elementor/modules/site-navigation/rest-fields/?C=S;O=D HTTP/1.0" 200 417 "https://linguareachagency.com/wp-content/plugins/elementor/modules/site-navigation/rest-fields/?C=S;O=A" "Mozilla/5.0 AppleWebKit/537.36 (KHTML, like Gecko; compatible; GPTBot/1.3; +https://openai.com/gptbot)"
74.7.227.150 - - [05/Apr/2026:08:55:31 -0400] "GET /wp-content/plugins/elementor/modules/site-navigation/rest-fields/?C=N;O=A HTTP/1.0" 200 419 "https://linguareachagency.com/wp-content/plugins/elementor/modules/site-navigation/rest-fields/?C=M;O=A" "Mozilla/5.0 AppleWebKit/537.36 (KHTML, like Gecko; compatible; GPTBot/1.3; +https://openai.com/gptbot)"
103.186.31.46 - - [05/Apr/2026:08:55:58 -0400] "GET /sftp-config.json HTTP/1.0" 404 29743 "-" "Mozilla/5.0 (Macintosh; Intel Mac OS X 10.15; rv:77.0) Gecko/20100101 Firefox/77.0"
103.186.31.46 - - [05/Apr/2026:08:55:59 -0400] "GET /.vscode/sftp.json HTTP/1.0" 404 29743 "-" "Mozilla/5.0 (Macintosh; Intel Mac OS X 10.15; rv:77.0) Gecko/20100101 Firefox/77.0"
74.7.227.150 - - [05/Apr/2026:08:56:21 -0400] "GET /wp-content/plugins/elementor/includes/template-library/classes/?C=N;O=A HTTP/1.0" 200 470 "https://linguareachagency.com/wp-content/plugins/elementor/includes/template-library/classes/?C=N;O=D" "Mozilla/5.0 AppleWebKit/537.36 (KHTML, like Gecko; compatible; GPTBot/1.3; +https://openai.com/gptbot)"
74.7.227.150 - - [05/Apr/2026:08:57:06 -0400] "GET /wp-content/plugins/elementor/modules/atomic-widgets/parsers/?C=N;O=A HTTP/1.0" 200 431 "https://linguareachagency.com/wp-content/plugins/elementor/modules/atomic-widgets/parsers/?C=D;O=A" "Mozilla/5.0 AppleWebKit/537.36 (KHTML, like Gecko; compatible; GPTBot/1.3; +https://openai.com/gptbot)"
74.7.227.150 - - [05/Apr/2026:08:57:37 -0400] "GET /wp-content/plugins/elementor/modules/global-classes/database/?C=M;O=A HTTP/1.0" 200 448 "https://linguareachagency.com/wp-content/plugins/elementor/modules/global-classes/database/" "Mozilla/5.0 AppleWebKit/537.36 (KHTML, like Gecko; compatible; GPTBot/1.3; +https://openai.com/gptbot)"
170.64.178.144 - - [05/Apr/2026:08:57:43 -0400] "POST /wp-login.php HTTP/1.0" 200 6464 "-" "Mozilla/5.0"
161.178.3.105 - - [05/Apr/2026:08:58:02 -0400] "POST /wp-login.php HTTP/1.0" 200 6464 "-" "Mozilla/5.0"
74.7.227.150 - - [05/Apr/2026:08:58:06 -0400] "GET /wp-content/plugins/elementor/modules/site-navigation/rest-fields/?C=N;O=D HTTP/1.0" 200 417 "https://linguareachagency.com/wp-content/plugins/elementor/modules/site-navigation/rest-fields/" "Mozilla/5.0 AppleWebKit/537.36 (KHTML, like Gecko; compatible; GPTBot/1.3; +https://openai.com/gptbot)"
74.7.227.150 - - [05/Apr/2026:08:58:39 -0400] "GET /wp-content/plugins/pro-elements/modules/animated-headline/widgets/?C=S;O=A HTTP/1.0" 200 414 "https://linguareachagency.com/wp-content/plugins/pro-elements/modules/animated-headline/widgets/" "Mozilla/5.0 AppleWebKit/537.36 (KHTML, like Gecko; compatible; GPTBot/1.3; +https://openai.com/gptbot)"
74.7.227.150 - - [05/Apr/2026:08:59:04 -0400] "GET /wp-content/plugins/elementor/modules/floating-buttons/classes/?C=M;O=D HTTP/1.0" 200 434 "https://linguareachagency.com/wp-content/plugins/elementor/modules/floating-buttons/classes/?C=M;O=A" "Mozilla/5.0 AppleWebKit/537.36 (KHTML, like Gecko; compatible; GPTBot/1.3; +https://openai.com/gptbot)"
74.7.227.150 - - [05/Apr/2026:08:59:26 -0400] "GET /wp-content/plugins/elementor/modules/site-navigation/rest-fields/?C=D;O=A HTTP/1.0" 200 419 "https://linguareachagency.com/wp-content/plugins/elementor/modules/site-navigation/rest-fields/" "Mozilla/5.0 AppleWebKit/537.36 (KHTML, like Gecko; compatible; GPTBot/1.3; +https://openai.com/gptbot)"
74.7.227.150 - - [05/Apr/2026:08:59:52 -0400] "GET /wp-content/plugins/elementor/includes/template-library/sources/?C=D;O=D HTTP/1.0" 200 486 "https://linguareachagency.com/wp-content/plugins/elementor/includes/template-library/sources/?C=D;O=A" "Mozilla/5.0 AppleWebKit/537.36 (KHTML, like Gecko; compatible; GPTBot/1.3; +https://openai.com/gptbot)"
74.7.227.150 - - [05/Apr/2026:09:00:10 -0400] "GET /wp-content/plugins/pro-elements/modules/floating-buttons/classes/?C=S;O=D HTTP/1.0" 200 406 "https://linguareachagency.com/wp-content/plugins/pro-elements/modules/floating-buttons/classes/?C=S;O=A" "Mozilla/5.0 AppleWebKit/537.36 (KHTML, like Gecko; compatible; GPTBot/1.3; +https://openai.com/gptbot)"
74.7.227.150 - - [05/Apr/2026:09:00:27 -0400] "GET /wp-content/plugins/elementor/modules/floating-buttons/widgets/?C=S;O=A HTTP/1.0" 200 439 "https://linguareachagency.com/wp-content/plugins/elementor/modules/floating-buttons/widgets/" "Mozilla/5.0 AppleWebKit/537.36 (KHTML, like Gecko; compatible; GPTBot/1.3; +https://openai.com/gptbot)"
74.7.227.150 - - [05/Apr/2026:09:00:43 -0400] "GET /wp-content/plugins/pro-elements/modules/animated-headline/widgets/?C=N;O=D HTTP/1.0" 200 413 "https://linguareachagency.com/wp-content/plugins/pro-elements/modules/animated-headline/widgets/" "Mozilla/5.0 AppleWebKit/537.36 (KHTML, like Gecko; compatible; GPTBot/1.3; +https://openai.com/gptbot)"
74.7.227.150 - - [05/Apr/2026:09:00:59 -0400] "GET /wp-content/plugins/elementor/includes/template-library/classes/?C=S;O=A HTTP/1.0" 200 470 "https://linguareachagency.com/wp-content/plugins/elementor/includes/template-library/classes/?C=N;O=A" "Mozilla/5.0 AppleWebKit/537.36 (KHTML, like Gecko; compatible; GPTBot/1.3; +https://openai.com/gptbot)"
167.99.125.188 - - [05/Apr/2026:09:01:03 -0400] "POST /wp-login.php HTTP/1.0" 200 6464 "-" "Mozilla/5.0"
74.7.227.150 - - [05/Apr/2026:09:01:16 -0400] "GET /wp-content/plugins/elementor/modules/floating-buttons/widgets/?C=M;O=A HTTP/1.0" 200 439 "https://linguareachagency.com/wp-content/plugins/elementor/modules/floating-buttons/widgets/" "Mozilla/5.0 AppleWebKit/537.36 (KHTML, like Gecko; compatible; GPTBot/1.3; +https://openai.com/gptbot)"
74.7.227.150 - - [05/Apr/2026:09:01:23 -0400] "GET /wp-content/plugins/elementor/modules/floating-buttons/classes/?C=D;O=D HTTP/1.0" 200 434 "https://linguareachagency.com/wp-content/plugins/elementor/modules/floating-buttons/classes/?C=D;O=A" "Mozilla/5.0 AppleWebKit/537.36 (KHTML, like Gecko; compatible; GPTBot/1.3; +https://openai.com/gptbot)"
74.7.227.150 - - [05/Apr/2026:09:01:34 -0400] "GET /wp-content/plugins/pro-elements/modules/floating-buttons/classes/?C=D;O=A HTTP/1.0" 200 408 "https://linguareachagency.com/wp-content/plugins/pro-elements/modules/floating-buttons/classes/" "Mozilla/5.0 AppleWebKit/537.36 (KHTML, like Gecko; compatible; GPTBot/1.3; +https://openai.com/gptbot)"
74.7.227.150 - - [05/Apr/2026:09:01:52 -0400] "GET /wp-content/plugins/pro-elements/modules/animated-headline/widgets/?C=S;O=D HTTP/1.0" 200 413 "https://linguareachagency.com/wp-content/plugins/pro-elements/modules/animated-headline/widgets/?C=S;O=A" "Mozilla/5.0 AppleWebKit/537.36 (KHTML, like Gecko; compatible; GPTBot/1.3; +https://openai.com/gptbot)"
74.7.227.150 - - [05/Apr/2026:09:01:55 -0400] "GET /wp-content/plugins/elementor/modules/floating-buttons/classes/?C=S;O=A HTTP/1.0" 200 437 "https://linguareachagency.com/wp-content/plugins/elementor/modules/floating-buttons/classes/?C=M;O=D" "Mozilla/5.0 AppleWebKit/537.36 (KHTML, like Gecko; compatible; GPTBot/1.3; +https://openai.com/gptbot)"
74.7.227.150 - - [05/Apr/2026:09:01:59 -0400] "GET /wp-content/plugins/elementor/modules/site-navigation/rest-fields/?C=D;O=D HTTP/1.0" 200 417 "https://linguareachagency.com/wp-content/plugins/elementor/modules/site-navigation/rest-fields/?C=D;O=A" "Mozilla/5.0 AppleWebKit/537.36 (KHTML, like Gecko; compatible; GPTBot/1.3; +https://openai.com/gptbot)"
74.7.227.150 - - [05/Apr/2026:09:02:06 -0400] "GET /wp-content/plugins/pro-elements/modules/animated-headline/widgets/?C=M;O=A HTTP/1.0" 200 414 "https://linguareachagency.com/wp-content/plugins/pro-elements/modules/animated-headline/widgets/" "Mozilla/5.0 AppleWebKit/537.36 (KHTML, like Gecko; compatible; GPTBot/1.3; +https://openai.com/gptbot)"
74.7.227.150 - - [05/Apr/2026:09:02:14 -0400] "GET /wp-content/plugins/elementor/modules/global-classes/database/?C=S;O=A HTTP/1.0" 200 445 "https://linguareachagency.com/wp-content/plugins/elementor/modules/global-classes/database/" "Mozilla/5.0 AppleWebKit/537.36 (KHTML, like Gecko; compatible; GPTBot/1.3; +https://openai.com/gptbot)"
74.7.227.150 - - [05/Apr/2026:09:02:19 -0400] "GET /wp-content/plugins/elementor/modules/floating-buttons/widgets/?C=S;O=D HTTP/1.0" 200 441 "https://linguareachagency.com/wp-content/plugins/elementor/modules/floating-buttons/widgets/?C=S;O=A" "Mozilla/5.0 AppleWebKit/537.36 (KHTML, like Gecko; compatible; GPTBot/1.3; +https://openai.com/gptbot)"
74.7.227.150 - - [05/Apr/2026:09:02:23 -0400] "GET /wp-content/plugins/pro-elements/modules/theme-builder/conditions/?C=D;O=A HTTP/1.0" 200 716 "https://linguareachagency.com/wp-content/plugins/pro-elements/modules/theme-builder/conditions/" "Mozilla/5.0 AppleWebKit/537.36 (KHTML, like Gecko; compatible; GPTBot/1.3; +https://openai.com/gptbot)"
74.7.227.150 - - [05/Apr/2026:09:02:32 -0400] "GET /wp-content/plugins/pro-elements/modules/floating-buttons/classes/?C=N;O=A HTTP/1.0" 200 408 "https://linguareachagency.com/wp-content/plugins/pro-elements/modules/floating-buttons/classes/?C=N;O=D" "Mozilla/5.0 AppleWebKit/537.36 (KHTML, like Gecko; compatible; GPTBot/1.3; +https://openai.com/gptbot)"
74.7.227.150 - - [05/Apr/2026:09:02:35 -0400] "GET /wp-content/plugins/elementor/includes/template-library/classes/?C=S;O=D HTTP/1.0" 200 469 "https://linguareachagency.com/wp-content/plugins/elementor/includes/template-library/classes/?C=S;O=A" "Mozilla/5.0 AppleWebKit/537.36 (KHTML, like Gecko; compatible; GPTBot/1.3; +https://openai.com/gptbot)"
74.7.227.150 - - [05/Apr/2026:09:02:36 -0400] "GET /wp-content/plugins/elementor/includes/template-library/classes/?C=M;O=A HTTP/1.0" 200 471 "https://linguareachagency.com/wp-content/plugins/elementor/includes/template-library/classes/" "Mozilla/5.0 AppleWebKit/537.36 (KHTML, like Gecko; compatible; GPTBot/1.3; +https://openai.com/gptbot)"
74.7.227.150 - - [05/Apr/2026:09:02:39 -0400] "GET /wp-content/plugins/elementor/modules/global-classes/database/?C=N;O=A HTTP/1.0" 200 448 "https://linguareachagency.com/wp-content/plugins/elementor/modules/global-classes/database/?C=D;O=A" "Mozilla/5.0 AppleWebKit/537.36 (KHTML, like Gecko; compatible; GPTBot/1.3; +https://openai.com/gptbot)"
74.7.227.150 - - [05/Apr/2026:09:02:42 -0400] "GET /wp-content/plugins/elementor/modules/cloud-library/connect/?C=D;O=D HTTP/1.0" 200 404 "https://linguareachagency.com/wp-content/plugins/elementor/modules/cloud-library/connect/?C=D;O=A" "Mozilla/5.0 AppleWebKit/537.36 (KHTML, like Gecko; compatible; GPTBot/1.3; +https://openai.com/gptbot)"
74.7.227.150 - - [05/Apr/2026:09:02:45 -0400] "GET /wp-content/plugins/elementor/modules/floating-buttons/classes/?C=S;O=D HTTP/1.0" 200 434 "https://linguareachagency.com/wp-content/plugins/elementor/modules/floating-buttons/classes/?C=S;O=A" "Mozilla/5.0 AppleWebKit/537.36 (KHTML, like Gecko; compatible; GPTBot/1.3; +https://openai.com/gptbot)"
74.7.227.150 - - [05/Apr/2026:09:02:49 -0400] "GET /wp-content/plugins/pro-elements/modules/floating-buttons/classes/?C=D;O=D HTTP/1.0" 200 406 "https://linguareachagency.com/wp-content/plugins/pro-elements/modules/floating-buttons/classes/?C=D;O=A" "Mozilla/5.0 AppleWebKit/537.36 (KHTML, like Gecko; compatible; GPTBot/1.3; +https://openai.com/gptbot)"
74.7.227.150 - - [05/Apr/2026:09:02:50 -0400] "GET /wp-content/plugins/pro-elements/modules/animated-headline/widgets/?C=D;O=A HTTP/1.0" 200 414 "https://linguareachagency.com/wp-content/plugins/pro-elements/modules/animated-headline/widgets/" "Mozilla/5.0 AppleWebKit/537.36 (KHTML, like Gecko; compatible; GPTBot/1.3; +https://openai.com/gptbot)"
74.7.227.150 - - [05/Apr/2026:09:02:52 -0400] "GET /wp-content/plugins/pro-elements/modules/floating-buttons/classes/?C=M;O=A HTTP/1.0" 200 408 "https://linguareachagency.com/wp-content/plugins/pro-elements/modules/floating-buttons/classes/" "Mozilla/5.0 AppleWebKit/537.36 (KHTML, like Gecko; compatible; GPTBot/1.3; +https://openai.com/gptbot)"
74.7.227.150 - - [05/Apr/2026:09:02:53 -0400] "GET /wp-content/plugins/elementor/modules/global-classes/database/?C=N;O=D HTTP/1.0" 200 443 "https://linguareachagency.com/wp-content/plugins/elementor/modules/global-classes/database/" "Mozilla/5.0 AppleWebKit/537.36 (KHTML, like Gecko; compatible; GPTBot/1.3; +https://openai.com/gptbot)"
74.7.227.150 - - [05/Apr/2026:09:02:55 -0400] "GET /wp-content/plugins/elementor/modules/global-classes/database/?C=M;O=D HTTP/1.0" 429 17 "https://linguareachagency.com/wp-content/plugins/elementor/modules/global-classes/database/?C=M;O=A" "Mozilla/5.0 AppleWebKit/537.36 (KHTML, like Gecko; compatible; GPTBot/1.3; +https://openai.com/gptbot)"
74.7.227.150 - - [05/Apr/2026:09:02:56 -0400] "GET /wp-content/plugins/elementor/modules/floating-buttons/widgets/?C=M;O=D HTTP/1.0" 429 17 "https://linguareachagency.com/wp-content/plugins/elementor/modules/floating-buttons/widgets/?C=M;O=A" "Mozilla/5.0 AppleWebKit/537.36 (KHTML, like Gecko; compatible; GPTBot/1.3; +https://openai.com/gptbot)"
74.7.227.150 - - [05/Apr/2026:09:03:00 -0400] "GET /wp-content/plugins/pro-elements/modules/animated-headline/widgets/?C=M;O=D HTTP/1.0" 429 17 "https://linguareachagency.com/wp-content/plugins/pro-elements/modules/animated-headline/widgets/?C=M;O=A" "Mozilla/5.0 AppleWebKit/537.36 (KHTML, like Gecko; compatible; GPTBot/1.3; +https://openai.com/gptbot)"
74.7.227.150 - - [05/Apr/2026:09:03:13 -0400] "GET /wp-content/plugins/pro-elements/modules/theme-builder/conditions/?C=N;O=D HTTP/1.0" 429 17 "https://linguareachagency.com/wp-content/plugins/pro-elements/modules/theme-builder/conditions/" "Mozilla/5.0 AppleWebKit/537.36 (KHTML, like Gecko; compatible; GPTBot/1.3; +https://openai.com/gptbot)"
74.7.227.150 - - [05/Apr/2026:09:03:56 -0400] "GET /wp-content/plugins/elementor/modules/global-classes/database/?C=S;O=D HTTP/1.0" 429 17 "https://linguareachagency.com/wp-content/plugins/elementor/modules/global-classes/database/?C=S;O=A" "Mozilla/5.0 AppleWebKit/537.36 (KHTML, like Gecko; compatible; GPTBot/1.3; +https://openai.com/gptbot)"
74.7.227.150 - - [05/Apr/2026:09:04:57 -0400] "GET /wp-content/plugins/pro-elements/modules/theme-builder/conditions/?C=M;O=A HTTP/1.0" 429 17 "https://linguareachagency.com/wp-content/plugins/pro-elements/modules/theme-builder/conditions/" "Mozilla/5.0 AppleWebKit/537.36 (KHTML, like Gecko; compatible; GPTBot/1.3; +https://openai.com/gptbot)"
74.7.227.150 - - [05/Apr/2026:09:05:58 -0400] "GET /wp-content/plugins/pro-elements/modules/theme-builder/conditions/taxonomy.php HTTP/1.0" 429 17 "https://linguareachagency.com/wp-content/plugins/pro-elements/modules/theme-builder/conditions/?C=D;O=A" "Mozilla/5.0 AppleWebKit/537.36 (KHTML, like Gecko; compatible; GPTBot/1.3; +https://openai.com/gptbot)"
170.64.178.144 - - [05/Apr/2026:09:06:38 -0400] "POST /wp-login.php HTTP/1.0" 200 6464 "-" "Mozilla/5.0"
74.7.227.150 - - [05/Apr/2026:09:07:01 -0400] "GET /wp-content/plugins/pro-elements/modules/theme-builder/conditions/condition-base.php HTTP/1.0" 200 - "https://linguareachagency.com/wp-content/plugins/pro-elements/modules/theme-builder/conditions/?C=D;O=A" "Mozilla/5.0 AppleWebKit/537.36 (KHTML, like Gecko; compatible; GPTBot/1.3; +https://openai.com/gptbot)"
74.7.227.150 - - [05/Apr/2026:09:07:59 -0400] "GET /wp-content/plugins/pro-elements/modules/theme-builder/conditions/by-author.php HTTP/1.0" 200 - "https://linguareachagency.com/wp-content/plugins/pro-elements/modules/theme-builder/conditions/?C=D;O=A" "Mozilla/5.0 AppleWebKit/537.36 (KHTML, like Gecko; compatible; GPTBot/1.3; +https://openai.com/gptbot)"
74.7.227.150 - - [05/Apr/2026:09:09:00 -0400] "GET /wp-content/plugins/pro-elements/modules/theme-builder/conditions/?C=D;O=D HTTP/1.0" 200 722 "https://linguareachagency.com/wp-content/plugins/pro-elements/modules/theme-builder/conditions/?C=D;O=A" "Mozilla/5.0 AppleWebKit/537.36 (KHTML, like Gecko; compatible; GPTBot/1.3; +https://openai.com/gptbot)"
74.7.227.150 - - [05/Apr/2026:09:09:50 -0400] "GET /wp-content/plugins/elementor/includes/template-library/classes/?C=M;O=D HTTP/1.0" 200 467 "https://linguareachagency.com/wp-content/plugins/elementor/includes/template-library/classes/?C=M;O=A" "Mozilla/5.0 AppleWebKit/537.36 (KHTML, like Gecko; compatible; GPTBot/1.3; +https://openai.com/gptbot)"
74.7.227.150 - - [05/Apr/2026:09:10:31 -0400] "GET /wp-content/plugins/pro-elements/modules/floating-buttons/classes/?C=M;O=D HTTP/1.0" 200 406 "https://linguareachagency.com/wp-content/plugins/pro-elements/modules/floating-buttons/classes/?C=M;O=A" "Mozilla/5.0 AppleWebKit/537.36 (KHTML, like Gecko; compatible; GPTBot/1.3; +https://openai.com/gptbot)"
74.7.227.150 - - [05/Apr/2026:09:11:20 -0400] "GET /wp-content/plugins/pro-elements/modules/animated-headline/widgets/?C=D;O=D HTTP/1.0" 200 413 "https://linguareachagency.com/wp-content/plugins/pro-elements/modules/animated-headline/widgets/?C=D;O=A" "Mozilla/5.0 AppleWebKit/537.36 (KHTML, like Gecko; compatible; GPTBot/1.3; +https://openai.com/gptbot)"
161.178.3.105 - - [05/Apr/2026:09:11:32 -0400] "POST /wp-login.php HTTP/1.0" 200 6464 "-" "Mozilla/5.0"
74.7.227.150 - - [05/Apr/2026:09:11:53 -0400] "GET /wp-content/plugins/elementor/modules/atomic-widgets/database/?C=D;O=D HTTP/1.0" 200 444 "https://linguareachagency.com/wp-content/plugins/elementor/modules/atomic-widgets/database/?C=D;O=A" "Mozilla/5.0 AppleWebKit/537.36 (KHTML, like Gecko; compatible; GPTBot/1.3; +https://openai.com/gptbot)"
167.99.125.188 - - [05/Apr/2026:09:12:14 -0400] "POST /wp-login.php HTTP/1.0" 200 6464 "-" "Mozilla/5.0"
74.7.227.150 - - [05/Apr/2026:09:12:26 -0400] "GET /wp-content/plugins/elementor/modules/atomic-widgets/parsers/?C=D;O=D HTTP/1.0" 200 430 "https://linguareachagency.com/wp-content/plugins/elementor/modules/atomic-widgets/parsers/?C=D;O=A" "Mozilla/5.0 AppleWebKit/537.36 (KHTML, like Gecko; compatible; GPTBot/1.3; +https://openai.com/gptbot)"
74.7.227.150 - - [05/Apr/2026:09:12:58 -0400] "GET /wp-content/plugins/elementor/modules/floating-buttons/classes/?C=N;O=A HTTP/1.0" 200 436 "https://linguareachagency.com/wp-content/plugins/elementor/modules/floating-buttons/classes/?C=D;O=A" "Mozilla/5.0 AppleWebKit/537.36 (KHTML, like Gecko; compatible; GPTBot/1.3; +https://openai.com/gptbot)"
74.7.227.150 - - [05/Apr/2026:09:13:27 -0400] "GET /wp-content/plugins/elementor/modules/site-navigation/rest-fields/?C=M;O=D HTTP/1.0" 200 417 "https://linguareachagency.com/wp-content/plugins/elementor/modules/site-navigation/rest-fields/?C=M;O=A" "Mozilla/5.0 AppleWebKit/537.36 (KHTML, like Gecko; compatible; GPTBot/1.3; +https://openai.com/gptbot)"
74.7.227.150 - - [05/Apr/2026:09:13:46 -0400] "GET /wp-content/plugins/pro-elements/modules/theme-builder/conditions/?C=N;O=A HTTP/1.0" 200 716 "https://linguareachagency.com/wp-content/plugins/pro-elements/modules/theme-builder/conditions/?C=D;O=A" "Mozilla/5.0 AppleWebKit/537.36 (KHTML, like Gecko; compatible; GPTBot/1.3; +https://openai.com/gptbot)"
138.68.162.171 - - [05/Apr/2026:09:13:57 -0400] "POST /xmlrpc.php HTTP/1.0" 200 206 "-" "Mozilla/5.0 (Windows NT 10.0; WOW64) AppleWebKit/537.36 (KHTML, like Gecko) Chrome/141.0.0.0 Safari/537.36 Edg/141.0.0.0"
74.7.227.150 - - [05/Apr/2026:09:14:07 -0400] "GET /wp-content/plugins/elementor/modules/atomic-widgets/parsers/?C=S;O=A HTTP/1.0" 200 432 "https://linguareachagency.com/wp-content/plugins/elementor/modules/atomic-widgets/parsers/" "Mozilla/5.0 AppleWebKit/537.36 (KHTML, like Gecko; compatible; GPTBot/1.3; +https://openai.com/gptbot)"
74.7.227.150 - - [05/Apr/2026:09:14:30 -0400] "GET /wp-content/plugins/elementor/modules/atomic-widgets/parsers/?C=N;O=D HTTP/1.0" 200 430 "https://linguareachagency.com/wp-content/plugins/elementor/modules/atomic-widgets/parsers/" "Mozilla/5.0 AppleWebKit/537.36 (KHTML, like Gecko; compatible; GPTBot/1.3; +https://openai.com/gptbot)"
74.7.227.150 - - [05/Apr/2026:09:14:51 -0400] "GET /wp-content/plugins/pro-elements/modules/theme-builder/conditions/taxonomy.php HTTP/1.0" 200 - "https://linguareachagency.com/wp-content/plugins/pro-elements/modules/theme-builder/conditions/?C=D;O=D" "Mozilla/5.0 AppleWebKit/537.36 (KHTML, like Gecko; compatible; GPTBot/1.3; +https://openai.com/gptbot)"
74.7.227.150 - - [05/Apr/2026:09:15:04 -0400] "GET /wp-content/plugins/pro-elements/modules/theme-builder/conditions/?C=M;O=A HTTP/1.0" 200 716 "https://linguareachagency.com/wp-content/plugins/pro-elements/modules/theme-builder/conditions/?C=D;O=D" "Mozilla/5.0 AppleWebKit/537.36 (KHTML, like Gecko; compatible; GPTBot/1.3; +https://openai.com/gptbot)"
74.7.227.150 - - [05/Apr/2026:09:15:15 -0400] "GET /wp-content/plugins/elementor/modules/floating-buttons/widgets/?C=N;O=D HTTP/1.0" 200 441 "https://linguareachagency.com/wp-content/plugins/elementor/modules/floating-buttons/widgets/" "Mozilla/5.0 AppleWebKit/537.36 (KHTML, like Gecko; compatible; GPTBot/1.3; +https://openai.com/gptbot)"
74.7.227.150 - - [05/Apr/2026:09:15:27 -0400] "GET /wp-content/plugins/pro-elements/modules/animated-headline/widgets/?C=N;O=A HTTP/1.0" 200 414 "https://linguareachagency.com/wp-content/plugins/pro-elements/modules/animated-headline/widgets/?C=S;O=A" "Mozilla/5.0 AppleWebKit/537.36 (KHTML, like Gecko; compatible; GPTBot/1.3; +https://openai.com/gptbot)"
74.7.227.150 - - [05/Apr/2026:09:15:43 -0400] "GET /wp-content/plugins/elementor/includes/template-library/classes/?C=D;O=A HTTP/1.0" 200 470 "https://linguareachagency.com/wp-content/plugins/elementor/includes/template-library/classes/" "Mozilla/5.0 AppleWebKit/537.36 (KHTML, like Gecko; compatible; GPTBot/1.3; +https://openai.com/gptbot)"
74.7.227.150 - - [05/Apr/2026:09:15:50 -0400] "GET /wp-content/plugins/pro-elements/modules/theme-builder/conditions/?C=S;O=A HTTP/1.0" 200 716 "https://linguareachagency.com/wp-content/plugins/pro-elements/modules/theme-builder/conditions/" "Mozilla/5.0 AppleWebKit/537.36 (KHTML, like Gecko; compatible; GPTBot/1.3; +https://openai.com/gptbot)"
170.64.178.144 - - [05/Apr/2026:09:15:56 -0400] "POST /wp-login.php HTTP/1.0" 200 6464 "-" "Mozilla/5.0"
74.7.227.150 - - [05/Apr/2026:09:16:02 -0400] "GET /wp-content/plugins/elementor/modules/atomic-widgets/parsers/?C=M;O=A HTTP/1.0" 429 17 "https://linguareachagency.com/wp-content/plugins/elementor/modules/atomic-widgets/parsers/" "Mozilla/5.0 AppleWebKit/537.36 (KHTML, like Gecko; compatible; GPTBot/1.3; +https://openai.com/gptbot)"
74.7.227.150 - - [05/Apr/2026:09:16:08 -0400] "GET /wp-content/plugins/elementor/core/behaviors/interfaces/?C=D;O=D HTTP/1.0" 429 17 "https://linguareachagency.com/wp-content/plugins/elementor/core/behaviors/interfaces/?C=D;O=A" "Mozilla/5.0 AppleWebKit/537.36 (KHTML, like Gecko; compatible; GPTBot/1.3; +https://openai.com/gptbot)"
74.7.227.150 - - [05/Apr/2026:09:16:39 -0400] "GET /wp-content/plugins/pro-elements/modules/theme-builder/conditions/?C=N;O=D HTTP/1.0" 429 17 "https://linguareachagency.com/wp-content/plugins/pro-elements/modules/theme-builder/conditions/?C=N;O=A" "Mozilla/5.0 AppleWebKit/537.36 (KHTML, like Gecko; compatible; GPTBot/1.3; +https://openai.com/gptbot)"
74.7.227.150 - - [05/Apr/2026:09:17:37 -0400] "GET /wp-content/plugins/elementor/modules/atomic-widgets/parsers/?C=S;O=D HTTP/1.0" 429 17 "https://linguareachagency.com/wp-content/plugins/elementor/modules/atomic-widgets/parsers/?C=S;O=A" "Mozilla/5.0 AppleWebKit/537.36 (KHTML, like Gecko; compatible; GPTBot/1.3; +https://openai.com/gptbot)"
74.7.227.150 - - [05/Apr/2026:09:18:48 -0400] "GET /wp-content/plugins/pro-elements/assets/js/packages/editor-site-navigation-extended/?C=M;O=A HTTP/1.0" 200 471 "https://linguareachagency.com/wp-content/plugins/pro-elements/assets/js/packages/editor-site-navigation-extended/" "Mozilla/5.0 AppleWebKit/537.36 (KHTML, like Gecko; compatible; GPTBot/1.3; +https://openai.com/gptbot)"
74.7.227.150 - - [05/Apr/2026:09:19:43 -0400] "GET /wp-content/plugins/pro-elements/assets/js/packages/editor-site-navigation-extended/?C=N;O=D HTTP/1.0" 200 470 "https://linguareachagency.com/wp-content/plugins/pro-elements/assets/js/packages/editor-site-navigation-extended/" "Mozilla/5.0 AppleWebKit/537.36 (KHTML, like Gecko; compatible; GPTBot/1.3; +https://openai.com/gptbot)"
74.7.227.150 - - [05/Apr/2026:09:20:50 -0400] "GET /wp-content/plugins/pro-elements/modules/theme-builder/conditions/?C=M;O=D HTTP/1.0" 200 722 "https://linguareachagency.com/wp-content/plugins/pro-elements/modules/theme-builder/conditions/?C=M;O=A" "Mozilla/5.0 AppleWebKit/537.36 (KHTML, like Gecko; compatible; GPTBot/1.3; +https://openai.com/gptbot)"
74.7.227.150 - - [05/Apr/2026:09:21:32 -0400] "GET /wp-content/plugins/pro-elements/assets/js/packages/editor-site-navigation-extended/?C=S;O=A HTTP/1.0" 200 472 "https://linguareachagency.com/wp-content/plugins/pro-elements/assets/js/packages/editor-site-navigation-extended/" "Mozilla/5.0 AppleWebKit/537.36 (KHTML, like Gecko; compatible; GPTBot/1.3; +https://openai.com/gptbot)"
74.7.227.150 - - [05/Apr/2026:09:22:14 -0400] "GET /wp-content/plugins/pro-elements/assets/js/packages/editor-site-navigation-extended/?C=D;O=A HTTP/1.0" 200 471 "https://linguareachagency.com/wp-content/plugins/pro-elements/assets/js/packages/editor-site-navigation-extended/" "Mozilla/5.0 AppleWebKit/537.36 (KHTML, like Gecko; compatible; GPTBot/1.3; +https://openai.com/gptbot)"
74.7.227.150 - - [05/Apr/2026:09:22:55 -0400] "GET /wp-content/plugins/elementor/assets/lib/font-awesome/?C=M;O=A HTTP/1.0" 200 460 "https://linguareachagency.com/wp-content/plugins/elementor/assets/lib/font-awesome/" "Mozilla/5.0 AppleWebKit/537.36 (KHTML, like Gecko; compatible; GPTBot/1.3; +https://openai.com/gptbot)"
74.7.227.150 - - [05/Apr/2026:09:23:36 -0400] "GET /wp-content/plugins/pro-elements/modules/theme-builder/conditions/?C=S;O=D HTTP/1.0" 200 709 "https://linguareachagency.com/wp-content/plugins/pro-elements/modules/theme-builder/conditions/?C=S;O=A" "Mozilla/5.0 AppleWebKit/537.36 (KHTML, like Gecko; compatible; GPTBot/1.3; +https://openai.com/gptbot)"
144.208.76.23 - - [05/Apr/2026:09:24:04 -0400] "POST /wp-cron.php?doing_wp_cron=1775395444.1343460083007812500000 HTTP/1.0" 200 - "-" "WordPress/6.9.4; https://linguareachagency.com"
167.99.125.188 - - [05/Apr/2026:09:24:03 -0400] "POST /wp-login.php HTTP/1.0" 200 6464 "-" "Mozilla/5.0"
74.7.227.150 - - [05/Apr/2026:09:24:07 -0400] "GET /wp-content/plugins/elementor/includes/template-library/classes/?C=D;O=D HTTP/1.0" 200 467 "https://linguareachagency.com/wp-content/plugins/elementor/includes/template-library/classes/?C=D;O=A" "Mozilla/5.0 AppleWebKit/537.36 (KHTML, like Gecko; compatible; GPTBot/1.3; +https://openai.com/gptbot)"
74.7.227.150 - - [05/Apr/2026:09:24:36 -0400] "GET /wp-content/plugins/elementor/assets/lib/font-awesome/?C=D;O=A HTTP/1.0" 200 455 "https://linguareachagency.com/wp-content/plugins/elementor/assets/lib/font-awesome/" "Mozilla/5.0 AppleWebKit/537.36 (KHTML, like Gecko; compatible; GPTBot/1.3; +https://openai.com/gptbot)"
161.178.3.105 - - [05/Apr/2026:09:24:55 -0400] "POST /wp-login.php HTTP/1.0" 200 6464 "-" "Mozilla/5.0"
74.7.227.150 - - [05/Apr/2026:09:25:19 -0400] "GET /wp-content/plugins/pro-elements/modules/posts/traits/?C=N;O=D HTTP/1.0" 200 452 "https://linguareachagency.com/wp-content/plugins/pro-elements/modules/posts/traits/" "Mozilla/5.0 AppleWebKit/537.36 (KHTML, like Gecko; compatible; GPTBot/1.3; +https://openai.com/gptbot)"
74.7.227.150 - - [05/Apr/2026:09:25:30 -0400] "GET /wp-content/plugins/elementor/assets/lib/font-awesome/?C=N;O=D HTTP/1.0" 200 454 "https://linguareachagency.com/wp-content/plugins/elementor/assets/lib/font-awesome/" "Mozilla/5.0 AppleWebKit/537.36 (KHTML, like Gecko; compatible; GPTBot/1.3; +https://openai.com/gptbot)"
170.64.178.144 - - [05/Apr/2026:09:25:34 -0400] "POST /wp-login.php HTTP/1.0" 200 6464 "-" "Mozilla/5.0"
