142.111.152.203 - - [05/Apr/2026:21:54:05 -0400] "POST /wp-login.php HTTP/1.0" 200 6464 "-" "Mozilla/5.0"
167.99.125.188 - - [05/Apr/2026:21:54:08 -0400] "POST /wp-login.php HTTP/1.0" 200 6464 "-" "Mozilla/5.0"
136.144.35.226 - - [05/Apr/2026:21:59:02 -0400] "POST /wp-login.php HTTP/1.0" 200 6464 "-" "Mozilla/5.0"
161.178.132.46 - - [05/Apr/2026:21:59:44 -0400] "POST /wp-login.php HTTP/1.0" 200 6464 "-" "Mozilla/5.0"
15.181.97.95 - - [05/Apr/2026:22:01:28 -0400] "POST /wp-login.php HTTP/1.0" 200 6464 "-" "Mozilla/5.0"
170.64.178.144 - - [05/Apr/2026:22:06:53 -0400] "POST /wp-login.php HTTP/1.0" 200 6464 "-" "Mozilla/5.0"
142.111.152.77 - - [05/Apr/2026:22:07:58 -0400] "POST /wp-login.php HTTP/1.0" 200 6464 "-" "Mozilla/5.0"
161.178.132.46 - - [05/Apr/2026:22:11:28 -0400] "POST /wp-login.php HTTP/1.0" 200 6464 "-" "Mozilla/5.0"
15.181.97.95 - - [05/Apr/2026:22:12:01 -0400] "POST /wp-login.php HTTP/1.0" 200 6464 "-" "Mozilla/5.0"
74.7.243.230 - - [05/Apr/2026:22:14:21 -0400] "GET /wp-content/plugins/elementor/modules/atomic-widgets/import-export/?C=N;O=A HTTP/1.0" 200 441 "https://linguareachagency.com/wp-content/plugins/elementor/modules/atomic-widgets/import-export/?C=D;O=A" "Mozilla/5.0 AppleWebKit/537.36 (KHTML, like Gecko; compatible; GPTBot/1.3; +https://openai.com/gptbot)"
74.7.243.230 - - [05/Apr/2026:22:14:58 -0400] "GET /wp-content/plugins/elementor/modules/atomic-widgets/import-export/?C=M;O=A HTTP/1.0" 200 440 "https://linguareachagency.com/wp-content/plugins/elementor/modules/atomic-widgets/import-export/?C=D;O=A" "Mozilla/5.0 AppleWebKit/537.36 (KHTML, like Gecko; compatible; GPTBot/1.3; +https://openai.com/gptbot)"
74.7.243.230 - - [05/Apr/2026:22:15:37 -0400] "GET /wp-json/oembed/1.0/embed?url=https%3A%2F%2Flinguareachagency.com%2F HTTP/1.0" 200 1055 "https://linguareachagency.com/" "Mozilla/5.0 AppleWebKit/537.36 (KHTML, like Gecko; compatible; GPTBot/1.3; +https://openai.com/gptbot)"
74.7.243.230 - - [05/Apr/2026:22:15:47 -0400] "GET /wp-includes/js/dist/i18n.min.js?ver=c26c3dc7bed366793375 HTTP/1.0" 200 2229 "https://linguareachagency.com/" "Mozilla/5.0 AppleWebKit/537.36 (KHTML, like Gecko; compatible; GPTBot/1.3; +https://openai.com/gptbot)"
74.7.243.230 - - [05/Apr/2026:22:16:09 -0400] "GET /wp-content/plugins/elementor/modules/floating-buttons/control/?C=N;O=A HTTP/1.0" 200 429 "https://linguareachagency.com/wp-content/plugins/elementor/modules/floating-buttons/control/?C=S;O=A" "Mozilla/5.0 AppleWebKit/537.36 (KHTML, like Gecko; compatible; GPTBot/1.3; +https://openai.com/gptbot)"
74.7.243.230 - - [05/Apr/2026:22:16:17 -0400] "GET /wp-content/plugins/elementor/modules/floating-buttons/control/?C=S;O=D HTTP/1.0" 200 427 "https://linguareachagency.com/wp-content/plugins/elementor/modules/floating-buttons/control/?C=S;O=A" "Mozilla/5.0 AppleWebKit/537.36 (KHTML, like Gecko; compatible; GPTBot/1.3; +https://openai.com/gptbot)"
74.7.243.230 - - [05/Apr/2026:22:16:23 -0400] "GET /wp-content/plugins/elementor/modules/atomic-widgets/controls/?C=D;O=D HTTP/1.0" 200 427 "https://linguareachagency.com/wp-content/plugins/elementor/modules/atomic-widgets/controls/?C=D;O=A" "Mozilla/5.0 AppleWebKit/537.36 (KHTML, like Gecko; compatible; GPTBot/1.3; +https://openai.com/gptbot)"
74.7.243.230 - - [05/Apr/2026:22:16:49 -0400] "GET /wp-content/plugins/elementor/modules/floating-buttons/documents/?C=S;O=D HTTP/1.0" 200 407 "https://linguareachagency.com/wp-content/plugins/elementor/modules/floating-buttons/documents/?C=S;O=A" "Mozilla/5.0 AppleWebKit/537.36 (KHTML, like Gecko; compatible; GPTBot/1.3; +https://openai.com/gptbot)"
74.7.243.230 - - [05/Apr/2026:22:17:10 -0400] "GET /wp-content/plugins/elementor/modules/floating-buttons/control/?C=M;O=A HTTP/1.0" 200 429 "https://linguareachagency.com/wp-content/plugins/elementor/modules/floating-buttons/control/" "Mozilla/5.0 AppleWebKit/537.36 (KHTML, like Gecko; compatible; GPTBot/1.3; +https://openai.com/gptbot)"
74.7.243.230 - - [05/Apr/2026:22:17:17 -0400] "GET /wp-content/plugins/elementor/modules/floating-buttons/documents/?C=M;O=D HTTP/1.0" 200 407 "https://linguareachagency.com/wp-content/plugins/elementor/modules/floating-buttons/documents/?C=M;O=A" "Mozilla/5.0 AppleWebKit/537.36 (KHTML, like Gecko; compatible; GPTBot/1.3; +https://openai.com/gptbot)"
74.7.243.230 - - [05/Apr/2026:22:17:24 -0400] "GET /wp-content/plugins/elementor/modules/variables/classes/?C=D;O=D HTTP/1.0" 200 536 "https://linguareachagency.com/wp-content/plugins/elementor/modules/variables/classes/?C=D;O=A" "Mozilla/5.0 AppleWebKit/537.36 (KHTML, like Gecko; compatible; GPTBot/1.3; +https://openai.com/gptbot)"
74.7.243.230 - - [05/Apr/2026:22:17:29 -0400] "GET /wp-content/plugins/elementor/modules/atomic-widgets/import-export/?C=N;O=D HTTP/1.0" 200 437 "https://linguareachagency.com/wp-content/plugins/elementor/modules/atomic-widgets/import-export/?C=N;O=A" "Mozilla/5.0 AppleWebKit/537.36 (KHTML, like Gecko; compatible; GPTBot/1.3; +https://openai.com/gptbot)"
74.7.243.230 - - [05/Apr/2026:22:17:32 -0400] "GET /wp-content/plugins/elementor/modules/atomic-widgets/import-export/?C=M;O=D HTTP/1.0" 200 437 "https://linguareachagency.com/wp-content/plugins/elementor/modules/atomic-widgets/import-export/?C=M;O=A" "Mozilla/5.0 AppleWebKit/537.36 (KHTML, like Gecko; compatible; GPTBot/1.3; +https://openai.com/gptbot)"
74.7.243.230 - - [05/Apr/2026:22:17:34 -0400] "GET /wp-content/plugins/elementor/modules/atomic-widgets/import-export/?C=S;O=A HTTP/1.0" 200 439 "https://linguareachagency.com/wp-content/plugins/elementor/modules/atomic-widgets/import-export/" "Mozilla/5.0 AppleWebKit/537.36 (KHTML, like Gecko; compatible; GPTBot/1.3; +https://openai.com/gptbot)"
74.7.243.230 - - [05/Apr/2026:22:17:36 -0400] "GET /wp-content/plugins/elementor/core/common/modules/event-tracker/?C=N;O=D HTTP/1.0" 200 463 "https://linguareachagency.com/wp-content/plugins/elementor/core/common/modules/event-tracker/" "Mozilla/5.0 AppleWebKit/537.36 (KHTML, like Gecko; compatible; GPTBot/1.3; +https://openai.com/gptbot)"
74.7.243.230 - - [05/Apr/2026:22:17:37 -0400] "GET /wp-content/plugins/elementor/core/common/modules/event-tracker/?C=M;O=A HTTP/1.0" 200 465 "https://linguareachagency.com/wp-content/plugins/elementor/core/common/modules/event-tracker/" "Mozilla/5.0 AppleWebKit/537.36 (KHTML, like Gecko; compatible; GPTBot/1.3; +https://openai.com/gptbot)"
74.7.243.230 - - [05/Apr/2026:22:17:38 -0400] "GET /wp-content/plugins/elementor/core/common/modules/event-tracker/?C=D;O=A HTTP/1.0" 200 464 "https://linguareachagency.com/wp-content/plugins/elementor/core/common/modules/event-tracker/" "Mozilla/5.0 AppleWebKit/537.36 (KHTML, like Gecko; compatible; GPTBot/1.3; +https://openai.com/gptbot)"
74.7.243.230 - - [05/Apr/2026:22:17:39 -0400] "GET /wp-content/plugins/elementor/core/common/modules/event-tracker/?C=S;O=A HTTP/1.0" 200 466 "https://linguareachagency.com/wp-content/plugins/elementor/core/common/modules/event-tracker/" "Mozilla/5.0 AppleWebKit/537.36 (KHTML, like Gecko; compatible; GPTBot/1.3; +https://openai.com/gptbot)"
74.7.243.230 - - [05/Apr/2026:22:17:41 -0400] "GET /wp-content/plugins/pro-elements/modules/gallery/widgets/?C=D;O=D HTTP/1.0" 200 409 "https://linguareachagency.com/wp-content/plugins/pro-elements/modules/gallery/widgets/?C=D;O=A" "Mozilla/5.0 AppleWebKit/537.36 (KHTML, like Gecko; compatible; GPTBot/1.3; +https://openai.com/gptbot)"
74.7.243.230 - - [05/Apr/2026:22:17:42 -0400] "GET /wp-content/plugins/elementor/modules/floating-buttons/control/?C=M;O=D HTTP/1.0" 200 427 "https://linguareachagency.com/wp-content/plugins/elementor/modules/floating-buttons/control/?C=M;O=A" "Mozilla/5.0 AppleWebKit/537.36 (KHTML, like Gecko; compatible; GPTBot/1.3; +https://openai.com/gptbot)"
74.7.243.230 - - [05/Apr/2026:22:17:43 -0400] "GET /wp-content/plugins/pro-elements/modules/search/widgets/?C=D;O=D HTTP/1.0" 200 407 "https://linguareachagency.com/wp-content/plugins/pro-elements/modules/search/widgets/?C=D;O=A" "Mozilla/5.0 AppleWebKit/537.36 (KHTML, like Gecko; compatible; GPTBot/1.3; +https://openai.com/gptbot)"
74.7.243.230 - - [05/Apr/2026:22:17:46 -0400] "GET /wp-content/plugins/elementor/data/v2/base/processor/?C=D;O=A HTTP/1.0" 200 427 "https://linguareachagency.com/wp-content/plugins/elementor/data/v2/base/processor/" "Mozilla/5.0 AppleWebKit/537.36 (KHTML, like Gecko; compatible; GPTBot/1.3; +https://openai.com/gptbot)"
74.7.243.230 - - [05/Apr/2026:22:17:48 -0400] "GET /wp-content/plugins/pro-elements/assets/lib/html2canvas/js/?C=S;O=A HTTP/1.0" 200 423 "https://linguareachagency.com/wp-content/plugins/pro-elements/assets/lib/html2canvas/js/" "Mozilla/5.0 AppleWebKit/537.36 (KHTML, like Gecko; compatible; GPTBot/1.3; +https://openai.com/gptbot)"
74.7.243.230 - - [05/Apr/2026:22:17:49 -0400] "GET /wp-content/plugins/pro-elements/assets/lib/html2canvas/js/?C=D;O=A HTTP/1.0" 200 424 "https://linguareachagency.com/wp-content/plugins/pro-elements/assets/lib/html2canvas/js/" "Mozilla/5.0 AppleWebKit/537.36 (KHTML, like Gecko; compatible; GPTBot/1.3; +https://openai.com/gptbot)"
74.7.243.230 - - [05/Apr/2026:22:17:51 -0400] "GET /wp-content/plugins/elementor/modules/atomic-widgets/import-export/?C=S;O=D HTTP/1.0" 200 439 "https://linguareachagency.com/wp-content/plugins/elementor/modules/atomic-widgets/import-export/?C=S;O=A" "Mozilla/5.0 AppleWebKit/537.36 (KHTML, like Gecko; compatible; GPTBot/1.3; +https://openai.com/gptbot)"
74.7.243.230 - - [05/Apr/2026:22:17:52 -0400] "GET /wp-content/plugins/elementor/core/common/modules/event-tracker/?C=N;O=A HTTP/1.0" 200 464 "https://linguareachagency.com/wp-content/plugins/elementor/core/common/modules/event-tracker/?C=N;O=D" "Mozilla/5.0 AppleWebKit/537.36 (KHTML, like Gecko; compatible; GPTBot/1.3; +https://openai.com/gptbot)"
74.7.243.230 - - [05/Apr/2026:22:17:53 -0400] "GET /wp-content/plugins/elementor/core/common/modules/event-tracker/?C=M;O=D HTTP/1.0" 429 17 "https://linguareachagency.com/wp-content/plugins/elementor/core/common/modules/event-tracker/?C=M;O=A" "Mozilla/5.0 AppleWebKit/537.36 (KHTML, like Gecko; compatible; GPTBot/1.3; +https://openai.com/gptbot)"
74.7.243.230 - - [05/Apr/2026:22:17:54 -0400] "GET /wp-content/plugins/elementor/core/common/modules/event-tracker/?C=D;O=D HTTP/1.0" 429 17 "https://linguareachagency.com/wp-content/plugins/elementor/core/common/modules/event-tracker/?C=D;O=A" "Mozilla/5.0 AppleWebKit/537.36 (KHTML, like Gecko; compatible; GPTBot/1.3; +https://openai.com/gptbot)"
74.7.243.230 - - [05/Apr/2026:22:17:56 -0400] "GET /wp-content/plugins/elementor/core/common/modules/event-tracker/?C=S;O=D HTTP/1.0" 429 17 "https://linguareachagency.com/wp-content/plugins/elementor/core/common/modules/event-tracker/?C=S;O=A" "Mozilla/5.0 AppleWebKit/537.36 (KHTML, like Gecko; compatible; GPTBot/1.3; +https://openai.com/gptbot)"
74.7.243.230 - - [05/Apr/2026:22:18:00 -0400] "GET /wp-content/plugins/elementor/data/v2/base/processor/?C=M;O=A HTTP/1.0" 429 17 "https://linguareachagency.com/wp-content/plugins/elementor/data/v2/base/processor/" "Mozilla/5.0 AppleWebKit/537.36 (KHTML, like Gecko; compatible; GPTBot/1.3; +https://openai.com/gptbot)"
74.7.243.230 - - [05/Apr/2026:22:18:14 -0400] "GET /wp-content/plugins/elementor/data/v2/base/exceptions/?C=S;O=A HTTP/1.0" 429 17 "https://linguareachagency.com/wp-content/plugins/elementor/data/v2/base/exceptions/" "Mozilla/5.0 AppleWebKit/537.36 (KHTML, like Gecko; compatible; GPTBot/1.3; +https://openai.com/gptbot)"
74.7.243.230 - - [05/Apr/2026:22:18:56 -0400] "GET /wp-content/plugins/elementor/data/v2/base/exceptions/?C=D;O=A HTTP/1.0" 429 17 "https://linguareachagency.com/wp-content/plugins/elementor/data/v2/base/exceptions/" "Mozilla/5.0 AppleWebKit/537.36 (KHTML, like Gecko; compatible; GPTBot/1.3; +https://openai.com/gptbot)"
74.7.243.230 - - [05/Apr/2026:22:20:01 -0400] "GET /wp-content/plugins/elementor/data/v2/base/processor/?C=N;O=A HTTP/1.0" 429 17 "https://linguareachagency.com/wp-content/plugins/elementor/data/v2/base/processor/?C=D;O=A" "Mozilla/5.0 AppleWebKit/537.36 (KHTML, like Gecko; compatible; GPTBot/1.3; +https://openai.com/gptbot)"
170.64.178.144 - - [05/Apr/2026:22:20:37 -0400] "POST /wp-login.php HTTP/1.0" 200 6464 "-" "Mozilla/5.0"
144.208.76.23 - - [05/Apr/2026:22:20:57 -0400] "POST /wp-cron.php?doing_wp_cron=1775442057.2200729846954345703125 HTTP/1.0" 200 - "-" "WordPress/6.9.4; https://linguareachagency.com"
136.144.35.222 - - [05/Apr/2026:22:20:56 -0400] "POST /wp-login.php HTTP/1.0" 200 6464 "-" "Mozilla/5.0"
74.7.243.230 - - [05/Apr/2026:22:21:02 -0400] "GET /wp-content/plugins/pro-elements/assets/lib/html2canvas/js/?C=N;O=A HTTP/1.0" 429 17 "https://linguareachagency.com/wp-content/plugins/pro-elements/assets/lib/html2canvas/js/?C=S;O=A" "Mozilla/5.0 AppleWebKit/537.36 (KHTML, like Gecko; compatible; GPTBot/1.3; +https://openai.com/gptbot)"
142.111.152.82 - - [05/Apr/2026:22:21:46 -0400] "POST /wp-login.php HTTP/1.0" 200 6464 "-" "Mozilla/5.0"
74.7.243.230 - - [05/Apr/2026:22:22:06 -0400] "GET /wp-content/plugins/elementor/data/v2/base/exceptions/?C=N;O=D HTTP/1.0" 429 17 "https://linguareachagency.com/wp-content/plugins/elementor/data/v2/base/exceptions/" "Mozilla/5.0 AppleWebKit/537.36 (KHTML, like Gecko; compatible; GPTBot/1.3; +https://openai.com/gptbot)"
15.181.97.95 - - [05/Apr/2026:22:22:50 -0400] "POST /wp-login.php HTTP/1.0" 200 6464 "-" "Mozilla/5.0"
74.7.243.230 - - [05/Apr/2026:22:23:07 -0400] "GET /wp-content/plugins/elementor/data/v2/base/processor/?C=S;O=A HTTP/1.0" 200 427 "https://linguareachagency.com/wp-content/plugins/elementor/data/v2/base/processor/" "Mozilla/5.0 AppleWebKit/537.36 (KHTML, like Gecko; compatible; GPTBot/1.3; +https://openai.com/gptbot)"
161.178.132.46 - - [05/Apr/2026:22:23:27 -0400] "POST /wp-login.php HTTP/1.0" 200 6464 "-" "Mozilla/5.0"
74.7.243.230 - - [05/Apr/2026:22:24:07 -0400] "GET /wp-content/plugins/elementor/data/v2/base/exceptions/?C=M;O=A HTTP/1.0" 200 463 "https://linguareachagency.com/wp-content/plugins/elementor/data/v2/base/exceptions/" "Mozilla/5.0 AppleWebKit/537.36 (KHTML, like Gecko; compatible; GPTBot/1.3; +https://openai.com/gptbot)"
74.7.243.230 - - [05/Apr/2026:22:25:04 -0400] "GET /wp-content/plugins/pro-elements/assets/lib/html2canvas/js/?C=M;O=A HTTP/1.0" 200 425 "https://linguareachagency.com/wp-content/plugins/pro-elements/assets/lib/html2canvas/js/" "Mozilla/5.0 AppleWebKit/537.36 (KHTML, like Gecko; compatible; GPTBot/1.3; +https://openai.com/gptbot)"
15.253.24.82 - - [05/Apr/2026:22:25:05 -0400] "POST /wp-login.php HTTP/1.0" 200 6464 "-" "Mozilla/5.0"
74.7.243.230 - - [05/Apr/2026:22:25:55 -0400] "GET /wp-content/plugins/elementor/data/v2/base/processor/?C=N;O=D HTTP/1.0" 200 424 "https://linguareachagency.com/wp-content/plugins/elementor/data/v2/base/processor/" "Mozilla/5.0 AppleWebKit/537.36 (KHTML, like Gecko; compatible; GPTBot/1.3; +https://openai.com/gptbot)"
74.7.243.230 - - [05/Apr/2026:22:26:39 -0400] "GET /wp-content/plugins/pro-elements/assets/lib/html2canvas/js/?C=N;O=D HTTP/1.0" 200 420 "https://linguareachagency.com/wp-content/plugins/pro-elements/assets/lib/html2canvas/js/" "Mozilla/5.0 AppleWebKit/537.36 (KHTML, like Gecko; compatible; GPTBot/1.3; +https://openai.com/gptbot)"
74.7.243.230 - - [05/Apr/2026:22:27:20 -0400] "GET /wp-content/plugins/pro-elements/assets/lib/html2canvas/js/?C=S;O=D HTTP/1.0" 200 427 "https://linguareachagency.com/wp-content/plugins/pro-elements/assets/lib/html2canvas/js/?C=S;O=A" "Mozilla/5.0 AppleWebKit/537.36 (KHTML, like Gecko; compatible; GPTBot/1.3; +https://openai.com/gptbot)"
74.7.243.230 - - [05/Apr/2026:22:27:57 -0400] "GET /wp-content/plugins/pro-elements/assets/lib/html2canvas/js/?C=D;O=D HTTP/1.0" 200 420 "https://linguareachagency.com/wp-content/plugins/pro-elements/assets/lib/html2canvas/js/?C=D;O=A" "Mozilla/5.0 AppleWebKit/537.36 (KHTML, like Gecko; compatible; GPTBot/1.3; +https://openai.com/gptbot)"
74.7.243.230 - - [05/Apr/2026:22:28:31 -0400] "GET /wp-content/plugins/elementor/core/files/assets/svg/?C=S;O=A HTTP/1.0" 200 408 "https://linguareachagency.com/wp-content/plugins/elementor/core/files/assets/svg/" "Mozilla/5.0 AppleWebKit/537.36 (KHTML, like Gecko; compatible; GPTBot/1.3; +https://openai.com/gptbot)"
74.7.243.230 - - [05/Apr/2026:22:29:01 -0400] "GET /wp-content/plugins/elementor/core/files/assets/svg/?C=D;O=A HTTP/1.0" 200 407 "https://linguareachagency.com/wp-content/plugins/elementor/core/files/assets/svg/" "Mozilla/5.0 AppleWebKit/537.36 (KHTML, like Gecko; compatible; GPTBot/1.3; +https://openai.com/gptbot)"
74.7.243.230 - - [05/Apr/2026:22:29:29 -0400] "GET /wp-content/plugins/elementor/assets/js/packages/ui/?C=N;O=D HTTP/1.0" 200 495 "https://linguareachagency.com/wp-content/plugins/elementor/assets/js/packages/ui/" "Mozilla/5.0 AppleWebKit/537.36 (KHTML, like Gecko; compatible; GPTBot/1.3; +https://openai.com/gptbot)"
74.7.243.230 - - [05/Apr/2026:22:29:54 -0400] "GET /wp-content/plugins/elementor/assets/js/packages/ui/?C=S;O=A HTTP/1.0" 200 497 "https://linguareachagency.com/wp-content/plugins/elementor/assets/js/packages/ui/" "Mozilla/5.0 AppleWebKit/537.36 (KHTML, like Gecko; compatible; GPTBot/1.3; +https://openai.com/gptbot)"
74.7.243.230 - - [05/Apr/2026:22:30:15 -0400] "GET /wp-content/plugins/elementor/data/v2/base/processor/?C=M;O=A HTTP/1.0" 200 427 "https://linguareachagency.com/wp-content/plugins/elementor/data/v2/base/processor/?C=S;O=A" "Mozilla/5.0 AppleWebKit/537.36 (KHTML, like Gecko; compatible; GPTBot/1.3; +https://openai.com/gptbot)"
74.7.243.230 - - [05/Apr/2026:22:30:42 -0400] "GET /wp-content/plugins/elementor/data/v2/base/exceptions/?C=N;O=A HTTP/1.0" 200 463 "https://linguareachagency.com/wp-content/plugins/elementor/data/v2/base/exceptions/?C=M;O=A" "Mozilla/5.0 AppleWebKit/537.36 (KHTML, like Gecko; compatible; GPTBot/1.3; +https://openai.com/gptbot)"
74.7.243.230 - - [05/Apr/2026:22:30:53 -0400] "GET /wp-content/plugins/elementor/data/v2/base/exceptions/?C=S;O=A HTTP/1.0" 200 462 "https://linguareachagency.com/wp-content/plugins/elementor/data/v2/base/exceptions/?C=M;O=A" "Mozilla/5.0 AppleWebKit/537.36 (KHTML, like Gecko; compatible; GPTBot/1.3; +https://openai.com/gptbot)"
74.7.243.230 - - [05/Apr/2026:22:31:08 -0400] "GET /wp-content/plugins/elementor/data/v2/base/exceptions/?C=D;O=A HTTP/1.0" 200 463 "https://linguareachagency.com/wp-content/plugins/elementor/data/v2/base/exceptions/?C=M;O=A" "Mozilla/5.0 AppleWebKit/537.36 (KHTML, like Gecko; compatible; GPTBot/1.3; +https://openai.com/gptbot)"
74.7.243.230 - - [05/Apr/2026:22:31:23 -0400] "GET /wp-content/plugins/pro-elements/assets/lib/html2canvas/js/?C=N;O=A HTTP/1.0" 200 424 "https://linguareachagency.com/wp-content/plugins/pro-elements/assets/lib/html2canvas/js/?C=M;O=A" "Mozilla/5.0 AppleWebKit/537.36 (KHTML, like Gecko; compatible; GPTBot/1.3; +https://openai.com/gptbot)"
74.7.243.230 - - [05/Apr/2026:22:31:36 -0400] "GET /wp-content/plugins/elementor/data/v2/base/processor/?C=S;O=D HTTP/1.0" 200 424 "https://linguareachagency.com/wp-content/plugins/elementor/data/v2/base/processor/?C=S;O=A" "Mozilla/5.0 AppleWebKit/537.36 (KHTML, like Gecko; compatible; GPTBot/1.3; +https://openai.com/gptbot)"
74.7.243.230 - - [05/Apr/2026:22:31:47 -0400] "GET /wp-content/plugins/elementor/data/v2/base/exceptions/?C=M;O=D HTTP/1.0" 200 461 "https://linguareachagency.com/wp-content/plugins/elementor/data/v2/base/exceptions/?C=M;O=A" "Mozilla/5.0 AppleWebKit/537.36 (KHTML, like Gecko; compatible; GPTBot/1.3; +https://openai.com/gptbot)"
74.7.243.230 - - [05/Apr/2026:22:31:58 -0400] "GET /wp-content/plugins/elementor/data/v2/base/processor/?C=N;O=A HTTP/1.0" 200 427 "https://linguareachagency.com/wp-content/plugins/elementor/data/v2/base/processor/?C=S;O=A" "Mozilla/5.0 AppleWebKit/537.36 (KHTML, like Gecko; compatible; GPTBot/1.3; +https://openai.com/gptbot)"
74.7.243.230 - - [05/Apr/2026:22:32:07 -0400] "GET /wp-content/plugins/pro-elements/assets/lib/html2canvas/js/?C=M;O=D HTTP/1.0" 429 17 "https://linguareachagency.com/wp-content/plugins/pro-elements/assets/lib/html2canvas/js/?C=M;O=A" "Mozilla/5.0 AppleWebKit/537.36 (KHTML, like Gecko; compatible; GPTBot/1.3; +https://openai.com/gptbot)"
74.7.243.230 - - [05/Apr/2026:22:32:16 -0400] "GET /wp-content/plugins/elementor/assets/js/packages/ui/ui.min.js HTTP/1.0" 429 17 "https://linguareachagency.com/wp-content/plugins/elementor/assets/js/packages/ui/?C=N;O=D" "Mozilla/5.0 AppleWebKit/537.36 (KHTML, like Gecko; compatible; GPTBot/1.3; +https://openai.com/gptbot)"
74.7.243.230 - - [05/Apr/2026:22:32:41 -0400] "GET /wp-content/plugins/elementor/assets/js/packages/ui/ui.strings.js HTTP/1.0" 429 17 "https://linguareachagency.com/wp-content/plugins/elementor/assets/js/packages/ui/?C=N;O=D" "Mozilla/5.0 AppleWebKit/537.36 (KHTML, like Gecko; compatible; GPTBot/1.3; +https://openai.com/gptbot)"
15.181.97.95 - - [05/Apr/2026:22:33:34 -0400] "POST /wp-login.php HTTP/1.0" 200 6464 "-" "Mozilla/5.0"
74.7.243.230 - - [05/Apr/2026:22:33:46 -0400] "GET /wp-content/plugins/elementor/data/v2/base/processor/?C=M;O=D HTTP/1.0" 200 424 "https://linguareachagency.com/wp-content/plugins/elementor/data/v2/base/processor/?C=M;O=A" "Mozilla/5.0 AppleWebKit/537.36 (KHTML, like Gecko; compatible; GPTBot/1.3; +https://openai.com/gptbot)"
170.64.178.144 - - [05/Apr/2026:22:34:11 -0400] "POST /wp-login.php HTTP/1.0" 200 6464 "-" "Mozilla/5.0"
74.7.243.230 - - [05/Apr/2026:22:34:51 -0400] "GET /wp-content/plugins/elementor/data/v2/base/exceptions/?C=N;O=D HTTP/1.0" 200 461 "https://linguareachagency.com/wp-content/plugins/elementor/data/v2/base/exceptions/?C=N;O=A" "Mozilla/5.0 AppleWebKit/537.36 (KHTML, like Gecko; compatible; GPTBot/1.3; +https://openai.com/gptbot)"
161.178.132.46 - - [05/Apr/2026:22:35:17 -0400] "POST /wp-login.php HTTP/1.0" 200 6464 "-" "Mozilla/5.0"
155.2.215.97 - - [05/Apr/2026:22:35:41 -0400] "POST /wp-login.php HTTP/1.0" 200 6464 "-" "Mozilla/5.0"
74.7.243.230 - - [05/Apr/2026:22:35:50 -0400] "GET /wp-content/plugins/elementor/data/v2/base/exceptions/?C=S;O=D HTTP/1.0" 200 459 "https://linguareachagency.com/wp-content/plugins/elementor/data/v2/base/exceptions/?C=S;O=A" "Mozilla/5.0 AppleWebKit/537.36 (KHTML, like Gecko; compatible; GPTBot/1.3; +https://openai.com/gptbot)"
74.7.243.230 - - [05/Apr/2026:22:36:39 -0400] "GET /wp-content/plugins/elementor/data/v2/base/exceptions/?C=D;O=D HTTP/1.0" 200 461 "https://linguareachagency.com/wp-content/plugins/elementor/data/v2/base/exceptions/?C=D;O=A" "Mozilla/5.0 AppleWebKit/537.36 (KHTML, like Gecko; compatible; GPTBot/1.3; +https://openai.com/gptbot)"
74.7.243.230 - - [05/Apr/2026:22:37:24 -0400] "GET /wp-content/plugins/elementor/assets/js/packages/ui/?C=S;O=D HTTP/1.0" 200 499 "https://linguareachagency.com/wp-content/plugins/elementor/assets/js/packages/ui/?C=S;O=A" "Mozilla/5.0 AppleWebKit/537.36 (KHTML, like Gecko; compatible; GPTBot/1.3; +https://openai.com/gptbot)"
74.7.243.230 - - [05/Apr/2026:22:38:05 -0400] "GET /wp-content/plugins/elementor/assets/js/packages/ui/?C=N;O=A HTTP/1.0" 200 497 "https://linguareachagency.com/wp-content/plugins/elementor/assets/js/packages/ui/?C=N;O=D" "Mozilla/5.0 AppleWebKit/537.36 (KHTML, like Gecko; compatible; GPTBot/1.3; +https://openai.com/gptbot)"
74.7.243.230 - - [05/Apr/2026:22:38:41 -0400] "GET /wp-content/plugins/elementor/core/files/assets/svg/?C=D;O=D HTTP/1.0" 200 405 "https://linguareachagency.com/wp-content/plugins/elementor/core/files/assets/svg/?C=D;O=A" "Mozilla/5.0 AppleWebKit/537.36 (KHTML, like Gecko; compatible; GPTBot/1.3; +https://openai.com/gptbot)"
74.7.243.230 - - [05/Apr/2026:22:39:13 -0400] "GET /wp-content/plugins/elementor/assets/js/packages/ui/?C=M;O=A HTTP/1.0" 200 497 "https://linguareachagency.com/wp-content/plugins/elementor/assets/js/packages/ui/" "Mozilla/5.0 AppleWebKit/537.36 (KHTML, like Gecko; compatible; GPTBot/1.3; +https://openai.com/gptbot)"
74.7.243.230 - - [05/Apr/2026:22:39:42 -0400] "GET /wp-content/plugins/elementor/core/files/assets/svg/?C=N;O=A HTTP/1.0" 200 407 "https://linguareachagency.com/wp-content/plugins/elementor/core/files/assets/svg/?C=S;O=A" "Mozilla/5.0 AppleWebKit/537.36 (KHTML, like Gecko; compatible; GPTBot/1.3; +https://openai.com/gptbot)"
74.7.243.230 - - [05/Apr/2026:22:40:09 -0400] "GET /wp-content/plugins/elementor/core/files/assets/svg/?C=M;O=A HTTP/1.0" 200 408 "https://linguareachagency.com/wp-content/plugins/elementor/core/files/assets/svg/" "Mozilla/5.0 AppleWebKit/537.36 (KHTML, like Gecko; compatible; GPTBot/1.3; +https://openai.com/gptbot)"
74.7.243.230 - - [05/Apr/2026:22:40:33 -0400] "GET /wp-content/plugins/elementor/assets/js/packages/ui/?C=D;O=A HTTP/1.0" 200 497 "https://linguareachagency.com/wp-content/plugins/elementor/assets/js/packages/ui/" "Mozilla/5.0 AppleWebKit/537.36 (KHTML, like Gecko; compatible; GPTBot/1.3; +https://openai.com/gptbot)"
74.7.243.230 - - [05/Apr/2026:22:40:54 -0400] "GET /wp-content/plugins/elementor/core/files/assets/svg/?C=N;O=D HTTP/1.0" 200 405 "https://linguareachagency.com/wp-content/plugins/elementor/core/files/assets/svg/" "Mozilla/5.0 AppleWebKit/537.36 (KHTML, like Gecko; compatible; GPTBot/1.3; +https://openai.com/gptbot)"
74.7.243.230 - - [05/Apr/2026:22:41:13 -0400] "GET /wp-content/plugins/elementor/core/files/assets/svg/?C=S;O=D HTTP/1.0" 200 405 "https://linguareachagency.com/wp-content/plugins/elementor/core/files/assets/svg/?C=S;O=A" "Mozilla/5.0 AppleWebKit/537.36 (KHTML, like Gecko; compatible; GPTBot/1.3; +https://openai.com/gptbot)"
74.7.243.230 - - [05/Apr/2026:22:41:31 -0400] "GET /wp-content/plugins/elementor/assets/lib/e-select2/?C=M;O=A HTTP/1.0" 200 406 "https://linguareachagency.com/wp-content/plugins/elementor/assets/lib/e-select2/" "Mozilla/5.0 AppleWebKit/537.36 (KHTML, like Gecko; compatible; GPTBot/1.3; +https://openai.com/gptbot)"
74.7.243.230 - - [05/Apr/2026:22:41:47 -0400] "GET /wp-content/plugins/elementor/assets/lib/e-select2/?C=S;O=A HTTP/1.0" 200 406 "https://linguareachagency.com/wp-content/plugins/elementor/assets/lib/e-select2/" "Mozilla/5.0 AppleWebKit/537.36 (KHTML, like Gecko; compatible; GPTBot/1.3; +https://openai.com/gptbot)"
74.7.243.230 - - [05/Apr/2026:22:42:01 -0400] "GET /wp-content/plugins/elementor/assets/js/packages/ui/ui.min.js HTTP/1.0" 200 262607 "https://linguareachagency.com/wp-content/plugins/elementor/assets/js/packages/ui/?C=S;O=D" "Mozilla/5.0 AppleWebKit/537.36 (KHTML, like Gecko; compatible; GPTBot/1.3; +https://openai.com/gptbot)"
74.7.243.230 - - [05/Apr/2026:22:42:14 -0400] "GET /wp-content/plugins/elementor/assets/js/packages/ui/ui.strings.js HTTP/1.0" 200 - "https://linguareachagency.com/wp-content/plugins/elementor/assets/js/packages/ui/?C=S;O=D" "Mozilla/5.0 AppleWebKit/537.36 (KHTML, like Gecko; compatible; GPTBot/1.3; +https://openai.com/gptbot)"
136.144.35.215 - - [05/Apr/2026:22:42:24 -0400] "POST /wp-login.php HTTP/1.0" 200 6464 "-" "Mozilla/5.0"
74.7.243.230 - - [05/Apr/2026:22:42:25 -0400] "GET /wp-content/plugins/elementor/assets/lib/e-select2/?C=D;O=A HTTP/1.0" 200 406 "https://linguareachagency.com/wp-content/plugins/elementor/assets/lib/e-select2/" "Mozilla/5.0 AppleWebKit/537.36 (KHTML, like Gecko; compatible; GPTBot/1.3; +https://openai.com/gptbot)"
74.7.243.230 - - [05/Apr/2026:22:42:36 -0400] "GET /wp-content/plugins/elementor/assets/js/packages/ui/?C=M;O=D HTTP/1.0" 429 17 "https://linguareachagency.com/wp-content/plugins/elementor/assets/js/packages/ui/?C=M;O=A" "Mozilla/5.0 AppleWebKit/537.36 (KHTML, like Gecko; compatible; GPTBot/1.3; +https://openai.com/gptbot)"
74.7.243.230 - - [05/Apr/2026:22:42:46 -0400] "GET /wp-content/plugins/elementor/assets/lib/e-select2/?C=N;O=D HTTP/1.0" 429 17 "https://linguareachagency.com/wp-content/plugins/elementor/assets/lib/e-select2/" "Mozilla/5.0 AppleWebKit/537.36 (KHTML, like Gecko; compatible; GPTBot/1.3; +https://openai.com/gptbot)"
74.7.243.230 - - [05/Apr/2026:22:43:13 -0400] "GET /wp-content/plugins/elementor/core/files/assets/svg/?C=M;O=D HTTP/1.0" 429 17 "https://linguareachagency.com/wp-content/plugins/elementor/core/files/assets/svg/?C=M;O=A" "Mozilla/5.0 AppleWebKit/537.36 (KHTML, like Gecko; compatible; GPTBot/1.3; +https://openai.com/gptbot)"
74.7.243.230 - - [05/Apr/2026:22:44:19 -0400] "GET /wp-content/plugins/elementor/assets/js/packages/ui/?C=D;O=D HTTP/1.0" 200 495 "https://linguareachagency.com/wp-content/plugins/elementor/assets/js/packages/ui/?C=D;O=A" "Mozilla/5.0 AppleWebKit/537.36 (KHTML, like Gecko; compatible; GPTBot/1.3; +https://openai.com/gptbot)"
15.181.97.95 - - [05/Apr/2026:22:44:22 -0400] "POST /wp-login.php HTTP/1.0" 200 6464 "-" "Mozilla/5.0"
74.7.243.230 - - [05/Apr/2026:22:45:23 -0400] "GET /wp-content/plugins/elementor/assets/lib/nprogress/?C=S;O=A HTTP/1.0" 200 418 "https://linguareachagency.com/wp-content/plugins/elementor/assets/lib/nprogress/" "Mozilla/5.0 AppleWebKit/537.36 (KHTML, like Gecko; compatible; GPTBot/1.3; +https://openai.com/gptbot)"
74.7.243.230 - - [05/Apr/2026:22:46:18 -0400] "GET /wp-content/plugins/elementor/assets/lib/nprogress/?C=M;O=A HTTP/1.0" 200 423 "https://linguareachagency.com/wp-content/plugins/elementor/assets/lib/nprogress/" "Mozilla/5.0 AppleWebKit/537.36 (KHTML, like Gecko; compatible; GPTBot/1.3; +https://openai.com/gptbot)"
74.7.243.230 - - [05/Apr/2026:22:47:06 -0400] "GET /wp-content/plugins/elementor/assets/lib/e-select2/?C=M;O=D HTTP/1.0" 200 405 "https://linguareachagency.com/wp-content/plugins/elementor/assets/lib/e-select2/?C=M;O=A" "Mozilla/5.0 AppleWebKit/537.36 (KHTML, like Gecko; compatible; GPTBot/1.3; +https://openai.com/gptbot)"
170.106.197.109 - - [05/Apr/2026:22:47:07 -0400] "GET / HTTP/1.0" 301 - "-" "Mozilla/5.0 (iPhone; CPU iPhone OS 13_2_3 like Mac OS X) AppleWebKit/605.1.15 (KHTML, like Gecko) Version/13.0.3 Mobile/15E148 Safari/604.1"
170.106.197.109 - - [05/Apr/2026:22:47:09 -0400] "GET / HTTP/1.0" 200 33241 "http://linguareachagency.com" "Mozilla/5.0 (iPhone; CPU iPhone OS 13_2_3 like Mac OS X) AppleWebKit/605.1.15 (KHTML, like Gecko) Version/13.0.3 Mobile/15E148 Safari/604.1"
161.178.132.46 - - [05/Apr/2026:22:47:26 -0400] "POST /wp-login.php HTTP/1.0" 200 6464 "-" "Mozilla/5.0"
170.64.178.144 - - [05/Apr/2026:22:47:42 -0400] "POST /wp-login.php HTTP/1.0" 200 6464 "-" "Mozilla/5.0"
74.7.243.230 - - [05/Apr/2026:22:47:53 -0400] "GET /wp-content/plugins/elementor/assets/lib/e-select2/?C=S;O=D HTTP/1.0" 200 405 "https://linguareachagency.com/wp-content/plugins/elementor/assets/lib/e-select2/?C=S;O=A" "Mozilla/5.0 AppleWebKit/537.36 (KHTML, like Gecko; compatible; GPTBot/1.3; +https://openai.com/gptbot)"
74.7.243.230 - - [05/Apr/2026:22:48:34 -0400] "GET /wp-content/plugins/elementor/assets/lib/e-select2/?C=N;O=A HTTP/1.0" 200 406 "https://linguareachagency.com/wp-content/plugins/elementor/assets/lib/e-select2/?C=M;O=A" "Mozilla/5.0 AppleWebKit/537.36 (KHTML, like Gecko; compatible; GPTBot/1.3; +https://openai.com/gptbot)"
74.7.243.230 - - [05/Apr/2026:22:49:12 -0400] "GET /wp-content/plugins/elementor/assets/lib/nprogress/?C=N;O=D HTTP/1.0" 200 415 "https://linguareachagency.com/wp-content/plugins/elementor/assets/lib/nprogress/" "Mozilla/5.0 AppleWebKit/537.36 (KHTML, like Gecko; compatible; GPTBot/1.3; +https://openai.com/gptbot)"
155.2.215.96 - - [05/Apr/2026:22:49:37 -0400] "POST /wp-login.php HTTP/1.0" 200 6464 "-" "Mozilla/5.0"
74.7.243.230 - - [05/Apr/2026:22:49:47 -0400] "GET /wp-content/plugins/elementor/assets/lib/e-select2/?C=D;O=D HTTP/1.0" 200 405 "https://linguareachagency.com/wp-content/plugins/elementor/assets/lib/e-select2/?C=D;O=A" "Mozilla/5.0 AppleWebKit/537.36 (KHTML, like Gecko; compatible; GPTBot/1.3; +https://openai.com/gptbot)"
74.7.243.230 - - [05/Apr/2026:22:50:16 -0400] "GET /wp-content/plugins/elementor/assets/lib/nprogress/?C=D;O=A HTTP/1.0" 200 422 "https://linguareachagency.com/wp-content/plugins/elementor/assets/lib/nprogress/" "Mozilla/5.0 AppleWebKit/537.36 (KHTML, like Gecko; compatible; GPTBot/1.3; +https://openai.com/gptbot)"
74.7.243.230 - - [05/Apr/2026:22:50:43 -0400] "GET /wp-content/plugins/elementor/assets/lib/animations/styles/e-animation-bounce-in.css HTTP/1.0" 200 164 "https://linguareachagency.com/wp-content/plugins/elementor/assets/lib/animations/styles/" "Mozilla/5.0 AppleWebKit/537.36 (KHTML, like Gecko; compatible; GPTBot/1.3; +https://openai.com/gptbot)"
209.141.44.76 - - [05/Apr/2026:22:51:02 -0400] "GET /wp-login.php HTTP/1.0" 200 1925 "-" "Mozilla/5.0 (Windows NT 10.0; Win64; x64) AppleWebKit/537.36 (KHTML, like Gecko) Chrome/134.0.0.0 Safari/537.36"
209.141.44.76 - - [05/Apr/2026:22:51:03 -0400] "POST /wp-login.php HTTP/1.0" 200 2061 "https://linguareachagency.com/wp-admin/" "Mozilla/5.0 (Windows NT 10.0; Win64; x64) AppleWebKit/537.36 (KHTML, like Gecko) Chrome/134.0.0.0 Safari/537.36"
164.92.90.46 - - [05/Apr/2026:22:51:05 -0400] "GET / HTTP/1.0" 301 - "-" "Mozilla/5.0 (X11; Linux x86_64) AppleWebKit/537.36 (KHTML, like Gecko) Chrome/142.0.0.0 Safari/537.36"
164.92.90.46 - - [05/Apr/2026:22:51:05 -0400] "GET /favicon.ico HTTP/1.0" 302 - "http://linguareachagency.com/" "Mozilla/5.0 (X11; Linux x86_64) AppleWebKit/537.36 (KHTML, like Gecko) Chrome/142.0.0.0 Safari/537.36"
164.92.90.46 - - [05/Apr/2026:22:51:05 -0400] "GET / HTTP/1.0" 200 33241 "-" "Mozilla/5.0 (X11; Linux x86_64) AppleWebKit/537.36 (KHTML, like Gecko) Chrome/142.0.0.0 Safari/537.36"
74.7.243.230 - - [05/Apr/2026:22:51:08 -0400] "GET /wp-content/plugins/elementor/assets/lib/animations/styles/e-animation-float.min.css HTTP/1.0" 200 139 "https://linguareachagency.com/wp-content/plugins/elementor/assets/lib/animations/styles/" "Mozilla/5.0 AppleWebKit/537.36 (KHTML, like Gecko; compatible; GPTBot/1.3; +https://openai.com/gptbot)"
74.7.243.230 - - [05/Apr/2026:22:51:30 -0400] "GET /wp-content/plugins/elementor/assets/lib/animations/styles/e-animation-pulse.min.css HTTP/1.0" 200 164 "https://linguareachagency.com/wp-content/plugins/elementor/assets/lib/animations/styles/" "Mozilla/5.0 AppleWebKit/537.36 (KHTML, like Gecko; compatible; GPTBot/1.3; +https://openai.com/gptbot)"
74.7.243.230 - - [05/Apr/2026:22:51:50 -0400] "GET /wp-content/plugins/elementor/assets/lib/nprogress/?C=S;O=D HTTP/1.0" 200 422 "https://linguareachagency.com/wp-content/plugins/elementor/assets/lib/nprogress/?C=S;O=A" "Mozilla/5.0 AppleWebKit/537.36 (KHTML, like Gecko; compatible; GPTBot/1.3; +https://openai.com/gptbot)"
74.7.243.230 - - [05/Apr/2026:22:52:07 -0400] "GET /wp-content/plugins/elementor/assets/lib/nprogress/?C=M;O=D HTTP/1.0" 200 415 "https://linguareachagency.com/wp-content/plugins/elementor/assets/lib/nprogress/?C=M;O=A" "Mozilla/5.0 AppleWebKit/537.36 (KHTML, like Gecko; compatible; GPTBot/1.3; +https://openai.com/gptbot)"
74.7.243.230 - - [05/Apr/2026:22:52:23 -0400] "GET /wp-content/plugins/elementor/assets/lib/nprogress/?C=N;O=A HTTP/1.0" 200 422 "https://linguareachagency.com/wp-content/plugins/elementor/assets/lib/nprogress/?C=S;O=A" "Mozilla/5.0 AppleWebKit/537.36 (KHTML, like Gecko; compatible; GPTBot/1.3; +https://openai.com/gptbot)"
74.7.243.230 - - [05/Apr/2026:22:52:38 -0400] "GET /wp-content/plugins/elementor/assets/lib/animations/styles/e-animation-buzz-out.css HTTP/1.0" 200 245 "https://linguareachagency.com/wp-content/plugins/elementor/assets/lib/animations/styles/" "Mozilla/5.0 AppleWebKit/537.36 (KHTML, like Gecko; compatible; GPTBot/1.3; +https://openai.com/gptbot)"
74.7.243.230 - - [05/Apr/2026:22:52:52 -0400] "GET /wp-content/plugins/elementor/assets/lib/e-select2/?C=N;O=D HTTP/1.0" 200 405 "https://linguareachagency.com/wp-content/plugins/elementor/assets/lib/e-select2/?C=N;O=A" "Mozilla/5.0 AppleWebKit/537.36 (KHTML, like Gecko; compatible; GPTBot/1.3; +https://openai.com/gptbot)"
74.7.243.230 - - [05/Apr/2026:22:53:03 -0400] "GET /wp-content/plugins/elementor/assets/lib/animations/styles/e-animation-buzz.min.css HTTP/1.0" 200 180 "https://linguareachagency.com/wp-content/plugins/elementor/assets/lib/animations/styles/" "Mozilla/5.0 AppleWebKit/537.36 (KHTML, like Gecko; compatible; GPTBot/1.3; +https://openai.com/gptbot)"
74.7.243.230 - - [05/Apr/2026:22:53:14 -0400] "GET /wp-content/plugins/elementor/assets/lib/flatpickr/?C=D;O=D HTTP/1.0" 200 447 "https://linguareachagency.com/wp-content/plugins/elementor/assets/lib/flatpickr/?C=D;O=A" "Mozilla/5.0 AppleWebKit/537.36 (KHTML, like Gecko; compatible; GPTBot/1.3; +https://openai.com/gptbot)"
74.7.243.230 - - [05/Apr/2026:22:53:23 -0400] "GET /wp-content/plugins/elementor/assets/lib/nprogress/?C=D;O=D HTTP/1.0" 429 17 "https://linguareachagency.com/wp-content/plugins/elementor/assets/lib/nprogress/?C=D;O=A" "Mozilla/5.0 AppleWebKit/537.36 (KHTML, like Gecko; compatible; GPTBot/1.3; +https://openai.com/gptbot)"
74.7.243.230 - - [05/Apr/2026:22:53:31 -0400] "GET /wp-content/plugins/pro-elements/core/app/modules/import-export-customization/assets/js/utils/?C=M;O=A HTTP/1.0" 429 17 "https://linguareachagency.com/wp-content/plugins/pro-elements/core/app/modules/import-export-customization/assets/js/utils/" "Mozilla/5.0 AppleWebKit/537.36 (KHTML, like Gecko; compatible; GPTBot/1.3; +https://openai.com/gptbot)"
74.7.243.230 - - [05/Apr/2026:22:53:57 -0400] "GET /wp-content/plugins/pro-elements/core/app/modules/import-export-customization/assets/js/utils/?C=S;O=A HTTP/1.0" 429 17 "https://linguareachagency.com/wp-content/plugins/pro-elements/core/app/modules/import-export-customization/assets/js/utils/" "Mozilla/5.0 AppleWebKit/537.36 (KHTML, like Gecko; compatible; GPTBot/1.3; +https://openai.com/gptbot)"
74.7.243.230 - - [05/Apr/2026:22:55:01 -0400] "GET /wp-content/plugins/pro-elements/core/app/modules/import-export-customization/assets/js/utils/?C=D;O=A HTTP/1.0" 429 17 "https://linguareachagency.com/wp-content/plugins/pro-elements/core/app/modules/import-export-customization/assets/js/utils/" "Mozilla/5.0 AppleWebKit/537.36 (KHTML, like Gecko; compatible; GPTBot/1.3; +https://openai.com/gptbot)"
15.181.97.95 - - [05/Apr/2026:22:55:02 -0400] "POST /wp-login.php HTTP/1.0" 200 6464 "-" "Mozilla/5.0"
74.7.243.230 - - [05/Apr/2026:22:56:05 -0400] "GET /wp-content/plugins/pro-elements/core/app/modules/import-export-customization/assets/js/utils/?C=N;O=D HTTP/1.0" 200 449 "https://linguareachagency.com/wp-content/plugins/pro-elements/core/app/modules/import-export-customization/assets/js/utils/" "Mozilla/5.0 AppleWebKit/537.36 (KHTML, like Gecko; compatible; GPTBot/1.3; +https://openai.com/gptbot)"
74.7.243.230 - - [05/Apr/2026:22:57:06 -0400] "GET /wp-content/plugins/elementor/modules/atomic-widgets/import-export/modifiers/?C=M;O=A HTTP/1.0" 200 467 "https://linguareachagency.com/wp-content/plugins/elementor/modules/atomic-widgets/import-export/modifiers/" "Mozilla/5.0 AppleWebKit/537.36 (KHTML, like Gecko; compatible; GPTBot/1.3; +https://openai.com/gptbot)"
74.7.243.230 - - [05/Apr/2026:22:58:03 -0400] "GET /wp-content/plugins/elementor/modules/atomic-widgets/import-export/modifiers/?C=S;O=A HTTP/1.0" 200 464 "https://linguareachagency.com/wp-content/plugins/elementor/modules/atomic-widgets/import-export/modifiers/" "Mozilla/5.0 AppleWebKit/537.36 (KHTML, like Gecko; compatible; GPTBot/1.3; +https://openai.com/gptbot)"
74.7.243.230 - - [05/Apr/2026:22:58:56 -0400] "GET /wp-content/plugins/elementor/modules/atomic-widgets/import-export/modifiers/?C=D;O=A HTTP/1.0" 200 467 "https://linguareachagency.com/wp-content/plugins/elementor/modules/atomic-widgets/import-export/modifiers/" "Mozilla/5.0 AppleWebKit/537.36 (KHTML, like Gecko; compatible; GPTBot/1.3; +https://openai.com/gptbot)"
161.178.132.46 - - [05/Apr/2026:22:59:30 -0400] "POST /wp-login.php HTTP/1.0" 200 6464 "-" "Mozilla/5.0"
74.7.243.230 - - [05/Apr/2026:22:59:44 -0400] "GET /wp-content/plugins/elementor/modules/atomic-widgets/import-export/modifiers/?C=N;O=D HTTP/1.0" 200 463 "https://linguareachagency.com/wp-content/plugins/elementor/modules/atomic-widgets/import-export/modifiers/" "Mozilla/5.0 AppleWebKit/537.36 (KHTML, like Gecko; compatible; GPTBot/1.3; +https://openai.com/gptbot)"
74.7.243.230 - - [05/Apr/2026:23:00:26 -0400] "GET /wp-content/plugins/pro-elements/modules/global-widget/documents/?C=M;O=A HTTP/1.0" 200 415 "https://linguareachagency.com/wp-content/plugins/pro-elements/modules/global-widget/documents/" "Mozilla/5.0 AppleWebKit/537.36 (KHTML, like Gecko; compatible; GPTBot/1.3; +https://openai.com/gptbot)"
45.61.186.111 - - [05/Apr/2026:23:00:38 -0400] "GET /wp-login.php HTTP/1.0" 200 1925 "-" "Mozilla/5.0 (Windows NT 10.0; Win64; x64) AppleWebKit/537.36 (KHTML, like Gecko) Chrome/134.0.0.0 Safari/537.36"
45.61.186.111 - - [05/Apr/2026:23:00:39 -0400] "POST /wp-login.php HTTP/1.0" 200 2065 "https://mail.linguareachagency.com/wp-admin/" "Mozilla/5.0 (Windows NT 10.0; Win64; x64) AppleWebKit/537.36 (KHTML, like Gecko) Chrome/134.0.0.0 Safari/537.36"
74.7.243.230 - - [05/Apr/2026:23:01:05 -0400] "GET /wp-content/plugins/pro-elements/modules/global-widget/documents/?C=S;O=A HTTP/1.0" 200 415 "https://linguareachagency.com/wp-content/plugins/pro-elements/modules/global-widget/documents/" "Mozilla/5.0 AppleWebKit/537.36 (KHTML, like Gecko; compatible; GPTBot/1.3; +https://openai.com/gptbot)"
74.7.243.230 - - [05/Apr/2026:23:01:37 -0400] "GET /wp-content/plugins/pro-elements/modules/global-widget/documents/?C=D;O=A HTTP/1.0" 200 415 "https://linguareachagency.com/wp-content/plugins/pro-elements/modules/global-widget/documents/" "Mozilla/5.0 AppleWebKit/537.36 (KHTML, like Gecko; compatible; GPTBot/1.3; +https://openai.com/gptbot)"
74.7.243.230 - - [05/Apr/2026:23:02:07 -0400] "GET /wp-content/plugins/pro-elements/modules/global-widget/documents/?C=N;O=D HTTP/1.0" 200 413 "https://linguareachagency.com/wp-content/plugins/pro-elements/modules/global-widget/documents/" "Mozilla/5.0 AppleWebKit/537.36 (KHTML, like Gecko; compatible; GPTBot/1.3; +https://openai.com/gptbot)"
74.7.243.230 - - [05/Apr/2026:23:02:35 -0400] "GET /wp-content/plugins/pro-elements/core/app/modules/import-export-customization/assets/js/hooks/?C=M;O=A HTTP/1.0" 200 538 "https://linguareachagency.com/wp-content/plugins/pro-elements/core/app/modules/import-export-customization/assets/js/hooks/" "Mozilla/5.0 AppleWebKit/537.36 (KHTML, like Gecko; compatible; GPTBot/1.3; +https://openai.com/gptbot)"
74.7.243.230 - - [05/Apr/2026:23:03:01 -0400] "GET /wp-content/plugins/pro-elements/core/app/modules/import-export-customization/assets/js/hooks/?C=D;O=A HTTP/1.0" 200 537 "https://linguareachagency.com/wp-content/plugins/pro-elements/core/app/modules/import-export-customization/assets/js/hooks/" "Mozilla/5.0 AppleWebKit/537.36 (KHTML, like Gecko; compatible; GPTBot/1.3; +https://openai.com/gptbot)"
74.7.243.230 - - [05/Apr/2026:23:03:23 -0400] "GET /wp-content/plugins/pro-elements/core/app/modules/import-export-customization/assets/js/utils/?C=N;O=A HTTP/1.0" 200 451 "https://linguareachagency.com/wp-content/plugins/pro-elements/core/app/modules/import-export-customization/assets/js/utils/?C=N;O=D" "Mozilla/5.0 AppleWebKit/537.36 (KHTML, like Gecko; compatible; GPTBot/1.3; +https://openai.com/gptbot)"
136.144.35.218 - - [05/Apr/2026:23:03:27 -0400] "POST /wp-login.php HTTP/1.0" 200 6464 "-" "Mozilla/5.0"
155.2.215.114 - - [05/Apr/2026:23:03:36 -0400] "POST /wp-login.php HTTP/1.0" 200 6464 "-" "Mozilla/5.0"
74.7.243.230 - - [05/Apr/2026:23:03:43 -0400] "GET /wp-content/plugins/pro-elements/core/app/modules/import-export-customization/assets/js/utils/?C=S;O=A HTTP/1.0" 200 452 "https://linguareachagency.com/wp-content/plugins/pro-elements/core/app/modules/import-export-customization/assets/js/utils/?C=N;O=D" "Mozilla/5.0 AppleWebKit/537.36 (KHTML, like Gecko; compatible; GPTBot/1.3; +https://openai.com/gptbot)"
74.7.243.230 - - [05/Apr/2026:23:04:00 -0400] "GET /wp-content/plugins/pro-elements/core/app/modules/import-export-customization/assets/js/utils/?C=D;O=A HTTP/1.0" 200 451 "https://linguareachagency.com/wp-content/plugins/pro-elements/core/app/modules/import-export-customization/assets/js/utils/?C=N;O=D" "Mozilla/5.0 AppleWebKit/537.36 (KHTML, like Gecko; compatible; GPTBot/1.3; +https://openai.com/gptbot)"
74.7.243.230 - - [05/Apr/2026:23:04:16 -0400] "GET /wp-content/plugins/pro-elements/core/app/modules/import-export-customization/assets/js/utils/?C=M;O=A HTTP/1.0" 200 452 "https://linguareachagency.com/wp-content/plugins/pro-elements/core/app/modules/import-export-customization/assets/js/utils/?C=N;O=D" "Mozilla/5.0 AppleWebKit/537.36 (KHTML, like Gecko; compatible; GPTBot/1.3; +https://openai.com/gptbot)"
74.7.243.230 - - [05/Apr/2026:23:04:30 -0400] "GET /wp-content/plugins/elementor/modules/atomic-widgets/import-export/modifiers/?C=M;O=D HTTP/1.0" 200 463 "https://linguareachagency.com/wp-content/plugins/elementor/modules/atomic-widgets/import-export/modifiers/?C=M;O=A" "Mozilla/5.0 AppleWebKit/537.36 (KHTML, like Gecko; compatible; GPTBot/1.3; +https://openai.com/gptbot)"
74.7.243.230 - - [05/Apr/2026:23:04:42 -0400] "GET /wp-content/plugins/elementor/modules/atomic-widgets/import-export/modifiers/?C=S;O=D HTTP/1.0" 200 462 "https://linguareachagency.com/wp-content/plugins/elementor/modules/atomic-widgets/import-export/modifiers/?C=S;O=A" "Mozilla/5.0 AppleWebKit/537.36 (KHTML, like Gecko; compatible; GPTBot/1.3; +https://openai.com/gptbot)"
74.7.243.230 - - [05/Apr/2026:23:04:54 -0400] "GET /wp-content/plugins/elementor/modules/atomic-widgets/import-export/modifiers/?C=N;O=A HTTP/1.0" 200 467 "https://linguareachagency.com/wp-content/plugins/elementor/modules/atomic-widgets/import-export/modifiers/?C=M;O=A" "Mozilla/5.0 AppleWebKit/537.36 (KHTML, like Gecko; compatible; GPTBot/1.3; +https://openai.com/gptbot)"
74.7.243.230 - - [05/Apr/2026:23:05:04 -0400] "GET /wp-content/plugins/pro-elements/modules/global-widget/documents/?C=S;O=D HTTP/1.0" 200 413 "https://linguareachagency.com/wp-content/plugins/pro-elements/modules/global-widget/documents/?C=S;O=A" "Mozilla/5.0 AppleWebKit/537.36 (KHTML, like Gecko; compatible; GPTBot/1.3; +https://openai.com/gptbot)"
74.7.243.230 - - [05/Apr/2026:23:05:14 -0400] "GET /wp-content/plugins/pro-elements/modules/global-widget/documents/?C=N;O=A HTTP/1.0" 200 415 "https://linguareachagency.com/wp-content/plugins/pro-elements/modules/global-widget/documents/?C=M;O=A" "Mozilla/5.0 AppleWebKit/537.36 (KHTML, like Gecko; compatible; GPTBot/1.3; +https://openai.com/gptbot)"
74.7.243.230 - - [05/Apr/2026:23:05:23 -0400] "GET /wp-content/plugins/pro-elements/core/app/modules/import-export-customization/assets/js/hooks/use-custom-post-types.js HTTP/1.0" 429 17 "https://linguareachagency.com/wp-content/plugins/pro-elements/core/app/modules/import-export-customization/assets/js/hooks/?C=M;O=A" "Mozilla/5.0 AppleWebKit/537.36 (KHTML, like Gecko; compatible; GPTBot/1.3; +https://openai.com/gptbot)"
74.7.243.230 - - [05/Apr/2026:23:05:31 -0400] "GET /wp-content/plugins/pro-elements/modules/global-widget/documents/?C=M;O=D HTTP/1.0" 429 17 "https://linguareachagency.com/wp-content/plugins/pro-elements/modules/global-widget/documents/?C=M;O=A" "Mozilla/5.0 AppleWebKit/537.36 (KHTML, like Gecko; compatible; GPTBot/1.3; +https://openai.com/gptbot)"
15.181.97.95 - - [05/Apr/2026:23:05:43 -0400] "POST /wp-login.php HTTP/1.0" 200 6464 "-" "Mozilla/5.0"
74.7.243.230 - - [05/Apr/2026:23:05:55 -0400] "GET /wp-content/plugins/pro-elements/core/app/modules/import-export-customization/assets/js/hooks/?C=N;O=A HTTP/1.0" 429 17 "https://linguareachagency.com/wp-content/plugins/pro-elements/core/app/modules/import-export-customization/assets/js/hooks/?C=M;O=A" "Mozilla/5.0 AppleWebKit/537.36 (KHTML, like Gecko; compatible; GPTBot/1.3; +https://openai.com/gptbot)"
114.96.103.33 - - [05/Apr/2026:23:05:58 -0400] "GET / HTTP/1.0" 301 - "-" "Mozilla/5.0 (iPhone; CPU iPhone OS 13_2_3 like Mac OS X) AppleWebKit/605.1.15 (KHTML, like Gecko) Version/13.0.3 Mobile/15E148 Safari/604.1"
74.7.243.230 - - [05/Apr/2026:23:06:55 -0400] "GET /wp-content/plugins/pro-elements/core/app/modules/import-export-customization/assets/js/utils/?C=S;O=D HTTP/1.0" 429 17 "https://linguareachagency.com/wp-content/plugins/pro-elements/core/app/modules/import-export-customization/assets/js/utils/?C=S;O=A" "Mozilla/5.0 AppleWebKit/537.36 (KHTML, like Gecko; compatible; GPTBot/1.3; +https://openai.com/gptbot)"
74.7.243.230 - - [05/Apr/2026:23:07:55 -0400] "GET /wp-content/plugins/pro-elements/core/app/modules/import-export-customization/assets/js/utils/?C=D;O=D HTTP/1.0" 200 449 "https://linguareachagency.com/wp-content/plugins/pro-elements/core/app/modules/import-export-customization/assets/js/utils/?C=D;O=A" "Mozilla/5.0 AppleWebKit/537.36 (KHTML, like Gecko; compatible; GPTBot/1.3; +https://openai.com/gptbot)"
74.7.243.230 - - [05/Apr/2026:23:08:56 -0400] "GET /wp-content/plugins/pro-elements/core/app/modules/import-export-customization/assets/js/utils/?C=M;O=D HTTP/1.0" 200 449 "https://linguareachagency.com/wp-content/plugins/pro-elements/core/app/modules/import-export-customization/assets/js/utils/?C=M;O=A" "Mozilla/5.0 AppleWebKit/537.36 (KHTML, like Gecko; compatible; GPTBot/1.3; +https://openai.com/gptbot)"
74.7.243.230 - - [05/Apr/2026:23:09:56 -0400] "GET /wp-content/plugins/pro-elements/core/app/modules/import-export-customization/assets/js/hooks/?C=D;O=D HTTP/1.0" 200 536 "https://linguareachagency.com/wp-content/plugins/pro-elements/core/app/modules/import-export-customization/assets/js/hooks/?C=D;O=A" "Mozilla/5.0 AppleWebKit/537.36 (KHTML, like Gecko; compatible; GPTBot/1.3; +https://openai.com/gptbot)"
74.7.243.230 - - [05/Apr/2026:23:10:44 -0400] "GET /wp-content/plugins/pro-elements/modules/dynamic-tags/toolset/?C=D;O=A HTTP/1.0" 200 426 "https://linguareachagency.com/wp-content/plugins/pro-elements/modules/dynamic-tags/toolset/" "Mozilla/5.0 AppleWebKit/537.36 (KHTML, like Gecko; compatible; GPTBot/1.3; +https://openai.com/gptbot)"
