74.7.227.150 - - [05/Apr/2026:11:26:25 -0400] "GET /wp-content/plugins/elementor/assets/lib/dialog/?C=N;O=A HTTP/1.0" 429 17 "https://linguareachagency.com/wp-content/plugins/elementor/assets/lib/dialog/?C=S;O=A" "Mozilla/5.0 AppleWebKit/537.36 (KHTML, like Gecko; compatible; GPTBot/1.3; +https://openai.com/gptbot)"
74.7.227.150 - - [05/Apr/2026:11:27:27 -0400] "GET /wp-content/plugins/pro-elements/modules/payments/classes/?C=D;O=D HTTP/1.0" 429 17 "https://linguareachagency.com/wp-content/plugins/pro-elements/modules/payments/classes/?C=D;O=A" "Mozilla/5.0 AppleWebKit/537.36 (KHTML, like Gecko; compatible; GPTBot/1.3; +https://openai.com/gptbot)"
74.7.227.150 - - [05/Apr/2026:11:28:35 -0400] "GET /wp-content/plugins/pro-elements/modules/payments/classes/?C=N;O=A HTTP/1.0" 200 434 "https://linguareachagency.com/wp-content/plugins/pro-elements/modules/payments/classes/?C=D;O=A" "Mozilla/5.0 AppleWebKit/537.36 (KHTML, like Gecko; compatible; GPTBot/1.3; +https://openai.com/gptbot)"
74.7.227.150 - - [05/Apr/2026:11:29:39 -0400] "GET /wp-content/plugins/pro-elements/modules/payments/classes/?C=M;O=A HTTP/1.0" 200 434 "https://linguareachagency.com/wp-content/plugins/pro-elements/modules/payments/classes/" "Mozilla/5.0 AppleWebKit/537.36 (KHTML, like Gecko; compatible; GPTBot/1.3; +https://openai.com/gptbot)"
74.7.227.150 - - [05/Apr/2026:11:30:43 -0400] "GET /wp-content/plugins/pro-elements/modules/payments/classes/?C=S;O=A HTTP/1.0" 200 433 "https://linguareachagency.com/wp-content/plugins/pro-elements/modules/payments/classes/" "Mozilla/5.0 AppleWebKit/537.36 (KHTML, like Gecko; compatible; GPTBot/1.3; +https://openai.com/gptbot)"
74.7.227.150 - - [05/Apr/2026:11:31:22 -0400] "GET /wp-content/plugins/pro-elements/modules/payments/classes/?C=N;O=D HTTP/1.0" 200 431 "https://linguareachagency.com/wp-content/plugins/pro-elements/modules/payments/classes/" "Mozilla/5.0 AppleWebKit/537.36 (KHTML, like Gecko; compatible; GPTBot/1.3; +https://openai.com/gptbot)"
167.99.125.188 - - [05/Apr/2026:11:31:33 -0400] "POST /wp-login.php HTTP/1.0" 200 6464 "-" "Mozilla/5.0"
74.7.227.150 - - [05/Apr/2026:11:32:08 -0400] "GET /wp-content/plugins/pro-elements/modules/floating-buttons/classes/render/?C=D;O=A HTTP/1.0" 200 530 "https://linguareachagency.com/wp-content/plugins/pro-elements/modules/floating-buttons/classes/render/" "Mozilla/5.0 AppleWebKit/537.36 (KHTML, like Gecko; compatible; GPTBot/1.3; +https://openai.com/gptbot)"
74.7.227.150 - - [05/Apr/2026:11:32:54 -0400] "GET /wp-content/plugins/elementor/assets/lib/dialog/?C=M;O=D HTTP/1.0" 200 411 "https://linguareachagency.com/wp-content/plugins/elementor/assets/lib/dialog/?C=M;O=A" "Mozilla/5.0 AppleWebKit/537.36 (KHTML, like Gecko; compatible; GPTBot/1.3; +https://openai.com/gptbot)"
74.7.227.150 - - [05/Apr/2026:11:33:25 -0400] "GET /wp-content/plugins/elementor/modules/atomic-widgets/prop-types/traits/?C=M;O=A HTTP/1.0" 200 433 "https://linguareachagency.com/wp-content/plugins/elementor/modules/atomic-widgets/prop-types/traits/" "Mozilla/5.0 AppleWebKit/537.36 (KHTML, like Gecko; compatible; GPTBot/1.3; +https://openai.com/gptbot)"
74.7.227.150 - - [05/Apr/2026:11:34:00 -0400] "GET /wp-content/plugins/pro-elements/modules/forms/submissions/database/?C=S;O=A HTTP/1.0" 200 479 "https://linguareachagency.com/wp-content/plugins/pro-elements/modules/forms/submissions/database/" "Mozilla/5.0 AppleWebKit/537.36 (KHTML, like Gecko; compatible; GPTBot/1.3; +https://openai.com/gptbot)"
170.64.178.144 - - [05/Apr/2026:11:34:19 -0400] "POST /wp-login.php HTTP/1.0" 200 6464 "-" "Mozilla/5.0"
74.7.227.150 - - [05/Apr/2026:11:34:32 -0400] "GET /wp-content/plugins/elementor/assets/js/packages/editor-site-navigation/?C=M;O=A HTTP/1.0" 200 478 "https://linguareachagency.com/wp-content/plugins/elementor/assets/js/packages/editor-site-navigation/" "Mozilla/5.0 AppleWebKit/537.36 (KHTML, like Gecko; compatible; GPTBot/1.3; +https://openai.com/gptbot)"
74.7.227.150 - - [05/Apr/2026:11:35:01 -0400] "GET /wp-content/plugins/pro-elements/modules/floating-buttons/classes/render/?C=N;O=D HTTP/1.0" 200 531 "https://linguareachagency.com/wp-content/plugins/pro-elements/modules/floating-buttons/classes/render/" "Mozilla/5.0 AppleWebKit/537.36 (KHTML, like Gecko; compatible; GPTBot/1.3; +https://openai.com/gptbot)"
161.178.3.105 - - [05/Apr/2026:11:35:12 -0400] "POST /wp-login.php HTTP/1.0" 200 6464 "-" "Mozilla/5.0"
74.7.227.150 - - [05/Apr/2026:11:35:21 -0400] "GET /wp-content/plugins/elementor/includes/template-library/data/endpoints/?C=S;O=A HTTP/1.0" 200 420 "https://linguareachagency.com/wp-content/plugins/elementor/includes/template-library/data/endpoints/" "Mozilla/5.0 AppleWebKit/537.36 (KHTML, like Gecko; compatible; GPTBot/1.3; +https://openai.com/gptbot)"
74.7.227.150 - - [05/Apr/2026:11:35:42 -0400] "GET /wp-content/plugins/pro-elements/modules/floating-buttons/classes/render/?C=S;O=A HTTP/1.0" 200 528 "https://linguareachagency.com/wp-content/plugins/pro-elements/modules/floating-buttons/classes/render/" "Mozilla/5.0 AppleWebKit/537.36 (KHTML, like Gecko; compatible; GPTBot/1.3; +https://openai.com/gptbot)"
74.7.227.150 - - [05/Apr/2026:11:36:12 -0400] "GET /wp-content/plugins/pro-elements/modules/forms/submissions/database/?C=N;O=D HTTP/1.0" 200 480 "https://linguareachagency.com/wp-content/plugins/pro-elements/modules/forms/submissions/database/" "Mozilla/5.0 AppleWebKit/537.36 (KHTML, like Gecko; compatible; GPTBot/1.3; +https://openai.com/gptbot)"
74.7.227.150 - - [05/Apr/2026:11:36:21 -0400] "GET /wp-content/plugins/pro-elements/modules/payments/classes/?C=S;O=D HTTP/1.0" 200 432 "https://linguareachagency.com/wp-content/plugins/pro-elements/modules/payments/classes/?C=S;O=A" "Mozilla/5.0 AppleWebKit/537.36 (KHTML, like Gecko; compatible; GPTBot/1.3; +https://openai.com/gptbot)"
74.7.227.150 - - [05/Apr/2026:11:36:38 -0400] "GET /wp-content/plugins/pro-elements/modules/payments/classes/?C=M;O=D HTTP/1.0" 200 431 "https://linguareachagency.com/wp-content/plugins/pro-elements/modules/payments/classes/?C=M;O=A" "Mozilla/5.0 AppleWebKit/537.36 (KHTML, like Gecko; compatible; GPTBot/1.3; +https://openai.com/gptbot)"
74.7.227.150 - - [05/Apr/2026:11:36:59 -0400] "GET /wp-content/plugins/pro-elements/modules/floating-buttons/classes/render/?C=D;O=D HTTP/1.0" 200 531 "https://linguareachagency.com/wp-content/plugins/pro-elements/modules/floating-buttons/classes/render/?C=D;O=A" "Mozilla/5.0 AppleWebKit/537.36 (KHTML, like Gecko; compatible; GPTBot/1.3; +https://openai.com/gptbot)"
74.7.227.150 - - [05/Apr/2026:11:37:07 -0400] "GET /wp-content/plugins/elementor/assets/lib/dialog/?C=N;O=A HTTP/1.0" 200 415 "https://linguareachagency.com/wp-content/plugins/elementor/assets/lib/dialog/?C=M;O=D" "Mozilla/5.0 AppleWebKit/537.36 (KHTML, like Gecko; compatible; GPTBot/1.3; +https://openai.com/gptbot)"
74.7.227.150 - - [05/Apr/2026:11:37:15 -0400] "GET /wp-content/plugins/elementor/modules/atomic-widgets/prop-types/traits/dimensional-prop-type.php HTTP/1.0" 200 - "https://linguareachagency.com/wp-content/plugins/elementor/modules/atomic-widgets/prop-types/traits/?C=M;O=A" "Mozilla/5.0 AppleWebKit/537.36 (KHTML, like Gecko; compatible; GPTBot/1.3; +https://openai.com/gptbot)"
74.7.227.150 - - [05/Apr/2026:11:37:24 -0400] "GET /wp-content/plugins/pro-elements/modules/forms/submissions/database/migration.php HTTP/1.0" 500 - "https://linguareachagency.com/wp-content/plugins/pro-elements/modules/forms/submissions/database/?C=S;O=A" "Mozilla/5.0 AppleWebKit/537.36 (KHTML, like Gecko; compatible; GPTBot/1.3; +https://openai.com/gptbot)"
74.7.227.150 - - [05/Apr/2026:11:37:44 -0400] "GET /wp-content/plugins/pro-elements/modules/forms/submissions/database/query.php HTTP/1.0" 500 - "https://linguareachagency.com/wp-content/plugins/pro-elements/modules/forms/submissions/database/?C=S;O=A" "Mozilla/5.0 AppleWebKit/537.36 (KHTML, like Gecko; compatible; GPTBot/1.3; +https://openai.com/gptbot)"
74.7.227.150 - - [05/Apr/2026:11:38:07 -0400] "GET /wp-content/plugins/elementor/assets/js/packages/editor-site-navigation/editor-site-navigation.min.js HTTP/1.0" 429 17 "https://linguareachagency.com/wp-content/plugins/elementor/assets/js/packages/editor-site-navigation/?C=M;O=A" "Mozilla/5.0 AppleWebKit/537.36 (KHTML, like Gecko; compatible; GPTBot/1.3; +https://openai.com/gptbot)"
93.166.103.102 - - [05/Apr/2026:11:38:55 -0400] "POST /xmlrpc.php HTTP/1.0" 200 206 "-" "Mozilla/5.0 (Windows NT 10.0) AppleWebKit/537.36 (KHTML, like Gecko) Chrome/141.0.0.0 Safari/537.36"
74.7.227.150 - - [05/Apr/2026:11:39:09 -0400] "GET /wp-content/plugins/elementor/assets/js/packages/editor-site-navigation/editor-site-navigation.asset.php HTTP/1.0" 200 - "https://linguareachagency.com/wp-content/plugins/elementor/assets/js/packages/editor-site-navigation/?C=M;O=A" "Mozilla/5.0 AppleWebKit/537.36 (KHTML, like Gecko; compatible; GPTBot/1.3; +https://openai.com/gptbot)"
74.7.227.150 - - [05/Apr/2026:11:40:11 -0400] "GET /wp-content/plugins/elementor/assets/js/packages/editor-site-navigation/editor-site-navigation.strings.js HTTP/1.0" 200 384 "https://linguareachagency.com/wp-content/plugins/elementor/assets/js/packages/editor-site-navigation/?C=M;O=A" "Mozilla/5.0 AppleWebKit/537.36 (KHTML, like Gecko; compatible; GPTBot/1.3; +https://openai.com/gptbot)"
74.7.227.150 - - [05/Apr/2026:11:41:08 -0400] "GET /wp-content/plugins/elementor/assets/js/packages/editor-site-navigation/?C=S;O=A HTTP/1.0" 200 482 "https://linguareachagency.com/wp-content/plugins/elementor/assets/js/packages/editor-site-navigation/" "Mozilla/5.0 AppleWebKit/537.36 (KHTML, like Gecko; compatible; GPTBot/1.3; +https://openai.com/gptbot)"
167.99.240.84 - - [05/Apr/2026:11:41:23 -0400] "POST /xmlrpc.php HTTP/1.0" 200 206 "-" "Mozilla/5.0 (Windows NT 10.0; Win64; x64) AppleWebKit/537.36 (KHTML, like Gecko) Chrome/140.0.0.0 Safari/537.36"
74.7.227.150 - - [05/Apr/2026:11:42:00 -0400] "GET /wp-content/plugins/elementor/assets/js/packages/editor-site-navigation/?C=N;O=D HTTP/1.0" 200 478 "https://linguareachagency.com/wp-content/plugins/elementor/assets/js/packages/editor-site-navigation/" "Mozilla/5.0 AppleWebKit/537.36 (KHTML, like Gecko; compatible; GPTBot/1.3; +https://openai.com/gptbot)"
74.7.227.150 - - [05/Apr/2026:11:42:45 -0400] "GET /wp-content/plugins/elementor/modules/atomic-widgets/prop-types/traits/?C=S;O=A HTTP/1.0" 200 433 "https://linguareachagency.com/wp-content/plugins/elementor/modules/atomic-widgets/prop-types/traits/" "Mozilla/5.0 AppleWebKit/537.36 (KHTML, like Gecko; compatible; GPTBot/1.3; +https://openai.com/gptbot)"
167.99.125.188 - - [05/Apr/2026:11:43:02 -0400] "POST /wp-login.php HTTP/1.0" 200 6464 "-" "Mozilla/5.0"
74.7.227.150 - - [05/Apr/2026:11:43:29 -0400] "GET /wp-content/plugins/pro-elements/modules/forms/submissions/database/?C=N;O=A HTTP/1.0" 200 482 "https://linguareachagency.com/wp-content/plugins/pro-elements/modules/forms/submissions/database/?C=S;O=A" "Mozilla/5.0 AppleWebKit/537.36 (KHTML, like Gecko; compatible; GPTBot/1.3; +https://openai.com/gptbot)"
74.7.227.150 - - [05/Apr/2026:11:44:03 -0400] "GET /wp-content/plugins/elementor/assets/js/packages/editor-notifications/?C=M;O=A HTTP/1.0" 200 483 "https://linguareachagency.com/wp-content/plugins/elementor/assets/js/packages/editor-notifications/" "Mozilla/5.0 AppleWebKit/537.36 (KHTML, like Gecko; compatible; GPTBot/1.3; +https://openai.com/gptbot)"
209.141.33.127 - - [05/Apr/2026:11:44:42 -0400] "GET /wp-login.php HTTP/1.0" 200 1925 "-" "Mozilla/5.0 (Windows NT 10.0; Win64; x64) AppleWebKit/537.36 (KHTML, like Gecko) Chrome/134.0.0.0 Safari/537.36"
209.141.33.127 - - [05/Apr/2026:11:44:43 -0400] "POST /wp-login.php HTTP/1.0" 200 2060 "https://linguareachagency.com/wp-admin/" "Mozilla/5.0 (Windows NT 10.0; Win64; x64) AppleWebKit/537.36 (KHTML, like Gecko) Chrome/134.0.0.0 Safari/537.36"
74.7.227.150 - - [05/Apr/2026:11:44:46 -0400] "GET /wp-content/plugins/pro-elements/modules/floating-buttons/classes/render/?C=N;O=A HTTP/1.0" 200 530 "https://linguareachagency.com/wp-content/plugins/pro-elements/modules/floating-buttons/classes/render/?C=D;O=A" "Mozilla/5.0 AppleWebKit/537.36 (KHTML, like Gecko; compatible; GPTBot/1.3; +https://openai.com/gptbot)"
74.7.227.150 - - [05/Apr/2026:11:45:05 -0400] "GET /wp-content/plugins/elementor/modules/atomic-widgets/prop-types/traits/?C=N;O=D HTTP/1.0" 200 430 "https://linguareachagency.com/wp-content/plugins/elementor/modules/atomic-widgets/prop-types/traits/" "Mozilla/5.0 AppleWebKit/537.36 (KHTML, like Gecko; compatible; GPTBot/1.3; +https://openai.com/gptbot)"
74.7.227.150 - - [05/Apr/2026:11:45:34 -0400] "GET /wp-content/plugins/elementor/assets/js/packages/editor-notifications/?C=S;O=A HTTP/1.0" 200 481 "https://linguareachagency.com/wp-content/plugins/elementor/assets/js/packages/editor-notifications/" "Mozilla/5.0 AppleWebKit/537.36 (KHTML, like Gecko; compatible; GPTBot/1.3; +https://openai.com/gptbot)"
103.153.2.10 - - [05/Apr/2026:11:45:42 -0400] "POST /xmlrpc.php HTTP/1.0" 200 206 "-" "Mozilla/5.0 (Windows NT 10.0; WOW64) AppleWebKit/537.36 (KHTML, like Gecko) Chrome/137.0.0.0 Safari/537.36"
74.7.227.150 - - [05/Apr/2026:11:45:59 -0400] "GET /wp-content/plugins/pro-elements/modules/forms/submissions/database/?C=S;O=D HTTP/1.0" 200 483 "https://linguareachagency.com/wp-content/plugins/pro-elements/modules/forms/submissions/database/?C=S;O=A" "Mozilla/5.0 AppleWebKit/537.36 (KHTML, like Gecko; compatible; GPTBot/1.3; +https://openai.com/gptbot)"
82.223.70.218 - - [05/Apr/2026:11:46:09 -0400] "POST /xmlrpc.php HTTP/1.0" 406 300 "-" "Mozilla/5.0 (Windows NT 10.0; WOW64) AppleWebKit/537.36 (KHTML, like Gecko) Chrome/141.0.0.0 Safari/537.36"
74.7.227.150 - - [05/Apr/2026:11:46:26 -0400] "GET /wp-content/plugins/elementor/includes/template-library/data/endpoints/?C=N;O=A HTTP/1.0" 200 420 "https://linguareachagency.com/wp-content/plugins/elementor/includes/template-library/data/endpoints/?C=S;O=A" "Mozilla/5.0 AppleWebKit/537.36 (KHTML, like Gecko; compatible; GPTBot/1.3; +https://openai.com/gptbot)"
170.64.178.144 - - [05/Apr/2026:11:46:42 -0400] "POST /wp-login.php HTTP/1.0" 200 6464 "-" "Mozilla/5.0"
74.7.227.150 - - [05/Apr/2026:11:46:50 -0400] "GET /wp-content/plugins/elementor/assets/js/packages/editor-site-navigation/?C=N;O=A HTTP/1.0" 200 477 "https://linguareachagency.com/wp-content/plugins/elementor/assets/js/packages/editor-site-navigation/?C=M;O=A" "Mozilla/5.0 AppleWebKit/537.36 (KHTML, like Gecko; compatible; GPTBot/1.3; +https://openai.com/gptbot)"
74.7.227.150 - - [05/Apr/2026:11:47:01 -0400] "GET /wp-content/plugins/elementor/assets/js/packages/editor-site-navigation/editor-site-navigation.min.js HTTP/1.0" 200 6644 "https://linguareachagency.com/wp-content/plugins/elementor/assets/js/packages/editor-site-navigation/?C=S;O=A" "Mozilla/5.0 AppleWebKit/537.36 (KHTML, like Gecko; compatible; GPTBot/1.3; +https://openai.com/gptbot)"
74.7.227.150 - - [05/Apr/2026:11:47:23 -0400] "GET /wp-content/plugins/elementor/modules/floating-buttons/classes/action/?C=D;O=A HTTP/1.0" 200 421 "https://linguareachagency.com/wp-content/plugins/elementor/modules/floating-buttons/classes/action/" "Mozilla/5.0 AppleWebKit/537.36 (KHTML, like Gecko; compatible; GPTBot/1.3; +https://openai.com/gptbot)"
74.7.227.150 - - [05/Apr/2026:11:47:33 -0400] "GET /wp-content/plugins/elementor/modules/floating-buttons/classes/action/?C=M;O=A HTTP/1.0" 200 422 "https://linguareachagency.com/wp-content/plugins/elementor/modules/floating-buttons/classes/action/" "Mozilla/5.0 AppleWebKit/537.36 (KHTML, like Gecko; compatible; GPTBot/1.3; +https://openai.com/gptbot)"
74.7.227.150 - - [05/Apr/2026:11:47:42 -0400] "GET /wp-content/plugins/pro-elements/modules/forms/submissions/database/?C=D;O=A HTTP/1.0" 200 482 "https://linguareachagency.com/wp-content/plugins/pro-elements/modules/forms/submissions/database/" "Mozilla/5.0 AppleWebKit/537.36 (KHTML, like Gecko; compatible; GPTBot/1.3; +https://openai.com/gptbot)"
74.7.227.150 - - [05/Apr/2026:11:47:58 -0400] "GET /wp-content/plugins/elementor/assets/js/packages/editor-notifications/?C=M;O=D HTTP/1.0" 200 480 "https://linguareachagency.com/wp-content/plugins/elementor/assets/js/packages/editor-notifications/?C=M;O=A" "Mozilla/5.0 AppleWebKit/537.36 (KHTML, like Gecko; compatible; GPTBot/1.3; +https://openai.com/gptbot)"
74.7.227.150 - - [05/Apr/2026:11:48:11 -0400] "GET /wp-content/plugins/elementor/assets/js/packages/editor-notifications/?C=N;O=A HTTP/1.0" 200 483 "https://linguareachagency.com/wp-content/plugins/elementor/assets/js/packages/editor-notifications/?C=M;O=A" "Mozilla/5.0 AppleWebKit/537.36 (KHTML, like Gecko; compatible; GPTBot/1.3; +https://openai.com/gptbot)"
74.7.227.150 - - [05/Apr/2026:11:48:16 -0400] "GET /wp-content/plugins/elementor/modules/floating-buttons/classes/render/?C=M;O=A HTTP/1.0" 200 480 "https://linguareachagency.com/wp-content/plugins/elementor/modules/floating-buttons/classes/render/" "Mozilla/5.0 AppleWebKit/537.36 (KHTML, like Gecko; compatible; GPTBot/1.3; +https://openai.com/gptbot)"
161.178.3.105 - - [05/Apr/2026:11:48:17 -0400] "POST /wp-login.php HTTP/1.0" 200 6464 "-" "Mozilla/5.0"
74.7.227.150 - - [05/Apr/2026:11:48:22 -0400] "GET /wp-content/plugins/pro-elements/modules/forms/submissions/database/?C=M;O=A HTTP/1.0" 429 17 "https://linguareachagency.com/wp-content/plugins/pro-elements/modules/forms/submissions/database/" "Mozilla/5.0 AppleWebKit/537.36 (KHTML, like Gecko; compatible; GPTBot/1.3; +https://openai.com/gptbot)"
74.7.227.150 - - [05/Apr/2026:11:48:39 -0400] "GET /wp-content/plugins/elementor/assets/js/packages/editor-notifications/?C=S;O=D HTTP/1.0" 429 17 "https://linguareachagency.com/wp-content/plugins/elementor/assets/js/packages/editor-notifications/?C=S;O=A" "Mozilla/5.0 AppleWebKit/537.36 (KHTML, like Gecko; compatible; GPTBot/1.3; +https://openai.com/gptbot)"
74.7.227.150 - - [05/Apr/2026:11:48:51 -0400] "GET /wp-content/plugins/elementor/modules/atomic-widgets/prop-types/traits/?C=D;O=A HTTP/1.0" 429 17 "https://linguareachagency.com/wp-content/plugins/elementor/modules/atomic-widgets/prop-types/traits/" "Mozilla/5.0 AppleWebKit/537.36 (KHTML, like Gecko; compatible; GPTBot/1.3; +https://openai.com/gptbot)"
74.7.227.150 - - [05/Apr/2026:11:49:55 -0400] "GET /wp-content/plugins/elementor/modules/atomic-widgets/prop-types/filters/?C=D;O=D HTTP/1.0" 429 17 "https://linguareachagency.com/wp-content/plugins/elementor/modules/atomic-widgets/prop-types/filters/?C=D;O=A" "Mozilla/5.0 AppleWebKit/537.36 (KHTML, like Gecko; compatible; GPTBot/1.3; +https://openai.com/gptbot)"
74.7.227.150 - - [05/Apr/2026:11:50:56 -0400] "GET /wp-content/plugins/elementor/assets/js/packages/editor-site-navigation/?C=S;O=D HTTP/1.0" 200 478 "https://linguareachagency.com/wp-content/plugins/elementor/assets/js/packages/editor-site-navigation/?C=S;O=A" "Mozilla/5.0 AppleWebKit/537.36 (KHTML, like Gecko; compatible; GPTBot/1.3; +https://openai.com/gptbot)"
74.7.227.150 - - [05/Apr/2026:11:51:58 -0400] "GET /wp-content/plugins/elementor/modules/atomic-widgets/prop-types/traits/?C=N;O=A HTTP/1.0" 200 432 "https://linguareachagency.com/wp-content/plugins/elementor/modules/atomic-widgets/prop-types/traits/?C=M;O=A" "Mozilla/5.0 AppleWebKit/537.36 (KHTML, like Gecko; compatible; GPTBot/1.3; +https://openai.com/gptbot)"
74.7.227.150 - - [05/Apr/2026:11:52:54 -0400] "GET /wp-content/plugins/elementor/modules/atomic-widgets/prop-types/concerns/?C=M;O=A HTTP/1.0" 200 532 "https://linguareachagency.com/wp-content/plugins/elementor/modules/atomic-widgets/prop-types/concerns/" "Mozilla/5.0 AppleWebKit/537.36 (KHTML, like Gecko; compatible; GPTBot/1.3; +https://openai.com/gptbot)"
74.7.227.150 - - [05/Apr/2026:11:53:51 -0400] "GET /wp-content/plugins/elementor/modules/floating-buttons/classes/action/?C=M;O=D HTTP/1.0" 200 419 "https://linguareachagency.com/wp-content/plugins/elementor/modules/floating-buttons/classes/action/?C=M;O=A" "Mozilla/5.0 AppleWebKit/537.36 (KHTML, like Gecko; compatible; GPTBot/1.3; +https://openai.com/gptbot)"
15.253.24.82 - - [05/Apr/2026:11:53:51 -0400] "POST /wp-login.php HTTP/1.0" 200 6464 "-" "Mozilla/5.0"
74.7.227.150 - - [05/Apr/2026:11:54:38 -0400] "GET /wp-content/plugins/elementor/modules/floating-buttons/classes/action/?C=D;O=D HTTP/1.0" 200 419 "https://linguareachagency.com/wp-content/plugins/elementor/modules/floating-buttons/classes/action/?C=D;O=A" "Mozilla/5.0 AppleWebKit/537.36 (KHTML, like Gecko; compatible; GPTBot/1.3; +https://openai.com/gptbot)"
167.99.125.188 - - [05/Apr/2026:11:54:40 -0400] "POST /wp-login.php HTTP/1.0" 200 6464 "-" "Mozilla/5.0"
74.7.227.150 - - [05/Apr/2026:11:55:11 -0400] "GET /wp-content/plugins/elementor/includes/template-library/data/endpoints/?C=D;O=A HTTP/1.0" 200 420 "https://linguareachagency.com/wp-content/plugins/elementor/includes/template-library/data/endpoints/" "Mozilla/5.0 AppleWebKit/537.36 (KHTML, like Gecko; compatible; GPTBot/1.3; +https://openai.com/gptbot)"
74.7.227.150 - - [05/Apr/2026:11:55:49 -0400] "GET /wp-content/plugins/elementor/modules/floating-buttons/classes/render/?C=D;O=A HTTP/1.0" 200 480 "https://linguareachagency.com/wp-content/plugins/elementor/modules/floating-buttons/classes/render/" "Mozilla/5.0 AppleWebKit/537.36 (KHTML, like Gecko; compatible; GPTBot/1.3; +https://openai.com/gptbot)"
74.7.227.150 - - [05/Apr/2026:11:56:23 -0400] "GET /wp-content/plugins/elementor/modules/atomic-widgets/prop-types/concerns/?C=N;O=D HTTP/1.0" 200 530 "https://linguareachagency.com/wp-content/plugins/elementor/modules/atomic-widgets/prop-types/concerns/" "Mozilla/5.0 AppleWebKit/537.36 (KHTML, like Gecko; compatible; GPTBot/1.3; +https://openai.com/gptbot)"
74.7.227.150 - - [05/Apr/2026:11:56:54 -0400] "GET /wp-content/plugins/elementor/modules/floating-buttons/classes/render/?C=N;O=A HTTP/1.0" 200 480 "https://linguareachagency.com/wp-content/plugins/elementor/modules/floating-buttons/classes/render/?C=M;O=A" "Mozilla/5.0 AppleWebKit/537.36 (KHTML, like Gecko; compatible; GPTBot/1.3; +https://openai.com/gptbot)"
74.7.227.150 - - [05/Apr/2026:11:57:21 -0400] "GET /wp-content/plugins/elementor/modules/floating-buttons/classes/render/?C=M;O=D HTTP/1.0" 200 480 "https://linguareachagency.com/wp-content/plugins/elementor/modules/floating-buttons/classes/render/?C=M;O=A" "Mozilla/5.0 AppleWebKit/537.36 (KHTML, like Gecko; compatible; GPTBot/1.3; +https://openai.com/gptbot)"
74.7.227.150 - - [05/Apr/2026:11:57:47 -0400] "GET /wp-content/plugins/elementor/includes/template-library/data/endpoints/?C=S;O=D HTTP/1.0" 200 418 "https://linguareachagency.com/wp-content/plugins/elementor/includes/template-library/data/endpoints/?C=S;O=A" "Mozilla/5.0 AppleWebKit/537.36 (KHTML, like Gecko; compatible; GPTBot/1.3; +https://openai.com/gptbot)"
74.7.227.150 - - [05/Apr/2026:11:58:09 -0400] "GET /wp-content/plugins/elementor/modules/atomic-widgets/prop-types/concerns/?C=D;O=A HTTP/1.0" 200 532 "https://linguareachagency.com/wp-content/plugins/elementor/modules/atomic-widgets/prop-types/concerns/" "Mozilla/5.0 AppleWebKit/537.36 (KHTML, like Gecko; compatible; GPTBot/1.3; +https://openai.com/gptbot)"
74.7.227.150 - - [05/Apr/2026:11:58:29 -0400] "GET /wp-content/plugins/pro-elements/modules/forms/submissions/database/?C=D;O=D HTTP/1.0" 200 480 "https://linguareachagency.com/wp-content/plugins/pro-elements/modules/forms/submissions/database/?C=D;O=A" "Mozilla/5.0 AppleWebKit/537.36 (KHTML, like Gecko; compatible; GPTBot/1.3; +https://openai.com/gptbot)"
74.7.227.150 - - [05/Apr/2026:11:58:43 -0400] "GET /wp-content/plugins/elementor/modules/atomic-widgets/prop-types/concerns/?C=M;O=D HTTP/1.0" 200 530 "https://linguareachagency.com/wp-content/plugins/elementor/modules/atomic-widgets/prop-types/concerns/?C=M;O=A" "Mozilla/5.0 AppleWebKit/537.36 (KHTML, like Gecko; compatible; GPTBot/1.3; +https://openai.com/gptbot)"
170.64.178.144 - - [05/Apr/2026:11:58:58 -0400] "POST /wp-login.php HTTP/1.0" 200 6464 "-" "Mozilla/5.0"
74.7.227.150 - - [05/Apr/2026:11:59:02 -0400] "GET /wp-content/plugins/elementor/modules/atomic-widgets/prop-types/traits/?C=M;O=D HTTP/1.0" 200 430 "https://linguareachagency.com/wp-content/plugins/elementor/modules/atomic-widgets/prop-types/traits/?C=M;O=A" "Mozilla/5.0 AppleWebKit/537.36 (KHTML, like Gecko; compatible; GPTBot/1.3; +https://openai.com/gptbot)"
74.7.227.150 - - [05/Apr/2026:11:59:17 -0400] "GET /wp-content/plugins/elementor/modules/floating-buttons/classes/action/?C=N;O=D HTTP/1.0" 200 419 "https://linguareachagency.com/wp-content/plugins/elementor/modules/floating-buttons/classes/action/" "Mozilla/5.0 AppleWebKit/537.36 (KHTML, like Gecko; compatible; GPTBot/1.3; +https://openai.com/gptbot)"
74.7.227.150 - - [05/Apr/2026:11:59:30 -0400] "GET /wp-content/plugins/elementor/assets/js/packages/editor-notifications/?C=N;O=D HTTP/1.0" 200 480 "https://linguareachagency.com/wp-content/plugins/elementor/assets/js/packages/editor-notifications/" "Mozilla/5.0 AppleWebKit/537.36 (KHTML, like Gecko; compatible; GPTBot/1.3; +https://openai.com/gptbot)"
74.7.227.150 - - [05/Apr/2026:11:59:44 -0400] "GET /wp-content/plugins/elementor/modules/floating-buttons/classes/render/?C=D;O=D HTTP/1.0" 200 480 "https://linguareachagency.com/wp-content/plugins/elementor/modules/floating-buttons/classes/render/?C=D;O=A" "Mozilla/5.0 AppleWebKit/537.36 (KHTML, like Gecko; compatible; GPTBot/1.3; +https://openai.com/gptbot)"
74.7.227.150 - - [05/Apr/2026:11:59:52 -0400] "GET /wp-content/plugins/elementor/includes/template-library/data/endpoints/?C=M;O=A HTTP/1.0" 200 420 "https://linguareachagency.com/wp-content/plugins/elementor/includes/template-library/data/endpoints/" "Mozilla/5.0 AppleWebKit/537.36 (KHTML, like Gecko; compatible; GPTBot/1.3; +https://openai.com/gptbot)"
74.7.227.150 - - [05/Apr/2026:12:00:05 -0400] "GET /wp-content/plugins/elementor/assets/js/packages/editor-site-navigation/?C=D;O=A HTTP/1.0" 429 17 "https://linguareachagency.com/wp-content/plugins/elementor/assets/js/packages/editor-site-navigation/" "Mozilla/5.0 AppleWebKit/537.36 (KHTML, like Gecko; compatible; GPTBot/1.3; +https://openai.com/gptbot)"
74.7.227.150 - - [05/Apr/2026:12:00:08 -0400] "GET /wp-content/plugins/elementor/includes/template-library/data/endpoints/?C=D;O=D HTTP/1.0" 429 17 "https://linguareachagency.com/wp-content/plugins/elementor/includes/template-library/data/endpoints/?C=D;O=A" "Mozilla/5.0 AppleWebKit/537.36 (KHTML, like Gecko; compatible; GPTBot/1.3; +https://openai.com/gptbot)"
74.7.227.150 - - [05/Apr/2026:12:00:39 -0400] "GET /wp-content/plugins/pro-elements/modules/floating-buttons/classes/render/?C=S;O=D HTTP/1.0" 429 17 "https://linguareachagency.com/wp-content/plugins/pro-elements/modules/floating-buttons/classes/render/?C=S;O=A" "Mozilla/5.0 AppleWebKit/537.36 (KHTML, like Gecko; compatible; GPTBot/1.3; +https://openai.com/gptbot)"
161.178.3.105 - - [05/Apr/2026:12:01:05 -0400] "POST /wp-login.php HTTP/1.0" 200 6464 "-" "Mozilla/5.0"
88.198.106.177 - - [05/Apr/2026:12:01:31 -0400] "POST /xmlrpc.php HTTP/1.0" 200 206 "-" "Mozilla/5.0 (Windows NT 10.0; WOW64) AppleWebKit/537.36 (KHTML, like Gecko) Chrome/140.0.0.0 Safari/537.36"
74.7.227.150 - - [05/Apr/2026:12:01:37 -0400] "GET /wp-content/plugins/elementor/modules/atomic-widgets/prop-types/concerns/?C=D;O=D HTTP/1.0" 429 17 "https://linguareachagency.com/wp-content/plugins/elementor/modules/atomic-widgets/prop-types/concerns/?C=D;O=A" "Mozilla/5.0 AppleWebKit/537.36 (KHTML, like Gecko; compatible; GPTBot/1.3; +https://openai.com/gptbot)"
188.165.95.76 - - [05/Apr/2026:12:01:43 -0400] "POST /xmlrpc.php HTTP/1.0" 200 206 "-" "Mozilla/5.0 (Windows NT 10.0; Win64; x64) AppleWebKit/537.36 (KHTML, like Gecko) Chrome/137.0.0.0 Safari/537.36"
74.7.227.150 - - [05/Apr/2026:12:02:42 -0400] "GET /wp-content/plugins/pro-elements/modules/forms/submissions/database/?C=M;O=A HTTP/1.0" 200 481 "https://linguareachagency.com/wp-content/plugins/pro-elements/modules/forms/submissions/database/?C=D;O=D" "Mozilla/5.0 AppleWebKit/537.36 (KHTML, like Gecko; compatible; GPTBot/1.3; +https://openai.com/gptbot)"
74.7.227.150 - - [05/Apr/2026:12:03:50 -0400] "GET /wp-content/plugins/elementor/modules/floating-buttons/classes/render/?C=S;O=A HTTP/1.0" 200 485 "https://linguareachagency.com/wp-content/plugins/elementor/modules/floating-buttons/classes/render/" "Mozilla/5.0 AppleWebKit/537.36 (KHTML, like Gecko; compatible; GPTBot/1.3; +https://openai.com/gptbot)"
74.7.227.150 - - [05/Apr/2026:12:04:42 -0400] "GET /wp-content/plugins/elementor/includes/template-library/data/endpoints/?C=N;O=D HTTP/1.0" 200 418 "https://linguareachagency.com/wp-content/plugins/elementor/includes/template-library/data/endpoints/" "Mozilla/5.0 AppleWebKit/537.36 (KHTML, like Gecko; compatible; GPTBot/1.3; +https://openai.com/gptbot)"
74.7.227.150 - - [05/Apr/2026:12:05:40 -0400] "GET /wp-content/plugins/elementor/modules/atomic-widgets/prop-types/concerns/?C=S;O=A HTTP/1.0" 200 533 "https://linguareachagency.com/wp-content/plugins/elementor/modules/atomic-widgets/prop-types/concerns/" "Mozilla/5.0 AppleWebKit/537.36 (KHTML, like Gecko; compatible; GPTBot/1.3; +https://openai.com/gptbot)"
74.7.227.150 - - [05/Apr/2026:12:06:22 -0400] "GET /wp-content/plugins/elementor/modules/floating-buttons/classes/render/?C=N;O=D HTTP/1.0" 200 480 "https://linguareachagency.com/wp-content/plugins/elementor/modules/floating-buttons/classes/render/" "Mozilla/5.0 AppleWebKit/537.36 (KHTML, like Gecko; compatible; GPTBot/1.3; +https://openai.com/gptbot)"
167.99.125.188 - - [05/Apr/2026:12:06:27 -0400] "POST /wp-login.php HTTP/1.0" 200 6464 "-" "Mozilla/5.0"
74.7.227.150 - - [05/Apr/2026:12:07:14 -0400] "GET /wp-content/plugins/elementor/modules/atomic-widgets/prop-types/concerns/?C=N;O=A HTTP/1.0" 200 532 "https://linguareachagency.com/wp-content/plugins/elementor/modules/atomic-widgets/prop-types/concerns/?C=M;O=A" "Mozilla/5.0 AppleWebKit/537.36 (KHTML, like Gecko; compatible; GPTBot/1.3; +https://openai.com/gptbot)"
74.7.227.150 - - [05/Apr/2026:12:07:42 -0400] "GET /wp-content/plugins/elementor/modules/floating-buttons/classes/action/?C=S;O=A HTTP/1.0" 200 422 "https://linguareachagency.com/wp-content/plugins/elementor/modules/floating-buttons/classes/action/" "Mozilla/5.0 AppleWebKit/537.36 (KHTML, like Gecko; compatible; GPTBot/1.3; +https://openai.com/gptbot)"
74.7.227.150 - - [05/Apr/2026:12:08:14 -0400] "GET /wp-content/plugins/pro-elements/modules/floating-buttons/classes/render/?C=M;O=A HTTP/1.0" 200 526 "https://linguareachagency.com/wp-content/plugins/pro-elements/modules/floating-buttons/classes/render/" "Mozilla/5.0 AppleWebKit/537.36 (KHTML, like Gecko; compatible; GPTBot/1.3; +https://openai.com/gptbot)"
74.7.227.150 - - [05/Apr/2026:12:08:42 -0400] "GET /wp-content/plugins/elementor/includes/template-library/data/endpoints/?C=M;O=D HTTP/1.0" 200 418 "https://linguareachagency.com/wp-content/plugins/elementor/includes/template-library/data/endpoints/?C=M;O=A" "Mozilla/5.0 AppleWebKit/537.36 (KHTML, like Gecko; compatible; GPTBot/1.3; +https://openai.com/gptbot)"
74.7.227.150 - - [05/Apr/2026:12:09:07 -0400] "GET /wp-content/plugins/elementor/assets/js/packages/editor-site-navigation/?C=M;O=D HTTP/1.0" 200 478 "https://linguareachagency.com/wp-content/plugins/elementor/assets/js/packages/editor-site-navigation/?C=M;O=A" "Mozilla/5.0 AppleWebKit/537.36 (KHTML, like Gecko; compatible; GPTBot/1.3; +https://openai.com/gptbot)"
74.7.227.150 - - [05/Apr/2026:12:09:36 -0400] "GET /wp-content/plugins/elementor/modules/atomic-widgets/prop-types/traits/?C=S;O=D HTTP/1.0" 200 430 "https://linguareachagency.com/wp-content/plugins/elementor/modules/atomic-widgets/prop-types/traits/?C=S;O=A" "Mozilla/5.0 AppleWebKit/537.36 (KHTML, like Gecko; compatible; GPTBot/1.3; +https://openai.com/gptbot)"
74.7.227.150 - - [05/Apr/2026:12:09:53 -0400] "GET /wp-content/plugins/pro-elements/modules/forms/submissions/database/?C=M;O=D HTTP/1.0" 200 480 "https://linguareachagency.com/wp-content/plugins/pro-elements/modules/forms/submissions/database/?C=M;O=A" "Mozilla/5.0 AppleWebKit/537.36 (KHTML, like Gecko; compatible; GPTBot/1.3; +https://openai.com/gptbot)"
74.7.227.150 - - [05/Apr/2026:12:10:13 -0400] "GET /wp-content/plugins/elementor/modules/floating-buttons/classes/render/?C=S;O=D HTTP/1.0" 200 482 "https://linguareachagency.com/wp-content/plugins/elementor/modules/floating-buttons/classes/render/?C=S;O=A" "Mozilla/5.0 AppleWebKit/537.36 (KHTML, like Gecko; compatible; GPTBot/1.3; +https://openai.com/gptbot)"
66.42.78.236 - - [05/Apr/2026:12:10:25 -0400] "GET /wp-login.php HTTP/1.0" 200 1925 "-" "Mozilla/5.0 (Windows NT 6.3; WOW64; Trident/7.0; Touch; MAGWJS; rv:11.0) like Gecko"
66.42.78.236 - - [05/Apr/2026:12:10:27 -0400] "POST /wp-login.php HTTP/1.0" 200 2060 "https://linguareachagency.com/wp-login.php" "Mozilla/5.0 (Windows NT 6.3; WOW64; Trident/7.0; Touch; MAGWJS; rv:11.0) like Gecko"
74.7.227.150 - - [05/Apr/2026:12:10:32 -0400] "GET /wp-content/plugins/elementor/assets/js/packages/editor-notifications/?C=D;O=A HTTP/1.0" 200 483 "https://linguareachagency.com/wp-content/plugins/elementor/assets/js/packages/editor-notifications/" "Mozilla/5.0 AppleWebKit/537.36 (KHTML, like Gecko; compatible; GPTBot/1.3; +https://openai.com/gptbot)"
74.7.227.150 - - [05/Apr/2026:12:10:52 -0400] "GET /wp-content/plugins/elementor/modules/atomic-widgets/prop-types/concerns/?C=S;O=D HTTP/1.0" 200 534 "https://linguareachagency.com/wp-content/plugins/elementor/modules/atomic-widgets/prop-types/concerns/?C=S;O=A" "Mozilla/5.0 AppleWebKit/537.36 (KHTML, like Gecko; compatible; GPTBot/1.3; +https://openai.com/gptbot)"
74.7.227.150 - - [05/Apr/2026:12:11:02 -0400] "GET /wp-content/plugins/elementor/modules/atomic-widgets/prop-types/traits/?C=D;O=A HTTP/1.0" 200 432 "https://linguareachagency.com/wp-content/plugins/elementor/modules/atomic-widgets/prop-types/traits/?C=N;O=A" "Mozilla/5.0 AppleWebKit/537.36 (KHTML, like Gecko; compatible; GPTBot/1.3; +https://openai.com/gptbot)"
170.64.178.144 - - [05/Apr/2026:12:11:06 -0400] "POST /wp-login.php HTTP/1.0" 200 6464 "-" "Mozilla/5.0"
74.7.227.150 - - [05/Apr/2026:12:11:22 -0400] "GET /wp-content/plugins/elementor/modules/floating-buttons/classes/action/?C=N;O=A HTTP/1.0" 200 421 "https://linguareachagency.com/wp-content/plugins/elementor/modules/floating-buttons/classes/action/?C=D;O=A" "Mozilla/5.0 AppleWebKit/537.36 (KHTML, like Gecko; compatible; GPTBot/1.3; +https://openai.com/gptbot)"
74.7.227.150 - - [05/Apr/2026:12:11:25 -0400] "GET /wp-content/plugins/elementor/modules/floating-buttons/classes/action/?C=S;O=D HTTP/1.0" 200 419 "https://linguareachagency.com/wp-content/plugins/elementor/modules/floating-buttons/classes/action/?C=S;O=A" "Mozilla/5.0 AppleWebKit/537.36 (KHTML, like Gecko; compatible; GPTBot/1.3; +https://openai.com/gptbot)"
74.7.227.150 - - [05/Apr/2026:12:11:41 -0400] "GET /wp-content/plugins/pro-elements/modules/floating-buttons/classes/render/?C=M;O=D HTTP/1.0" 200 528 "https://linguareachagency.com/wp-content/plugins/pro-elements/modules/floating-buttons/classes/render/?C=M;O=A" "Mozilla/5.0 AppleWebKit/537.36 (KHTML, like Gecko; compatible; GPTBot/1.3; +https://openai.com/gptbot)"
74.7.227.150 - - [05/Apr/2026:12:11:46 -0400] "GET /wp-content/plugins/elementor/assets/lib/html2canvas/?C=S;O=A HTTP/1.0" 200 396 "https://linguareachagency.com/wp-content/plugins/elementor/assets/lib/html2canvas/" "Mozilla/5.0 AppleWebKit/537.36 (KHTML, like Gecko; compatible; GPTBot/1.3; +https://openai.com/gptbot)"
74.7.227.150 - - [05/Apr/2026:12:11:58 -0400] "GET /wp-content/plugins/elementor/assets/lib/html2canvas/?C=M;O=A HTTP/1.0" 429 17 "https://linguareachagency.com/wp-content/plugins/elementor/assets/lib/html2canvas/" "Mozilla/5.0 AppleWebKit/537.36 (KHTML, like Gecko; compatible; GPTBot/1.3; +https://openai.com/gptbot)"
74.7.227.150 - - [05/Apr/2026:12:12:05 -0400] "GET /wp-content/plugins/elementor/assets/js/packages/editor-site-navigation/?C=D;O=A HTTP/1.0" 429 17 "https://linguareachagency.com/wp-content/plugins/elementor/assets/js/packages/editor-site-navigation/?C=M;O=D" "Mozilla/5.0 AppleWebKit/537.36 (KHTML, like Gecko; compatible; GPTBot/1.3; +https://openai.com/gptbot)"
74.7.227.150 - - [05/Apr/2026:12:12:30 -0400] "GET /wp-content/plugins/elementor/assets/lib/html2canvas/?C=D;O=A HTTP/1.0" 429 17 "https://linguareachagency.com/wp-content/plugins/elementor/assets/lib/html2canvas/" "Mozilla/5.0 AppleWebKit/537.36 (KHTML, like Gecko; compatible; GPTBot/1.3; +https://openai.com/gptbot)"
74.7.227.150 - - [05/Apr/2026:12:13:36 -0400] "GET /wp-content/plugins/elementor/assets/lib/html2canvas/?C=N;O=D HTTP/1.0" 429 17 "https://linguareachagency.com/wp-content/plugins/elementor/assets/lib/html2canvas/" "Mozilla/5.0 AppleWebKit/537.36 (KHTML, like Gecko; compatible; GPTBot/1.3; +https://openai.com/gptbot)"
161.178.3.105 - - [05/Apr/2026:12:13:50 -0400] "POST /wp-login.php HTTP/1.0" 200 6464 "-" "Mozilla/5.0"
74.7.227.150 - - [05/Apr/2026:12:14:32 -0400] "GET /wp-content/plugins/elementor/assets/js/packages/editor-notifications/?C=D;O=D HTTP/1.0" 200 480 "https://linguareachagency.com/wp-content/plugins/elementor/assets/js/packages/editor-notifications/?C=D;O=A" "Mozilla/5.0 AppleWebKit/537.36 (KHTML, like Gecko; compatible; GPTBot/1.3; +https://openai.com/gptbot)"
74.7.227.150 - - [05/Apr/2026:12:15:34 -0400] "GET /wp-content/plugins/elementor/assets/lib/tipsy/?C=S;O=A HTTP/1.0" 200 421 "https://linguareachagency.com/wp-content/plugins/elementor/assets/lib/tipsy/" "Mozilla/5.0 AppleWebKit/537.36 (KHTML, like Gecko; compatible; GPTBot/1.3; +https://openai.com/gptbot)"
74.7.227.150 - - [05/Apr/2026:12:16:26 -0400] "GET /wp-content/plugins/elementor/core/kits/views/?C=N;O=D HTTP/1.0" 200 435 "https://linguareachagency.com/wp-content/plugins/elementor/core/kits/views/" "Mozilla/5.0 AppleWebKit/537.36 (KHTML, like Gecko; compatible; GPTBot/1.3; +https://openai.com/gptbot)"
74.7.227.150 - - [05/Apr/2026:12:17:18 -0400] "GET /wp-content/plugins/elementor/modules/atomic-widgets/prop-types/traits/?C=D;O=D HTTP/1.0" 200 430 "https://linguareachagency.com/wp-content/plugins/elementor/modules/atomic-widgets/prop-types/traits/?C=D;O=A" "Mozilla/5.0 AppleWebKit/537.36 (KHTML, like Gecko; compatible; GPTBot/1.3; +https://openai.com/gptbot)"
74.7.227.150 - - [05/Apr/2026:12:18:02 -0400] "GET /wp-content/plugins/elementor/core/kits/views/?C=M;O=A HTTP/1.0" 200 433 "https://linguareachagency.com/wp-content/plugins/elementor/core/kits/views/" "Mozilla/5.0 AppleWebKit/537.36 (KHTML, like Gecko; compatible; GPTBot/1.3; +https://openai.com/gptbot)"
167.99.125.188 - - [05/Apr/2026:12:18:10 -0400] "POST /wp-login.php HTTP/1.0" 200 6464 "-" "Mozilla/5.0"
74.7.227.150 - - [05/Apr/2026:12:18:52 -0400] "GET /wp-content/plugins/elementor/data/base/processor/?C=D;O=A HTTP/1.0" 200 423 "https://linguareachagency.com/wp-content/plugins/elementor/data/base/processor/" "Mozilla/5.0 AppleWebKit/537.36 (KHTML, like Gecko; compatible; GPTBot/1.3; +https://openai.com/gptbot)"
74.7.227.150 - - [05/Apr/2026:12:19:17 -0400] "GET /wp-content/plugins/elementor/core/app/modules/?C=N;O=D HTTP/1.0" 200 436 "https://linguareachagency.com/wp-content/plugins/elementor/core/app/modules/" "Mozilla/5.0 AppleWebKit/537.36 (KHTML, like Gecko; compatible; GPTBot/1.3; +https://openai.com/gptbot)"
74.7.227.150 - - [05/Apr/2026:12:20:02 -0400] "GET /wp-content/plugins/elementor/core/settings/base/?C=D;O=A HTTP/1.0" 200 451 "https://linguareachagency.com/wp-content/plugins/elementor/core/settings/base/" "Mozilla/5.0 AppleWebKit/537.36 (KHTML, like Gecko; compatible; GPTBot/1.3; +https://openai.com/gptbot)"
74.7.227.150 - - [05/Apr/2026:12:20:29 -0400] "GET /wp-content/plugins/elementor/assets/lib/html2canvas/js/ HTTP/1.0" 200 425 "https://linguareachagency.com/wp-content/plugins/elementor/assets/lib/html2canvas/?C=S;O=A" "Mozilla/5.0 AppleWebKit/537.36 (KHTML, like Gecko; compatible; GPTBot/1.3; +https://openai.com/gptbot)"
74.7.227.150 - - [05/Apr/2026:12:20:49 -0400] "GET /wp-content/plugins/elementor/assets/lib/html2canvas/?C=S;O=D HTTP/1.0" 200 394 "https://linguareachagency.com/wp-content/plugins/elementor/assets/lib/html2canvas/?C=S;O=A" "Mozilla/5.0 AppleWebKit/537.36 (KHTML, like Gecko; compatible; GPTBot/1.3; +https://openai.com/gptbot)"
74.7.227.150 - - [05/Apr/2026:12:21:12 -0400] "GET /wp-content/plugins/elementor/assets/lib/html2canvas/?C=N;O=A HTTP/1.0" 200 396 "https://linguareachagency.com/wp-content/plugins/elementor/assets/lib/html2canvas/?C=S;O=A" "Mozilla/5.0 AppleWebKit/537.36 (KHTML, like Gecko; compatible; GPTBot/1.3; +https://openai.com/gptbot)"
74.7.227.150 - - [05/Apr/2026:12:21:34 -0400] "GET /wp-content/plugins/pro-elements/modules/notes/data/?C=M;O=A HTTP/1.0" 200 429 "https://linguareachagency.com/wp-content/plugins/pro-elements/modules/notes/data/" "Mozilla/5.0 AppleWebKit/537.36 (KHTML, like Gecko; compatible; GPTBot/1.3; +https://openai.com/gptbot)"
74.7.227.150 - - [05/Apr/2026:12:21:54 -0400] "GET /wp-content/plugins/elementor/assets/lib/tipsy/tipsy.min.js HTTP/1.0" 200 1710 "https://linguareachagency.com/wp-content/plugins/elementor/assets/lib/tipsy/?C=S;O=A" "Mozilla/5.0 AppleWebKit/537.36 (KHTML, like Gecko; compatible; GPTBot/1.3; +https://openai.com/gptbot)"
74.7.227.150 - - [05/Apr/2026:12:22:12 -0400] "GET /wp-content/plugins/elementor/assets/lib/tipsy/tipsy.js HTTP/1.0" 200 2605 "https://linguareachagency.com/wp-content/plugins/elementor/assets/lib/tipsy/?C=S;O=A" "Mozilla/5.0 AppleWebKit/537.36 (KHTML, like Gecko; compatible; GPTBot/1.3; +https://openai.com/gptbot)"
74.7.227.150 - - [05/Apr/2026:12:22:29 -0400] "GET /wp-content/plugins/elementor/assets/lib/swiper/?C=S;O=A HTTP/1.0" 200 395 "https://linguareachagency.com/wp-content/plugins/elementor/assets/lib/swiper/" "Mozilla/5.0 AppleWebKit/537.36 (KHTML, like Gecko; compatible; GPTBot/1.3; +https://openai.com/gptbot)"
74.7.227.150 - - [05/Apr/2026:12:22:42 -0400] "GET /wp-content/plugins/pro-elements/modules/notes/data/?C=D;O=A HTTP/1.0" 200 429 "https://linguareachagency.com/wp-content/plugins/pro-elements/modules/notes/data/" "Mozilla/5.0 AppleWebKit/537.36 (KHTML, like Gecko; compatible; GPTBot/1.3; +https://openai.com/gptbot)"
144.208.76.23 - - [05/Apr/2026:12:22:49 -0400] "POST /wp-cron.php?doing_wp_cron=1775406169.3338000774383544921875 HTTP/1.0" 200 - "-" "WordPress/6.9.4; https://linguareachagency.com"
66.249.79.75 - - [05/Apr/2026:12:22:48 -0400] "GET /robots.txt HTTP/1.0" 301 - "-" "Mozilla/5.0 (compatible; Googlebot/2.1; +http://www.google.com/bot.html)"
66.249.68.1 - - [05/Apr/2026:12:22:49 -0400] "GET /robots.txt HTTP/1.0" 200 114 "-" "Mozilla/5.0 (compatible; Googlebot/2.1; +http://www.google.com/bot.html)"
74.7.227.150 - - [05/Apr/2026:12:23:03 -0400] "GET /wp-content/plugins/elementor/data/base/processor/before.php HTTP/1.0" 500 - "https://linguareachagency.com/wp-content/plugins/elementor/data/base/processor/?C=D;O=A" "Mozilla/5.0 AppleWebKit/537.36 (KHTML, like Gecko; compatible; GPTBot/1.3; +https://openai.com/gptbot)"
74.7.227.150 - - [05/Apr/2026:12:23:07 -0400] "GET /wp-content/plugins/elementor/data/base/processor/after.php HTTP/1.0" 500 - "https://linguareachagency.com/wp-content/plugins/elementor/data/base/processor/?C=D;O=A" "Mozilla/5.0 AppleWebKit/537.36 (KHTML, like Gecko; compatible; GPTBot/1.3; +https://openai.com/gptbot)"
170.64.178.144 - - [05/Apr/2026:12:23:15 -0400] "POST /wp-login.php HTTP/1.0" 200 6464 "-" "Mozilla/5.0"
74.7.227.150 - - [05/Apr/2026:12:23:39 -0400] "GET /wp-content/plugins/elementor/core/settings/base/manager.php HTTP/1.0" 200 - "https://linguareachagency.com/wp-content/plugins/elementor/core/settings/base/?C=D;O=A" "Mozilla/5.0 AppleWebKit/537.36 (KHTML, like Gecko; compatible; GPTBot/1.3; +https://openai.com/gptbot)"
74.7.227.150 - - [05/Apr/2026:12:24:45 -0400] "GET /wp-content/plugins/elementor/core/settings/base/?C=D;O=D HTTP/1.0" 200 456 "https://linguareachagency.com/wp-content/plugins/elementor/core/settings/base/?C=D;O=A" "Mozilla/5.0 AppleWebKit/537.36 (KHTML, like Gecko; compatible; GPTBot/1.3; +https://openai.com/gptbot)"
74.7.227.150 - - [05/Apr/2026:12:25:46 -0400] "GET /wp-content/plugins/elementor/assets/lib/html2canvas/js/html2canvas.min.js HTTP/1.0" 200 46451 "https://linguareachagency.com/wp-content/plugins/elementor/assets/lib/html2canvas/js/" "Mozilla/5.0 AppleWebKit/537.36 (KHTML, like Gecko; compatible; GPTBot/1.3; +https://openai.com/gptbot)"
74.7.227.150 - - [05/Apr/2026:12:26:35 -0400] "GET /wp-content/plugins/elementor/assets/lib/html2canvas/js/html2canvas.js HTTP/1.0" 200 74640 "https://linguareachagency.com/wp-content/plugins/elementor/assets/lib/html2canvas/js/" "Mozilla/5.0 AppleWebKit/537.36 (KHTML, like Gecko; compatible; GPTBot/1.3; +https://openai.com/gptbot)"
161.178.3.105 - - [05/Apr/2026:12:26:56 -0400] "POST /wp-login.php HTTP/1.0" 200 6464 "-" "Mozilla/5.0"
74.7.227.150 - - [05/Apr/2026:12:27:20 -0400] "GET /wp-content/plugins/elementor/assets/lib/html2canvas/js/?C=M;O=A HTTP/1.0" 200 425 "https://linguareachagency.com/wp-content/plugins/elementor/assets/lib/html2canvas/js/" "Mozilla/5.0 AppleWebKit/537.36 (KHTML, like Gecko; compatible; GPTBot/1.3; +https://openai.com/gptbot)"
45.88.138.44 - - [05/Apr/2026:12:27:34 -0400] "GET / HTTP/1.0" 301 - "-" "Go-http-client/2.0"
45.88.138.44 - - [05/Apr/2026:12:27:48 -0400] "GET /zz-nonexistent-test-8492.html HTTP/1.0" 301 - "-" "Go-http-client/2.0"
45.88.138.44 - - [05/Apr/2026:12:28:05 -0400] "GET /wp-login.php HTTP/1.0" 200 1925 "-" "Go-http-client/2.0"
45.88.138.44 - - [05/Apr/2026:12:28:05 -0400] "GET /.git-credentials HTTP/1.0" 429 17 "-" "Go-http-client/2.0"
45.88.138.44 - - [05/Apr/2026:12:28:05 -0400] "GET /core/.env HTTP/1.0" 429 17 "-" "Go-http-client/2.0"
45.88.138.44 - - [05/Apr/2026:12:28:05 -0400] "GET /.env.prod HTTP/1.0" 429 17 "-" "Go-http-client/2.0"
45.88.138.44 - - [05/Apr/2026:12:28:05 -0400] "GET /config/.env HTTP/1.0" 429 17 "-" "Go-http-client/2.0"
45.88.138.44 - - [05/Apr/2026:12:28:05 -0400] "GET /.vscode/sftp.json HTTP/1.0" 429 17 "-" "Go-http-client/2.0"
45.88.138.44 - - [05/Apr/2026:12:28:05 -0400] "GET /.env.backup HTTP/1.0" 429 17 "-" "Go-http-client/2.0"
45.88.138.44 - - [05/Apr/2026:12:28:05 -0400] "GET /sendgrid.env HTTP/1.0" 429 17 "-" "Go-http-client/2.0"
45.88.138.44 - - [05/Apr/2026:12:28:05 -0400] "GET /Dockerfile HTTP/1.0" 429 17 "-" "Go-http-client/2.0"
74.7.227.150 - - [05/Apr/2026:12:28:07 -0400] "GET /wp-content/plugins/elementor/assets/lib/html2canvas/js/?C=S;O=A HTTP/1.0" 200 424 "https://linguareachagency.com/wp-content/plugins/elementor/assets/lib/html2canvas/js/" "Mozilla/5.0 AppleWebKit/537.36 (KHTML, like Gecko; compatible; GPTBot/1.3; +https://openai.com/gptbot)"
45.88.138.44 - - [05/Apr/2026:12:28:17 -0400] "GET /src/.env HTTP/1.0" 301 - "-" "Go-http-client/2.0"
45.88.138.44 - - [05/Apr/2026:12:28:18 -0400] "GET /.git/index HTTP/1.0" 429 17 "-" "Go-http-client/2.0"
45.88.138.44 - - [05/Apr/2026:12:28:18 -0400] "GET /.env.example HTTP/1.0" 429 17 "-" "Go-http-client/2.0"
45.88.138.44 - - [05/Apr/2026:12:28:18 -0400] "GET /robots.txt HTTP/1.0" 429 17 "-" "Go-http-client/2.0"
45.88.138.44 - - [05/Apr/2026:12:28:19 -0400] "GET /.git/packed-refs HTTP/1.0" 429 17 "-" "Go-http-client/2.0"
45.88.138.44 - - [05/Apr/2026:12:28:20 -0400] "GET /.hg/hgrc HTTP/1.0" 429 17 "-" "Go-http-client/2.0"
45.88.138.44 - - [05/Apr/2026:12:28:21 -0400] "GET /server/.env HTTP/1.0" 429 17 "-" "Go-http-client/2.0"
45.88.138.44 - - [05/Apr/2026:12:28:21 -0400] "GET /.env.old HTTP/1.0" 429 17 "-" "Go-http-client/2.0"
45.88.138.44 - - [05/Apr/2026:12:28:21 -0400] "GET /api/shared/config.env HTTP/1.0" 429 17 "-" "Go-http-client/2.0"
45.88.138.44 - - [05/Apr/2026:12:28:21 -0400] "GET /Procfile HTTP/1.0" 429 17 "-" "Go-http-client/2.0"
45.88.138.44 - - [05/Apr/2026:12:28:32 -0400] "GET /server-status HTTP/1.0" 403 228 "-" "Go-http-client/2.0"
45.88.138.44 - - [05/Apr/2026:12:28:32 -0400] "GET /api/v1/config HTTP/1.0" 301 - "-" "Go-http-client/2.0"
45.88.138.44 - - [05/Apr/2026:12:28:32 -0400] "GET /aws/credentials HTTP/1.0" 301 - "-" "Go-http-client/2.0"
45.88.138.44 - - [05/Apr/2026:12:28:32 -0400] "GET /public/.env HTTP/1.0" 301 - "-" "Go-http-client/2.0"
45.88.138.44 - - [05/Apr/2026:12:28:32 -0400] "GET /.env.staging HTTP/1.0" 301 - "-" "Go-http-client/2.0"
45.88.138.44 - - [05/Apr/2026:12:28:32 -0400] "GET /graphql HTTP/1.0" 301 - "-" "Go-http-client/2.0"
45.88.138.44 - - [05/Apr/2026:12:28:32 -0400] "GET /graphiql HTTP/1.0" 301 - "-" "Go-http-client/2.0"
45.88.138.44 - - [05/Apr/2026:12:28:32 -0400] "GET /api/swagger.json HTTP/1.0" 301 - "-" "Go-http-client/2.0"
45.88.138.44 - - [05/Apr/2026:12:28:32 -0400] "GET /api/graphql HTTP/1.0" 301 - "-" "Go-http-client/2.0"
45.88.138.44 - - [05/Apr/2026:12:28:32 -0400] "GET /server-info HTTP/1.0" 301 - "-" "Go-http-client/2.0"
45.88.138.44 - - [05/Apr/2026:12:28:32 -0400] "GET /openapi.json HTTP/1.0" 301 - "-" "Go-http-client/2.0"
45.88.138.44 - - [05/Apr/2026:12:28:32 -0400] "GET /v2/api-docs HTTP/1.0" 301 - "-" "Go-http-client/2.0"
45.88.138.44 - - [05/Apr/2026:12:28:32 -0400] "GET /_cat/indices HTTP/1.0" 301 - "-" "Go-http-client/2.0"
45.88.138.44 - - [05/Apr/2026:12:28:32 -0400] "GET /.well-known/openid-configuration HTTP/1.0" 301 - "-" "Go-http-client/2.0"
74.7.227.150 - - [05/Apr/2026:12:28:40 -0400] "GET /wp-content/plugins/elementor/assets/lib/html2canvas/js/?C=D;O=A HTTP/1.0" 200 425 "https://linguareachagency.com/wp-content/plugins/elementor/assets/lib/html2canvas/js/" "Mozilla/5.0 AppleWebKit/537.36 (KHTML, like Gecko; compatible; GPTBot/1.3; +https://openai.com/gptbot)"
74.7.227.150 - - [05/Apr/2026:12:29:14 -0400] "GET /wp-content/plugins/elementor/assets/lib/html2canvas/js/?C=N;O=D HTTP/1.0" 200 419 "https://linguareachagency.com/wp-content/plugins/elementor/assets/lib/html2canvas/js/" "Mozilla/5.0 AppleWebKit/537.36 (KHTML, like Gecko; compatible; GPTBot/1.3; +https://openai.com/gptbot)"
