74.7.243.230 - - [06/Apr/2026:00:21:24 -0400] "GET /wp-content/plugins/elementor/modules/shapes/widgets/?C=D;O=A HTTP/1.0" 429 17 "https://linguareachagency.com/wp-content/plugins/elementor/modules/shapes/widgets/" "Mozilla/5.0 AppleWebKit/537.36 (KHTML, like Gecko; compatible; GPTBot/1.3; +https://openai.com/gptbot)"
74.7.243.230 - - [06/Apr/2026:00:22:29 -0400] "GET /wp-content/plugins/elementor/modules/shapes/widgets/?C=N;O=A HTTP/1.0" 429 17 "https://linguareachagency.com/wp-content/plugins/elementor/modules/shapes/widgets/?C=N;O=D" "Mozilla/5.0 AppleWebKit/537.36 (KHTML, like Gecko; compatible; GPTBot/1.3; +https://openai.com/gptbot)"
74.7.243.230 - - [06/Apr/2026:00:23:30 -0400] "GET /wp-content/plugins/elementor/app/modules/onboarding/?C=N;O=A HTTP/1.0" 200 446 "https://linguareachagency.com/wp-content/plugins/elementor/app/modules/onboarding/?C=M;O=A" "Mozilla/5.0 AppleWebKit/537.36 (KHTML, like Gecko; compatible; GPTBot/1.3; +https://openai.com/gptbot)"
74.7.243.230 - - [06/Apr/2026:00:24:36 -0400] "GET /wp-content/plugins/elementor/modules/shapes/widgets/?C=S;O=D HTTP/1.0" 200 407 "https://linguareachagency.com/wp-content/plugins/elementor/modules/shapes/widgets/?C=S;O=A" "Mozilla/5.0 AppleWebKit/537.36 (KHTML, like Gecko; compatible; GPTBot/1.3; +https://openai.com/gptbot)"
74.7.243.230 - - [06/Apr/2026:00:25:32 -0400] "GET /wp-content/plugins/elementor/app/modules/onboarding/?C=S;O=D HTTP/1.0" 200 443 "https://linguareachagency.com/wp-content/plugins/elementor/app/modules/onboarding/?C=S;O=A" "Mozilla/5.0 AppleWebKit/537.36 (KHTML, like Gecko; compatible; GPTBot/1.3; +https://openai.com/gptbot)"
74.7.243.230 - - [06/Apr/2026:00:26:23 -0400] "GET /wp-content/plugins/elementor/app/modules/onboarding/?C=D;O=D HTTP/1.0" 200 443 "https://linguareachagency.com/wp-content/plugins/elementor/app/modules/onboarding/?C=D;O=A" "Mozilla/5.0 AppleWebKit/537.36 (KHTML, like Gecko; compatible; GPTBot/1.3; +https://openai.com/gptbot)"
144.208.76.23 - - [06/Apr/2026:00:26:57 -0400] "POST /wp-cron.php?doing_wp_cron=1775449617.6184749603271484375000 HTTP/1.0" 200 - "-" "WordPress/6.9.4; https://linguareachagency.com"
155.2.215.115 - - [06/Apr/2026:00:26:57 -0400] "POST /wp-login.php HTTP/1.0" 200 6464 "-" "Mozilla/5.0"
74.7.243.230 - - [06/Apr/2026:00:27:09 -0400] "GET /wp-content/plugins/elementor/modules/shapes/widgets/?C=M;O=D HTTP/1.0" 200 407 "https://linguareachagency.com/wp-content/plugins/elementor/modules/shapes/widgets/?C=M;O=A" "Mozilla/5.0 AppleWebKit/537.36 (KHTML, like Gecko; compatible; GPTBot/1.3; +https://openai.com/gptbot)"
74.7.243.230 - - [06/Apr/2026:00:27:49 -0400] "GET /wp-content/plugins/elementor/app/modules/onboarding/?C=M;O=D HTTP/1.0" 200 443 "https://linguareachagency.com/wp-content/plugins/elementor/app/modules/onboarding/?C=M;O=A" "Mozilla/5.0 AppleWebKit/537.36 (KHTML, like Gecko; compatible; GPTBot/1.3; +https://openai.com/gptbot)"
74.7.243.230 - - [06/Apr/2026:00:28:28 -0400] "GET /wp-content/plugins/elementor/modules/atomic-widgets/elements/atomic-button/?C=S;O=A HTTP/1.0" 200 438 "https://linguareachagency.com/wp-content/plugins/elementor/modules/atomic-widgets/elements/atomic-button/" "Mozilla/5.0 AppleWebKit/537.36 (KHTML, like Gecko; compatible; GPTBot/1.3; +https://openai.com/gptbot)"
74.7.243.230 - - [06/Apr/2026:00:29:03 -0400] "GET /wp-content/plugins/elementor/modules/atomic-widgets/elements/atomic-heading/?C=S;O=A HTTP/1.0" 200 443 "https://linguareachagency.com/wp-content/plugins/elementor/modules/atomic-widgets/elements/atomic-heading/" "Mozilla/5.0 AppleWebKit/537.36 (KHTML, like Gecko; compatible; GPTBot/1.3; +https://openai.com/gptbot)"
136.144.35.229 - - [06/Apr/2026:00:29:25 -0400] "POST /wp-login.php HTTP/1.0" 200 6464 "-" "Mozilla/5.0"
74.7.243.230 - - [06/Apr/2026:00:29:33 -0400] "GET /wp-content/plugins/elementor/assets/js/packages/editor-editing-panel/?C=N;O=D HTTP/1.0" 200 482 "https://linguareachagency.com/wp-content/plugins/elementor/assets/js/packages/editor-editing-panel/" "Mozilla/5.0 AppleWebKit/537.36 (KHTML, like Gecko; compatible; GPTBot/1.3; +https://openai.com/gptbot)"
74.7.243.230 - - [06/Apr/2026:00:30:01 -0400] "GET /wp-content/plugins/elementor/assets/js/packages/editor-editing-panel/?C=D;O=A HTTP/1.0" 200 482 "https://linguareachagency.com/wp-content/plugins/elementor/assets/js/packages/editor-editing-panel/" "Mozilla/5.0 AppleWebKit/537.36 (KHTML, like Gecko; compatible; GPTBot/1.3; +https://openai.com/gptbot)"
74.7.243.230 - - [06/Apr/2026:00:30:25 -0400] "GET /wp-content/plugins/elementor/assets/js/packages/editor-editing-panel/?C=M;O=A HTTP/1.0" 200 482 "https://linguareachagency.com/wp-content/plugins/elementor/assets/js/packages/editor-editing-panel/" "Mozilla/5.0 AppleWebKit/537.36 (KHTML, like Gecko; compatible; GPTBot/1.3; +https://openai.com/gptbot)"
74.7.243.230 - - [06/Apr/2026:00:30:47 -0400] "GET /wp-content/plugins/elementor/assets/js/packages/editor-editing-panel/?C=S;O=A HTTP/1.0" 200 482 "https://linguareachagency.com/wp-content/plugins/elementor/assets/js/packages/editor-editing-panel/" "Mozilla/5.0 AppleWebKit/537.36 (KHTML, like Gecko; compatible; GPTBot/1.3; +https://openai.com/gptbot)"
74.7.243.230 - - [06/Apr/2026:00:31:07 -0400] "GET /wp-content/plugins/elementor/modules/shapes/widgets/?C=N;O=A HTTP/1.0" 200 409 "https://linguareachagency.com/wp-content/plugins/elementor/modules/shapes/widgets/?C=S;O=D" "Mozilla/5.0 AppleWebKit/537.36 (KHTML, like Gecko; compatible; GPTBot/1.3; +https://openai.com/gptbot)"
74.7.243.230 - - [06/Apr/2026:00:31:24 -0400] "GET /wp-content/plugins/elementor/modules/shapes/widgets/?C=D;O=A HTTP/1.0" 200 409 "https://linguareachagency.com/wp-content/plugins/elementor/modules/shapes/widgets/?C=S;O=D" "Mozilla/5.0 AppleWebKit/537.36 (KHTML, like Gecko; compatible; GPTBot/1.3; +https://openai.com/gptbot)"
74.7.243.230 - - [06/Apr/2026:00:31:40 -0400] "GET /wp-content/plugins/elementor/vendor_prefixed/twig/symfony/polyfill-php80/Resources/?C=S;O=A HTTP/1.0" 200 428 "https://linguareachagency.com/wp-content/plugins/elementor/vendor_prefixed/twig/symfony/polyfill-php80/Resources/" "Mozilla/5.0 AppleWebKit/537.36 (KHTML, like Gecko; compatible; GPTBot/1.3; +https://openai.com/gptbot)"
74.7.243.230 - - [06/Apr/2026:00:31:54 -0400] "GET /wp-content/plugins/elementor/vendor_prefixed/twig/symfony/polyfill-php80/Resources/?C=M;O=A HTTP/1.0" 200 428 "https://linguareachagency.com/wp-content/plugins/elementor/vendor_prefixed/twig/symfony/polyfill-php80/Resources/" "Mozilla/5.0 AppleWebKit/537.36 (KHTML, like Gecko; compatible; GPTBot/1.3; +https://openai.com/gptbot)"
74.7.243.230 - - [06/Apr/2026:00:32:07 -0400] "GET /wp-content/plugins/elementor/vendor_prefixed/twig/symfony/polyfill-php81/Resources/?C=D;O=A HTTP/1.0" 200 428 "https://linguareachagency.com/wp-content/plugins/elementor/vendor_prefixed/twig/symfony/polyfill-php81/Resources/" "Mozilla/5.0 AppleWebKit/537.36 (KHTML, like Gecko; compatible; GPTBot/1.3; +https://openai.com/gptbot)"
74.7.243.230 - - [06/Apr/2026:00:32:18 -0400] "GET /wp-content/plugins/elementor/modules/atomic-widgets/elements/atomic-button/?C=S;O=D HTTP/1.0" 200 433 "https://linguareachagency.com/wp-content/plugins/elementor/modules/atomic-widgets/elements/atomic-button/?C=S;O=A" "Mozilla/5.0 AppleWebKit/537.36 (KHTML, like Gecko; compatible; GPTBot/1.3; +https://openai.com/gptbot)"
74.7.243.230 - - [06/Apr/2026:00:32:29 -0400] "GET /wp-content/plugins/elementor/modules/atomic-widgets/elements/atomic-heading/?C=S;O=D HTTP/1.0" 200 439 "https://linguareachagency.com/wp-content/plugins/elementor/modules/atomic-widgets/elements/atomic-heading/?C=S;O=A" "Mozilla/5.0 AppleWebKit/537.36 (KHTML, like Gecko; compatible; GPTBot/1.3; +https://openai.com/gptbot)"
74.7.243.230 - - [06/Apr/2026:00:32:38 -0400] "GET /wp-content/plugins/elementor/assets/js/packages/editor-editing-panel/editor-editing-panel.min.js HTTP/1.0" 200 29584 "https://linguareachagency.com/wp-content/plugins/elementor/assets/js/packages/editor-editing-panel/?C=N;O=D" "Mozilla/5.0 AppleWebKit/537.36 (KHTML, like Gecko; compatible; GPTBot/1.3; +https://openai.com/gptbot)"
74.7.243.230 - - [06/Apr/2026:00:32:47 -0400] "GET /wp-content/plugins/elementor/assets/js/packages/editor-editing-panel/?C=D;O=D HTTP/1.0" 429 17 "https://linguareachagency.com/wp-content/plugins/elementor/assets/js/packages/editor-editing-panel/?C=D;O=A" "Mozilla/5.0 AppleWebKit/537.36 (KHTML, like Gecko; compatible; GPTBot/1.3; +https://openai.com/gptbot)"
74.7.243.230 - - [06/Apr/2026:00:32:55 -0400] "GET /wp-content/plugins/elementor/assets/js/packages/editor-editing-panel/?C=N;O=A HTTP/1.0" 429 17 "https://linguareachagency.com/wp-content/plugins/elementor/assets/js/packages/editor-editing-panel/?C=N;O=D" "Mozilla/5.0 AppleWebKit/537.36 (KHTML, like Gecko; compatible; GPTBot/1.3; +https://openai.com/gptbot)"
74.7.243.230 - - [06/Apr/2026:00:33:17 -0400] "GET /wp-content/plugins/elementor/assets/js/packages/editor-editing-panel/?C=S;O=D HTTP/1.0" 429 17 "https://linguareachagency.com/wp-content/plugins/elementor/assets/js/packages/editor-editing-panel/?C=S;O=A" "Mozilla/5.0 AppleWebKit/537.36 (KHTML, like Gecko; compatible; GPTBot/1.3; +https://openai.com/gptbot)"
74.7.243.230 - - [06/Apr/2026:00:34:20 -0400] "GET /wp-content/plugins/elementor/assets/js/packages/editor-editing-panel/?C=M;O=D HTTP/1.0" 429 17 "https://linguareachagency.com/wp-content/plugins/elementor/assets/js/packages/editor-editing-panel/?C=M;O=A" "Mozilla/5.0 AppleWebKit/537.36 (KHTML, like Gecko; compatible; GPTBot/1.3; +https://openai.com/gptbot)"
74.7.243.230 - - [06/Apr/2026:00:35:22 -0400] "GET /wp-content/plugins/elementor/modules/shapes/widgets/?C=D;O=D HTTP/1.0" 200 407 "https://linguareachagency.com/wp-content/plugins/elementor/modules/shapes/widgets/?C=D;O=A" "Mozilla/5.0 AppleWebKit/537.36 (KHTML, like Gecko; compatible; GPTBot/1.3; +https://openai.com/gptbot)"
74.7.243.230 - - [06/Apr/2026:00:36:22 -0400] "GET /wp-content/plugins/elementor/vendor_prefixed/twig/symfony/polyfill-php80/Resources/?C=S;O=D HTTP/1.0" 200 426 "https://linguareachagency.com/wp-content/plugins/elementor/vendor_prefixed/twig/symfony/polyfill-php80/Resources/?C=S;O=A" "Mozilla/5.0 AppleWebKit/537.36 (KHTML, like Gecko; compatible; GPTBot/1.3; +https://openai.com/gptbot)"
74.7.243.230 - - [06/Apr/2026:00:37:17 -0400] "GET /wp-content/plugins/elementor/vendor_prefixed/twig/symfony/polyfill-php80/Resources/?C=M;O=D HTTP/1.0" 200 426 "https://linguareachagency.com/wp-content/plugins/elementor/vendor_prefixed/twig/symfony/polyfill-php80/Resources/?C=M;O=A" "Mozilla/5.0 AppleWebKit/537.36 (KHTML, like Gecko; compatible; GPTBot/1.3; +https://openai.com/gptbot)"
74.7.243.230 - - [06/Apr/2026:00:38:09 -0400] "GET /wp-content/plugins/elementor/vendor_prefixed/twig/symfony/polyfill-php81/Resources/?C=N;O=A HTTP/1.0" 200 428 "https://linguareachagency.com/wp-content/plugins/elementor/vendor_prefixed/twig/symfony/polyfill-php81/Resources/?C=D;O=A" "Mozilla/5.0 AppleWebKit/537.36 (KHTML, like Gecko; compatible; GPTBot/1.3; +https://openai.com/gptbot)"
69.63.184.48 - - [06/Apr/2026:00:38:40 -0400] "GET /robots.txt HTTP/1.0" 301 - "-" "facebookexternalhit/1.1 (+http://www.facebook.com/externalhit_uatext.php)"
74.7.243.230 - - [06/Apr/2026:00:38:56 -0400] "GET /wp-content/plugins/elementor/vendor_prefixed/twig/symfony/polyfill-php81/Resources/?C=D;O=D HTTP/1.0" 200 426 "https://linguareachagency.com/wp-content/plugins/elementor/vendor_prefixed/twig/symfony/polyfill-php81/Resources/?C=D;O=A" "Mozilla/5.0 AppleWebKit/537.36 (KHTML, like Gecko; compatible; GPTBot/1.3; +https://openai.com/gptbot)"
74.7.243.230 - - [06/Apr/2026:00:39:38 -0400] "GET /wp-content/plugins/elementor/vendor_prefixed/twig/symfony/polyfill-php81/Resources/?C=S;O=A HTTP/1.0" 200 428 "https://linguareachagency.com/wp-content/plugins/elementor/vendor_prefixed/twig/symfony/polyfill-php81/Resources/" "Mozilla/5.0 AppleWebKit/537.36 (KHTML, like Gecko; compatible; GPTBot/1.3; +https://openai.com/gptbot)"
74.7.243.230 - - [06/Apr/2026:00:40:14 -0400] "GET /wp-content/plugins/elementor/vendor_prefixed/twig/symfony/polyfill-php80/Resources/?C=D;O=A HTTP/1.0" 200 428 "https://linguareachagency.com/wp-content/plugins/elementor/vendor_prefixed/twig/symfony/polyfill-php80/Resources/" "Mozilla/5.0 AppleWebKit/537.36 (KHTML, like Gecko; compatible; GPTBot/1.3; +https://openai.com/gptbot)"
74.7.243.230 - - [06/Apr/2026:00:40:46 -0400] "GET /wp-content/plugins/elementor/vendor_prefixed/twig/symfony/polyfill-php80/Resources/?C=N;O=D HTTP/1.0" 200 426 "https://linguareachagency.com/wp-content/plugins/elementor/vendor_prefixed/twig/symfony/polyfill-php80/Resources/" "Mozilla/5.0 AppleWebKit/537.36 (KHTML, like Gecko; compatible; GPTBot/1.3; +https://openai.com/gptbot)"
15.181.97.95 - - [06/Apr/2026:00:41:10 -0400] "POST /wp-login.php HTTP/1.0" 200 6464 "-" "Mozilla/5.0"
74.7.243.230 - - [06/Apr/2026:00:41:18 -0400] "GET /wp-content/plugins/elementor/vendor_prefixed/twig/symfony/polyfill-php81/Resources/?C=N;O=D HTTP/1.0" 200 426 "https://linguareachagency.com/wp-content/plugins/elementor/vendor_prefixed/twig/symfony/polyfill-php81/Resources/" "Mozilla/5.0 AppleWebKit/537.36 (KHTML, like Gecko; compatible; GPTBot/1.3; +https://openai.com/gptbot)"
74.7.243.230 - - [06/Apr/2026:00:41:44 -0400] "GET /wp-content/plugins/elementor/vendor_prefixed/twig/symfony/polyfill-php81/Resources/?C=M;O=A HTTP/1.0" 200 428 "https://linguareachagency.com/wp-content/plugins/elementor/vendor_prefixed/twig/symfony/polyfill-php81/Resources/" "Mozilla/5.0 AppleWebKit/537.36 (KHTML, like Gecko; compatible; GPTBot/1.3; +https://openai.com/gptbot)"
74.7.243.230 - - [06/Apr/2026:00:42:09 -0400] "GET /wp-content/plugins/elementor/vendor_prefixed/twig/symfony/polyfill-php80/Resources/?C=N;O=A HTTP/1.0" 200 428 "https://linguareachagency.com/wp-content/plugins/elementor/vendor_prefixed/twig/symfony/polyfill-php80/Resources/?C=S;O=A" "Mozilla/5.0 AppleWebKit/537.36 (KHTML, like Gecko; compatible; GPTBot/1.3; +https://openai.com/gptbot)"
74.7.243.230 - - [06/Apr/2026:00:42:30 -0400] "GET /wp-content/plugins/elementor/modules/atomic-widgets/elements/atomic-youtube/?C=S;O=A HTTP/1.0" 200 465 "https://linguareachagency.com/wp-content/plugins/elementor/modules/atomic-widgets/elements/atomic-youtube/" "Mozilla/5.0 AppleWebKit/537.36 (KHTML, like Gecko; compatible; GPTBot/1.3; +https://openai.com/gptbot)"
74.7.243.230 - - [06/Apr/2026:00:42:49 -0400] "GET /wp-content/plugins/elementor/modules/atomic-widgets/elements/atomic-divider/?C=S;O=A HTTP/1.0" 200 442 "https://linguareachagency.com/wp-content/plugins/elementor/modules/atomic-widgets/elements/atomic-divider/" "Mozilla/5.0 AppleWebKit/537.36 (KHTML, like Gecko; compatible; GPTBot/1.3; +https://openai.com/gptbot)"
74.7.243.230 - - [06/Apr/2026:00:43:07 -0400] "GET /wp-content/plugins/elementor/modules/atomic-widgets/elements/atomic-youtube/?C=M;O=D HTTP/1.0" 200 461 "https://linguareachagency.com/wp-content/plugins/elementor/modules/atomic-widgets/elements/atomic-youtube/?C=M;O=A" "Mozilla/5.0 AppleWebKit/537.36 (KHTML, like Gecko; compatible; GPTBot/1.3; +https://openai.com/gptbot)"
74.7.243.230 - - [06/Apr/2026:00:43:23 -0400] "GET /wp-content/plugins/elementor/core/app/?C=N;O=D HTTP/1.0" 200 409 "https://linguareachagency.com/wp-content/plugins/elementor/core/app/" "Mozilla/5.0 AppleWebKit/537.36 (KHTML, like Gecko; compatible; GPTBot/1.3; +https://openai.com/gptbot)"
161.178.132.46 - - [06/Apr/2026:00:43:28 -0400] "POST /wp-login.php HTTP/1.0" 200 6464 "-" "Mozilla/5.0"
74.7.243.230 - - [06/Apr/2026:00:43:38 -0400] "GET /wp-content/plugins/elementor/core/app/?C=M;O=A HTTP/1.0" 200 411 "https://linguareachagency.com/wp-content/plugins/elementor/core/app/" "Mozilla/5.0 AppleWebKit/537.36 (KHTML, like Gecko; compatible; GPTBot/1.3; +https://openai.com/gptbot)"
74.7.243.230 - - [06/Apr/2026:00:43:51 -0400] "GET /wp-content/plugins/elementor/vendor_prefixed/twig/symfony/polyfill-php81/Resources/?C=S;O=D HTTP/1.0" 200 426 "https://linguareachagency.com/wp-content/plugins/elementor/vendor_prefixed/twig/symfony/polyfill-php81/Resources/?C=S;O=A" "Mozilla/5.0 AppleWebKit/537.36 (KHTML, like Gecko; compatible; GPTBot/1.3; +https://openai.com/gptbot)"
74.7.243.230 - - [06/Apr/2026:00:44:03 -0400] "GET /wp-content/plugins/elementor/vendor_prefixed/twig/symfony/polyfill-php80/Resources/?C=D;O=D HTTP/1.0" 200 426 "https://linguareachagency.com/wp-content/plugins/elementor/vendor_prefixed/twig/symfony/polyfill-php80/Resources/?C=D;O=A" "Mozilla/5.0 AppleWebKit/537.36 (KHTML, like Gecko; compatible; GPTBot/1.3; +https://openai.com/gptbot)"
74.7.243.230 - - [06/Apr/2026:00:44:13 -0400] "GET /wp-content/plugins/elementor/core/app/?C=D;O=A HTTP/1.0" 200 411 "https://linguareachagency.com/wp-content/plugins/elementor/core/app/" "Mozilla/5.0 AppleWebKit/537.36 (KHTML, like Gecko; compatible; GPTBot/1.3; +https://openai.com/gptbot)"
74.7.243.230 - - [06/Apr/2026:00:44:22 -0400] "GET /wp-content/plugins/elementor/core/app/?C=S;O=A HTTP/1.0" 429 17 "https://linguareachagency.com/wp-content/plugins/elementor/core/app/" "Mozilla/5.0 AppleWebKit/537.36 (KHTML, like Gecko; compatible; GPTBot/1.3; +https://openai.com/gptbot)"
74.7.243.230 - - [06/Apr/2026:00:44:31 -0400] "GET /wp-content/plugins/elementor/vendor_prefixed/twig/symfony/polyfill-php81/Resources/?C=M;O=D HTTP/1.0" 429 17 "https://linguareachagency.com/wp-content/plugins/elementor/vendor_prefixed/twig/symfony/polyfill-php81/Resources/?C=M;O=A" "Mozilla/5.0 AppleWebKit/537.36 (KHTML, like Gecko; compatible; GPTBot/1.3; +https://openai.com/gptbot)"
74.7.243.230 - - [06/Apr/2026:00:44:56 -0400] "GET /wp-content/plugins/elementor/assets/lib/swiper/v8/?C=M;O=A HTTP/1.0" 429 17 "https://linguareachagency.com/wp-content/plugins/elementor/assets/lib/swiper/v8/" "Mozilla/5.0 AppleWebKit/537.36 (KHTML, like Gecko; compatible; GPTBot/1.3; +https://openai.com/gptbot)"
74.7.243.230 - - [06/Apr/2026:00:45:57 -0400] "GET /wp-content/plugins/elementor/modules/atomic-widgets/elements/atomic-youtube/?C=S;O=D HTTP/1.0" 429 17 "https://linguareachagency.com/wp-content/plugins/elementor/modules/atomic-widgets/elements/atomic-youtube/?C=S;O=A" "Mozilla/5.0 AppleWebKit/537.36 (KHTML, like Gecko; compatible; GPTBot/1.3; +https://openai.com/gptbot)"
74.7.243.230 - - [06/Apr/2026:00:47:00 -0400] "GET /wp-content/plugins/elementor/modules/atomic-widgets/elements/atomic-divider/?C=S;O=D HTTP/1.0" 200 437 "https://linguareachagency.com/wp-content/plugins/elementor/modules/atomic-widgets/elements/atomic-divider/?C=S;O=A" "Mozilla/5.0 AppleWebKit/537.36 (KHTML, like Gecko; compatible; GPTBot/1.3; +https://openai.com/gptbot)"
74.7.243.230 - - [06/Apr/2026:00:48:06 -0400] "GET /wp-content/plugins/elementor/assets/lib/swiper/v8/?C=N;O=D HTTP/1.0" 200 432 "https://linguareachagency.com/wp-content/plugins/elementor/assets/lib/swiper/v8/" "Mozilla/5.0 AppleWebKit/537.36 (KHTML, like Gecko; compatible; GPTBot/1.3; +https://openai.com/gptbot)"
74.7.243.230 - - [06/Apr/2026:00:49:04 -0400] "GET /wp-content/plugins/elementor/core/app/?C=N;O=A HTTP/1.0" 200 411 "https://linguareachagency.com/wp-content/plugins/elementor/core/app/?C=N;O=D" "Mozilla/5.0 AppleWebKit/537.36 (KHTML, like Gecko; compatible; GPTBot/1.3; +https://openai.com/gptbot)"
74.7.243.230 - - [06/Apr/2026:00:49:54 -0400] "GET /wp-content/plugins/elementor/core/app/?C=M;O=D HTTP/1.0" 200 409 "https://linguareachagency.com/wp-content/plugins/elementor/core/app/?C=M;O=A" "Mozilla/5.0 AppleWebKit/537.36 (KHTML, like Gecko; compatible; GPTBot/1.3; +https://openai.com/gptbot)"
74.7.243.230 - - [06/Apr/2026:00:50:38 -0400] "GET /wp-content/plugins/elementor/assets/lib/swiper/v8/?C=S;O=A HTTP/1.0" 200 430 "https://linguareachagency.com/wp-content/plugins/elementor/assets/lib/swiper/v8/" "Mozilla/5.0 AppleWebKit/537.36 (KHTML, like Gecko; compatible; GPTBot/1.3; +https://openai.com/gptbot)"
136.144.35.222 - - [06/Apr/2026:00:51:06 -0400] "POST /wp-login.php HTTP/1.0" 200 6464 "-" "Mozilla/5.0"
74.7.243.230 - - [06/Apr/2026:00:51:20 -0400] "GET /wp-content/plugins/elementor/data/v2/base/processor/?C=D;O=D HTTP/1.0" 200 424 "https://linguareachagency.com/wp-content/plugins/elementor/data/v2/base/processor/?C=D;O=A" "Mozilla/5.0 AppleWebKit/537.36 (KHTML, like Gecko; compatible; GPTBot/1.3; +https://openai.com/gptbot)"
74.7.243.230 - - [06/Apr/2026:00:51:57 -0400] "GET /wp-content/plugins/elementor/assets/lib/swiper/v8/?C=D;O=A HTTP/1.0" 200 435 "https://linguareachagency.com/wp-content/plugins/elementor/assets/lib/swiper/v8/" "Mozilla/5.0 AppleWebKit/537.36 (KHTML, like Gecko; compatible; GPTBot/1.3; +https://openai.com/gptbot)"
15.181.97.95 - - [06/Apr/2026:00:51:59 -0400] "POST /wp-login.php HTTP/1.0" 200 6464 "-" "Mozilla/5.0"
74.7.243.230 - - [06/Apr/2026:00:52:29 -0400] "GET /wp-content/plugins/elementor/core/app/?C=D;O=D HTTP/1.0" 200 409 "https://linguareachagency.com/wp-content/plugins/elementor/core/app/?C=D;O=A" "Mozilla/5.0 AppleWebKit/537.36 (KHTML, like Gecko; compatible; GPTBot/1.3; +https://openai.com/gptbot)"
74.7.243.230 - - [06/Apr/2026:00:52:58 -0400] "GET /wp-content/plugins/elementor/assets/lib/font-awesome/fonts/?C=N;O=D HTTP/1.0" 200 489 "https://linguareachagency.com/wp-content/plugins/elementor/assets/lib/font-awesome/fonts/" "Mozilla/5.0 AppleWebKit/537.36 (KHTML, like Gecko; compatible; GPTBot/1.3; +https://openai.com/gptbot)"
74.7.243.230 - - [06/Apr/2026:00:53:25 -0400] "GET /wp-content/plugins/elementor/assets/lib/font-awesome/fonts/?C=S;O=A HTTP/1.0" 200 493 "https://linguareachagency.com/wp-content/plugins/elementor/assets/lib/font-awesome/fonts/" "Mozilla/5.0 AppleWebKit/537.36 (KHTML, like Gecko; compatible; GPTBot/1.3; +https://openai.com/gptbot)"
74.7.243.230 - - [06/Apr/2026:00:53:50 -0400] "GET /wp-content/plugins/elementor/assets/lib/font-awesome/fonts/?C=D;O=A HTTP/1.0" 200 487 "https://linguareachagency.com/wp-content/plugins/elementor/assets/lib/font-awesome/fonts/" "Mozilla/5.0 AppleWebKit/537.36 (KHTML, like Gecko; compatible; GPTBot/1.3; +https://openai.com/gptbot)"
161.178.132.46 - - [06/Apr/2026:00:53:52 -0400] "POST /wp-login.php HTTP/1.0" 200 6464 "-" "Mozilla/5.0"
74.7.243.230 - - [06/Apr/2026:00:54:12 -0400] "GET /wp-content/plugins/elementor/assets/lib/font-awesome/fonts/?C=M;O=A HTTP/1.0" 200 487 "https://linguareachagency.com/wp-content/plugins/elementor/assets/lib/font-awesome/fonts/" "Mozilla/5.0 AppleWebKit/537.36 (KHTML, like Gecko; compatible; GPTBot/1.3; +https://openai.com/gptbot)"
74.7.243.230 - - [06/Apr/2026:00:54:33 -0400] "GET /wp-content/plugins/elementor/assets/lib/swiper/v8/?C=N;O=A HTTP/1.0" 200 435 "https://linguareachagency.com/wp-content/plugins/elementor/assets/lib/swiper/v8/?C=N;O=D" "Mozilla/5.0 AppleWebKit/537.36 (KHTML, like Gecko; compatible; GPTBot/1.3; +https://openai.com/gptbot)"
74.7.243.230 - - [06/Apr/2026:00:54:51 -0400] "GET /wp-content/plugins/elementor/core/app/?C=S;O=A HTTP/1.0" 200 411 "https://linguareachagency.com/wp-content/plugins/elementor/core/app/?C=N;O=A" "Mozilla/5.0 AppleWebKit/537.36 (KHTML, like Gecko; compatible; GPTBot/1.3; +https://openai.com/gptbot)"
74.7.243.230 - - [06/Apr/2026:00:55:08 -0400] "GET /wp-content/plugins/elementor/assets/lib/swiper/v8/?C=M;O=A HTTP/1.0" 200 436 "https://linguareachagency.com/wp-content/plugins/elementor/assets/lib/swiper/v8/?C=N;O=D" "Mozilla/5.0 AppleWebKit/537.36 (KHTML, like Gecko; compatible; GPTBot/1.3; +https://openai.com/gptbot)"
74.7.243.230 - - [06/Apr/2026:00:55:22 -0400] "GET /wp-content/plugins/elementor/assets/lib/swiper/v8/?C=S;O=D HTTP/1.0" 200 432 "https://linguareachagency.com/wp-content/plugins/elementor/assets/lib/swiper/v8/?C=S;O=A" "Mozilla/5.0 AppleWebKit/537.36 (KHTML, like Gecko; compatible; GPTBot/1.3; +https://openai.com/gptbot)"
3.77.129.9 - - [06/Apr/2026:00:55:33 -0400] "GET /wp-login.php HTTP/1.0" 200 1925 "-" "Mozilla/5.0 (Windows NT 6.1; Win64; x64) AppleWebKit/537.36 (KHTML, like Gecko) Chrome/66.0.3359.139 Safari/537.36"
74.7.243.230 - - [06/Apr/2026:00:55:36 -0400] "GET /wp-content/plugins/elementor/assets/lib/animations/styles/e-animation-skew-backward.min.css HTTP/1.0" 200 142 "https://linguareachagency.com/wp-content/plugins/elementor/assets/lib/animations/styles/" "Mozilla/5.0 AppleWebKit/537.36 (KHTML, like Gecko; compatible; GPTBot/1.3; +https://openai.com/gptbot)"
3.77.129.9 - - [06/Apr/2026:00:55:37 -0400] "POST /wp-login.php HTTP/1.0" 200 2061 "https://linguareachagency.com/wp-login.php" "Mozilla/5.0 (Windows NT 6.1; Win64; x64) AppleWebKit/537.36 (KHTML, like Gecko) Chrome/66.0.3359.139 Safari/537.36"
74.7.243.230 - - [06/Apr/2026:00:55:48 -0400] "GET /wp-content/plugins/elementor/assets/lib/swiper/v8/?C=D;O=D HTTP/1.0" 200 432 "https://linguareachagency.com/wp-content/plugins/elementor/assets/lib/swiper/v8/?C=D;O=A" "Mozilla/5.0 AppleWebKit/537.36 (KHTML, like Gecko; compatible; GPTBot/1.3; +https://openai.com/gptbot)"
74.7.243.230 - - [06/Apr/2026:00:55:58 -0400] "GET /wp-content/plugins/elementor/modules/atomic-widgets/elements/atomic-image/?C=S;O=A HTTP/1.0" 200 435 "https://linguareachagency.com/wp-content/plugins/elementor/modules/atomic-widgets/elements/atomic-image/" "Mozilla/5.0 AppleWebKit/537.36 (KHTML, like Gecko; compatible; GPTBot/1.3; +https://openai.com/gptbot)"
74.7.243.230 - - [06/Apr/2026:00:56:08 -0400] "GET /wp-content/plugins/elementor/assets/lib/font-awesome/fonts/?C=N;O=A HTTP/1.0" 200 487 "https://linguareachagency.com/wp-content/plugins/elementor/assets/lib/font-awesome/fonts/?C=N;O=D" "Mozilla/5.0 AppleWebKit/537.36 (KHTML, like Gecko; compatible; GPTBot/1.3; +https://openai.com/gptbot)"
74.7.243.230 - - [06/Apr/2026:00:56:16 -0400] "GET /wp-content/plugins/elementor/assets/lib/font-awesome/fonts/?C=S;O=D HTTP/1.0" 429 17 "https://linguareachagency.com/wp-content/plugins/elementor/assets/lib/font-awesome/fonts/?C=S;O=A" "Mozilla/5.0 AppleWebKit/537.36 (KHTML, like Gecko; compatible; GPTBot/1.3; +https://openai.com/gptbot)"
74.7.243.230 - - [06/Apr/2026:00:56:24 -0400] "GET /wp-content/plugins/elementor/assets/lib/font-awesome/fonts/?C=D;O=D HTTP/1.0" 429 17 "https://linguareachagency.com/wp-content/plugins/elementor/assets/lib/font-awesome/fonts/?C=D;O=A" "Mozilla/5.0 AppleWebKit/537.36 (KHTML, like Gecko; compatible; GPTBot/1.3; +https://openai.com/gptbot)"
45.61.184.165 - - [06/Apr/2026:00:56:30 -0400] "GET /wp-login.php HTTP/1.0" 200 1925 "-" "Mozilla/5.0 (Windows NT 10.0; Win64; x64) AppleWebKit/537.36 (KHTML, like Gecko) Chrome/134.0.0.0 Safari/537.36"
45.61.184.165 - - [06/Apr/2026:00:56:30 -0400] "POST /wp-login.php HTTP/1.0" 200 2061 "https://linguareachagency.com/wp-admin/" "Mozilla/5.0 (Windows NT 10.0; Win64; x64) AppleWebKit/537.36 (KHTML, like Gecko) Chrome/134.0.0.0 Safari/537.36"
74.7.243.230 - - [06/Apr/2026:00:56:47 -0400] "GET /wp-content/plugins/elementor/assets/lib/font-awesome/fonts/?C=M;O=D HTTP/1.0" 429 17 "https://linguareachagency.com/wp-content/plugins/elementor/assets/lib/font-awesome/fonts/?C=M;O=A" "Mozilla/5.0 AppleWebKit/537.36 (KHTML, like Gecko; compatible; GPTBot/1.3; +https://openai.com/gptbot)"
74.7.243.230 - - [06/Apr/2026:00:57:52 -0400] "GET /wp-content/plugins/elementor/modules/atomic-widgets/elements/atomic-tabs/?C=M;O=A HTTP/1.0" 429 17 "https://linguareachagency.com/wp-content/plugins/elementor/modules/atomic-widgets/elements/atomic-tabs/" "Mozilla/5.0 AppleWebKit/537.36 (KHTML, like Gecko; compatible; GPTBot/1.3; +https://openai.com/gptbot)"
74.7.243.230 - - [06/Apr/2026:00:58:54 -0400] "GET /wp-content/plugins/elementor/core/app/?C=S;O=D HTTP/1.0" 200 409 "https://linguareachagency.com/wp-content/plugins/elementor/core/app/?C=S;O=A" "Mozilla/5.0 AppleWebKit/537.36 (KHTML, like Gecko; compatible; GPTBot/1.3; +https://openai.com/gptbot)"
74.7.243.230 - - [06/Apr/2026:00:59:58 -0400] "GET /wp-content/plugins/elementor/assets/lib/swiper/v8/?C=M;O=D HTTP/1.0" 200 432 "https://linguareachagency.com/wp-content/plugins/elementor/assets/lib/swiper/v8/?C=M;O=A" "Mozilla/5.0 AppleWebKit/537.36 (KHTML, like Gecko; compatible; GPTBot/1.3; +https://openai.com/gptbot)"
74.7.243.230 - - [06/Apr/2026:01:00:57 -0400] "GET /wp-content/plugins/elementor/modules/atomic-widgets/elements/atomic-tabs/?C=N;O=D HTTP/1.0" 200 491 "https://linguareachagency.com/wp-content/plugins/elementor/modules/atomic-widgets/elements/atomic-tabs/" "Mozilla/5.0 AppleWebKit/537.36 (KHTML, like Gecko; compatible; GPTBot/1.3; +https://openai.com/gptbot)"