167.99.125.188 - - [05/Apr/2026:12:29:47 -0400] "POST /wp-login.php HTTP/1.0" 200 6464 "-" "Mozilla/5.0"
74.7.227.150 - - [05/Apr/2026:12:29:48 -0400] "GET /wp-content/plugins/elementor/assets/lib/html2canvas/?C=D;O=A HTTP/1.0" 200 396 "https://linguareachagency.com/wp-content/plugins/elementor/assets/lib/html2canvas/?C=S;O=D" "Mozilla/5.0 AppleWebKit/537.36 (KHTML, like Gecko; compatible; GPTBot/1.3; +https://openai.com/gptbot)"
161.178.132.46 - - [05/Apr/2026:12:30:11 -0400] "POST /wp-login.php HTTP/1.0" 200 6464 "-" "Mozilla/5.0"
74.7.227.150 - - [05/Apr/2026:12:30:17 -0400] "GET /wp-content/plugins/elementor/assets/lib/html2canvas/?C=N;O=D HTTP/1.0" 200 394 "https://linguareachagency.com/wp-content/plugins/elementor/assets/lib/html2canvas/?C=N;O=A" "Mozilla/5.0 AppleWebKit/537.36 (KHTML, like Gecko; compatible; GPTBot/1.3; +https://openai.com/gptbot)"
74.7.227.150 - - [05/Apr/2026:12:30:33 -0400] "GET /wp-content/plugins/elementor/assets/lib/html2canvas/?C=M;O=A HTTP/1.0" 200 396 "https://linguareachagency.com/wp-content/plugins/elementor/assets/lib/html2canvas/?C=S;O=D" "Mozilla/5.0 AppleWebKit/537.36 (KHTML, like Gecko; compatible; GPTBot/1.3; +https://openai.com/gptbot)"
74.7.227.150 - - [05/Apr/2026:12:31:00 -0400] "GET /wp-content/plugins/elementor/core/settings/base/?C=N;O=D HTTP/1.0" 200 456 "https://linguareachagency.com/wp-content/plugins/elementor/core/settings/base/" "Mozilla/5.0 AppleWebKit/537.36 (KHTML, like Gecko; compatible; GPTBot/1.3; +https://openai.com/gptbot)"
74.7.227.150 - - [05/Apr/2026:12:31:27 -0400] "GET /wp-content/plugins/elementor/assets/lib/tipsy/?C=M;O=A HTTP/1.0" 200 422 "https://linguareachagency.com/wp-content/plugins/elementor/assets/lib/tipsy/" "Mozilla/5.0 AppleWebKit/537.36 (KHTML, like Gecko; compatible; GPTBot/1.3; +https://openai.com/gptbot)"
74.7.227.150 - - [05/Apr/2026:12:31:37 -0400] "GET /wp-content/plugins/elementor/core/kits/views/?C=S;O=A HTTP/1.0" 200 433 "https://linguareachagency.com/wp-content/plugins/elementor/core/kits/views/" "Mozilla/5.0 AppleWebKit/537.36 (KHTML, like Gecko; compatible; GPTBot/1.3; +https://openai.com/gptbot)"
74.7.227.150 - - [05/Apr/2026:12:31:49 -0400] "GET /wp-content/plugins/elementor/assets/lib/html2canvas/js/html2canvas.js.map HTTP/1.0" 404 29729 "https://linguareachagency.com/wp-content/plugins/elementor/assets/lib/html2canvas/js/html2canvas.js" "Mozilla/5.0 AppleWebKit/537.36 (KHTML, like Gecko; compatible; GPTBot/1.3; +https://openai.com/gptbot)"
74.7.227.150 - - [05/Apr/2026:12:32:04 -0400] "GET /wp-content/plugins/elementor/assets/lib/html2canvas/js/?C=M;O=D HTTP/1.0" 200 419 "https://linguareachagency.com/wp-content/plugins/elementor/assets/lib/html2canvas/js/?C=M;O=A" "Mozilla/5.0 AppleWebKit/537.36 (KHTML, like Gecko; compatible; GPTBot/1.3; +https://openai.com/gptbot)"
74.7.227.150 - - [05/Apr/2026:12:32:20 -0400] "GET /wp-content/plugins/elementor/assets/lib/html2canvas/js/?C=S;O=D HTTP/1.0" 200 424 "https://linguareachagency.com/wp-content/plugins/elementor/assets/lib/html2canvas/js/?C=S;O=A" "Mozilla/5.0 AppleWebKit/537.36 (KHTML, like Gecko; compatible; GPTBot/1.3; +https://openai.com/gptbot)"
74.7.227.150 - - [05/Apr/2026:12:32:31 -0400] "GET /wp-content/plugins/elementor/assets/lib/html2canvas/js/?C=N;O=A HTTP/1.0" 200 425 "https://linguareachagency.com/wp-content/plugins/elementor/assets/lib/html2canvas/js/?C=M;O=A" "Mozilla/5.0 AppleWebKit/537.36 (KHTML, like Gecko; compatible; GPTBot/1.3; +https://openai.com/gptbot)"
74.7.227.150 - - [05/Apr/2026:12:32:46 -0400] "GET /wp-content/plugins/elementor/assets/lib/html2canvas/js/?C=D;O=D HTTP/1.0" 200 419 "https://linguareachagency.com/wp-content/plugins/elementor/assets/lib/html2canvas/js/?C=D;O=A" "Mozilla/5.0 AppleWebKit/537.36 (KHTML, like Gecko; compatible; GPTBot/1.3; +https://openai.com/gptbot)"
74.7.227.150 - - [05/Apr/2026:12:32:53 -0400] "GET /wp-content/plugins/pro-elements/modules/notes/data/?C=D;O=D HTTP/1.0" 200 425 "https://linguareachagency.com/wp-content/plugins/pro-elements/modules/notes/data/?C=D;O=A" "Mozilla/5.0 AppleWebKit/537.36 (KHTML, like Gecko; compatible; GPTBot/1.3; +https://openai.com/gptbot)"
74.7.227.150 - - [05/Apr/2026:12:33:02 -0400] "GET /wp-content/plugins/elementor/assets/lib/html2canvas/?C=D;O=D HTTP/1.0" 429 17 "https://linguareachagency.com/wp-content/plugins/elementor/assets/lib/html2canvas/?C=D;O=A" "Mozilla/5.0 AppleWebKit/537.36 (KHTML, like Gecko; compatible; GPTBot/1.3; +https://openai.com/gptbot)"
74.7.227.150 - - [05/Apr/2026:12:33:11 -0400] "GET /wp-content/plugins/elementor/assets/lib/html2canvas/?C=M;O=D HTTP/1.0" 429 17 "https://linguareachagency.com/wp-content/plugins/elementor/assets/lib/html2canvas/?C=M;O=A" "Mozilla/5.0 AppleWebKit/537.36 (KHTML, like Gecko; compatible; GPTBot/1.3; +https://openai.com/gptbot)"
74.7.227.150 - - [05/Apr/2026:12:33:36 -0400] "GET /wp-content/plugins/elementor/assets/lib/tipsy/?C=D;O=A HTTP/1.0" 429 17 "https://linguareachagency.com/wp-content/plugins/elementor/assets/lib/tipsy/" "Mozilla/5.0 AppleWebKit/537.36 (KHTML, like Gecko; compatible; GPTBot/1.3; +https://openai.com/gptbot)"
74.7.227.150 - - [05/Apr/2026:12:34:42 -0400] "GET /wp-content/plugins/elementor/modules/ai/connect/?C=S;O=A HTTP/1.0" 200 398 "https://linguareachagency.com/wp-content/plugins/elementor/modules/ai/connect/" "Mozilla/5.0 AppleWebKit/537.36 (KHTML, like Gecko; compatible; GPTBot/1.3; +https://openai.com/gptbot)"
170.64.178.144 - - [05/Apr/2026:12:35:28 -0400] "POST /wp-login.php HTTP/1.0" 200 6464 "-" "Mozilla/5.0"
74.7.227.150 - - [05/Apr/2026:12:35:43 -0400] "GET /wp-content/plugins/elementor/assets/lib/tipsy/?C=M;O=D HTTP/1.0" 200 418 "https://linguareachagency.com/wp-content/plugins/elementor/assets/lib/tipsy/?C=M;O=A" "Mozilla/5.0 AppleWebKit/537.36 (KHTML, like Gecko; compatible; GPTBot/1.3; +https://openai.com/gptbot)"
74.7.227.150 - - [05/Apr/2026:12:36:39 -0400] "GET /wp-content/plugins/elementor/assets/lib/dialog/?C=D;O=D HTTP/1.0" 200 411 "https://linguareachagency.com/wp-content/plugins/elementor/assets/lib/dialog/?C=D;O=A" "Mozilla/5.0 AppleWebKit/537.36 (KHTML, like Gecko; compatible; GPTBot/1.3; +https://openai.com/gptbot)"
74.7.227.150 - - [05/Apr/2026:12:37:32 -0400] "GET /wp-content/plugins/elementor/core/app/modules/?C=M;O=A HTTP/1.0" 200 438 "https://linguareachagency.com/wp-content/plugins/elementor/core/app/modules/" "Mozilla/5.0 AppleWebKit/537.36 (KHTML, like Gecko; compatible; GPTBot/1.3; +https://openai.com/gptbot)"
74.7.227.150 - - [05/Apr/2026:12:38:16 -0400] "GET /wp-content/plugins/elementor/assets/js/packages/?C=S;O=A HTTP/1.0" 200 836 "https://linguareachagency.com/wp-content/plugins/elementor/assets/js/packages/" "Mozilla/5.0 AppleWebKit/537.36 (KHTML, like Gecko; compatible; GPTBot/1.3; +https://openai.com/gptbot)"
74.7.227.150 - - [05/Apr/2026:12:38:58 -0400] "GET /wp-content/plugins/pro-elements/modules/notes/data/?C=S;O=A HTTP/1.0" 200 427 "https://linguareachagency.com/wp-content/plugins/pro-elements/modules/notes/data/" "Mozilla/5.0 AppleWebKit/537.36 (KHTML, like Gecko; compatible; GPTBot/1.3; +https://openai.com/gptbot)"
161.178.132.46 - - [05/Apr/2026:12:39:31 -0400] "POST /wp-login.php HTTP/1.0" 200 6464 "-" "Mozilla/5.0"
74.7.227.150 - - [05/Apr/2026:12:39:35 -0400] "GET /wp-content/plugins/elementor/assets/lib/eicons/?C=N;O=D HTTP/1.0" 200 426 "https://linguareachagency.com/wp-content/plugins/elementor/assets/lib/eicons/" "Mozilla/5.0 AppleWebKit/537.36 (KHTML, like Gecko; compatible; GPTBot/1.3; +https://openai.com/gptbot)"
15.253.24.82 - - [05/Apr/2026:12:40:07 -0400] "POST /wp-login.php HTTP/1.0" 200 6464 "-" "Mozilla/5.0"
161.178.3.105 - - [05/Apr/2026:12:40:11 -0400] "POST /wp-login.php HTTP/1.0" 200 6464 "-" "Mozilla/5.0"
74.7.227.150 - - [05/Apr/2026:12:40:12 -0400] "GET /wp-content/plugins/elementor/data/base/processor/?C=N;O=D HTTP/1.0" 200 421 "https://linguareachagency.com/wp-content/plugins/elementor/data/base/processor/" "Mozilla/5.0 AppleWebKit/537.36 (KHTML, like Gecko; compatible; GPTBot/1.3; +https://openai.com/gptbot)"
74.7.227.150 - - [05/Apr/2026:12:40:37 -0400] "GET /wp-content/plugins/elementor/assets/js/packages/?C=N;O=D HTTP/1.0" 200 842 "https://linguareachagency.com/wp-content/plugins/elementor/assets/js/packages/" "Mozilla/5.0 AppleWebKit/537.36 (KHTML, like Gecko; compatible; GPTBot/1.3; +https://openai.com/gptbot)"
74.7.227.150 - - [05/Apr/2026:12:41:04 -0400] "GET /wp-content/plugins/elementor/core/settings/base/?C=M;O=A HTTP/1.0" 200 451 "https://linguareachagency.com/wp-content/plugins/elementor/core/settings/base/" "Mozilla/5.0 AppleWebKit/537.36 (KHTML, like Gecko; compatible; GPTBot/1.3; +https://openai.com/gptbot)"
167.99.125.188 - - [05/Apr/2026:12:41:26 -0400] "POST /wp-login.php HTTP/1.0" 200 6464 "-" "Mozilla/5.0"
74.7.227.150 - - [05/Apr/2026:12:41:28 -0400] "GET /wp-content/plugins/elementor/data/base/processor/?C=N;O=A HTTP/1.0" 200 423 "https://linguareachagency.com/wp-content/plugins/elementor/data/base/processor/?C=D;O=A" "Mozilla/5.0 AppleWebKit/537.36 (KHTML, like Gecko; compatible; GPTBot/1.3; +https://openai.com/gptbot)"
74.7.227.150 - - [05/Apr/2026:12:41:51 -0400] "GET /wp-content/plugins/elementor/modules/ai/connect/?C=N;O=A HTTP/1.0" 200 398 "https://linguareachagency.com/wp-content/plugins/elementor/modules/ai/connect/?C=S;O=A" "Mozilla/5.0 AppleWebKit/537.36 (KHTML, like Gecko; compatible; GPTBot/1.3; +https://openai.com/gptbot)"
74.7.227.150 - - [05/Apr/2026:12:42:16 -0400] "GET /wp-content/plugins/elementor/assets/lib/tipsy/?C=D;O=A HTTP/1.0" 200 422 "https://linguareachagency.com/wp-content/plugins/elementor/assets/lib/tipsy/?C=M;O=D" "Mozilla/5.0 AppleWebKit/537.36 (KHTML, like Gecko; compatible; GPTBot/1.3; +https://openai.com/gptbot)"
74.7.227.150 - - [05/Apr/2026:12:42:37 -0400] "GET /wp-content/plugins/elementor/core/app/modules/?C=S;O=A HTTP/1.0" 200 438 "https://linguareachagency.com/wp-content/plugins/elementor/core/app/modules/" "Mozilla/5.0 AppleWebKit/537.36 (KHTML, like Gecko; compatible; GPTBot/1.3; +https://openai.com/gptbot)"
74.7.227.150 - - [05/Apr/2026:12:42:45 -0400] "GET /wp-content/plugins/elementor/assets/lib/swiper/?C=D;O=A HTTP/1.0" 200 395 "https://linguareachagency.com/wp-content/plugins/elementor/assets/lib/swiper/" "Mozilla/5.0 AppleWebKit/537.36 (KHTML, like Gecko; compatible; GPTBot/1.3; +https://openai.com/gptbot)"
74.7.227.150 - - [05/Apr/2026:12:43:00 -0400] "GET /wp-content/plugins/elementor/assets/js/packages/editor-styles/ HTTP/1.0" 200 494 "https://linguareachagency.com/wp-content/plugins/elementor/assets/js/packages/?C=S;O=A" "Mozilla/5.0 AppleWebKit/537.36 (KHTML, like Gecko; compatible; GPTBot/1.3; +https://openai.com/gptbot)"
74.7.227.150 - - [05/Apr/2026:12:43:19 -0400] "GET /wp-content/plugins/elementor/assets/js/packages/editor-ui/ HTTP/1.0" 200 494 "https://linguareachagency.com/wp-content/plugins/elementor/assets/js/packages/?C=S;O=A" "Mozilla/5.0 AppleWebKit/537.36 (KHTML, like Gecko; compatible; GPTBot/1.3; +https://openai.com/gptbot)"
74.7.227.150 - - [05/Apr/2026:12:43:23 -0400] "GET /wp-content/plugins/elementor/assets/js/packages/env/ HTTP/1.0" 200 483 "https://linguareachagency.com/wp-content/plugins/elementor/assets/js/packages/?C=S;O=A" "Mozilla/5.0 AppleWebKit/537.36 (KHTML, like Gecko; compatible; GPTBot/1.3; +https://openai.com/gptbot)"
74.7.227.150 - - [05/Apr/2026:12:43:37 -0400] "GET /wp-content/plugins/elementor/assets/js/packages/ui/ HTTP/1.0" 429 17 "https://linguareachagency.com/wp-content/plugins/elementor/assets/js/packages/?C=S;O=A" "Mozilla/5.0 AppleWebKit/537.36 (KHTML, like Gecko; compatible; GPTBot/1.3; +https://openai.com/gptbot)"
74.7.227.150 - - [05/Apr/2026:12:43:46 -0400] "GET /wp-content/plugins/elementor/assets/js/packages/?C=S;O=D HTTP/1.0" 429 17 "https://linguareachagency.com/wp-content/plugins/elementor/assets/js/packages/?C=S;O=A" "Mozilla/5.0 AppleWebKit/537.36 (KHTML, like Gecko; compatible; GPTBot/1.3; +https://openai.com/gptbot)"
219.117.206.145 - - [05/Apr/2026:12:44:01 -0400] "POST /xmlrpc.php HTTP/1.0" 200 206 "-" "Mozilla/5.0 (Windows NT 10.0) AppleWebKit/537.43 (KHTML, like Gecko) Chrome/138.0.0.0 Safari/537.36 OPR/122.0.0.0"
74.7.227.150 - - [05/Apr/2026:12:44:14 -0400] "GET /wp-content/plugins/elementor/core/base/traits/?C=M;O=A HTTP/1.0" 429 17 "https://linguareachagency.com/wp-content/plugins/elementor/core/base/traits/" "Mozilla/5.0 AppleWebKit/537.36 (KHTML, like Gecko; compatible; GPTBot/1.3; +https://openai.com/gptbot)"
74.7.227.150 - - [05/Apr/2026:12:45:21 -0400] "GET /wp-content/plugins/elementor/data/base/processor/?C=M;O=A HTTP/1.0" 200 424 "https://linguareachagency.com/wp-content/plugins/elementor/data/base/processor/" "Mozilla/5.0 AppleWebKit/537.36 (KHTML, like Gecko; compatible; GPTBot/1.3; +https://openai.com/gptbot)"
5.196.202.32 - - [05/Apr/2026:12:46:00 -0400] "POST /xmlrpc.php HTTP/1.0" 406 300 "-" "Mozilla/5.0 (Windows NT 10.0; WOW64) AppleWebKit/537.36 (KHTML, like Gecko) Chrome/140.0.0.0 Safari/537.36 Edg/140.0.0.0"
74.7.227.150 - - [05/Apr/2026:12:46:20 -0400] "GET /wp-content/plugins/elementor/assets/lib/eicons/?C=S;O=A HTTP/1.0" 200 428 "https://linguareachagency.com/wp-content/plugins/elementor/assets/lib/eicons/" "Mozilla/5.0 AppleWebKit/537.36 (KHTML, like Gecko; compatible; GPTBot/1.3; +https://openai.com/gptbot)"
74.7.230.2 - - [05/Apr/2026:12:46:46 -0400] "GET /robots.txt HTTP/1.0" 200 114 "-" "Mozilla/5.0 (Macintosh; Intel Mac OS X 10_15_7) AppleWebKit/537.36 (KHTML, like Gecko) Chrome/131.0.0.0 Safari/537.36; compatible; OAI-SearchBot/1.3; robots.txt; +https://openai.com/searchbot"
74.7.227.150 - - [05/Apr/2026:12:47:18 -0400] "GET /wp-content/plugins/elementor/core/kits/views/?C=S;O=D HTTP/1.0" 200 435 "https://linguareachagency.com/wp-content/plugins/elementor/core/kits/views/?C=S;O=A" "Mozilla/5.0 AppleWebKit/537.36 (KHTML, like Gecko; compatible; GPTBot/1.3; +https://openai.com/gptbot)"
170.64.178.144 - - [05/Apr/2026:12:47:28 -0400] "POST /wp-login.php HTTP/1.0" 200 6464 "-" "Mozilla/5.0"
74.7.227.150 - - [05/Apr/2026:12:48:12 -0400] "GET /wp-content/plugins/elementor/assets/lib/tipsy/?C=D;O=D HTTP/1.0" 200 418 "https://linguareachagency.com/wp-content/plugins/elementor/assets/lib/tipsy/?C=D;O=A" "Mozilla/5.0 AppleWebKit/537.36 (KHTML, like Gecko; compatible; GPTBot/1.3; +https://openai.com/gptbot)"
161.178.132.46 - - [05/Apr/2026:12:48:45 -0400] "POST /wp-login.php HTTP/1.0" 200 6464 "-" "Mozilla/5.0"
74.7.227.150 - - [05/Apr/2026:12:48:58 -0400] "GET /wp-content/plugins/elementor/data/base/processor/?C=S;O=A HTTP/1.0" 200 424 "https://linguareachagency.com/wp-content/plugins/elementor/data/base/processor/" "Mozilla/5.0 AppleWebKit/537.36 (KHTML, like Gecko; compatible; GPTBot/1.3; +https://openai.com/gptbot)"
74.7.227.150 - - [05/Apr/2026:12:49:37 -0400] "GET /wp-content/plugins/pro-elements/modules/posts/data/?C=D;O=A HTTP/1.0" 200 409 "https://linguareachagency.com/wp-content/plugins/pro-elements/modules/posts/data/" "Mozilla/5.0 AppleWebKit/537.36 (KHTML, like Gecko; compatible; GPTBot/1.3; +https://openai.com/gptbot)"
74.7.227.150 - - [05/Apr/2026:12:50:26 -0400] "GET /wp-content/plugins/elementor/assets/js/packages/editor-styles/editor-styles.asset.php HTTP/1.0" 200 - "https://linguareachagency.com/wp-content/plugins/elementor/assets/js/packages/editor-styles/" "Mozilla/5.0 AppleWebKit/537.36 (KHTML, like Gecko; compatible; GPTBot/1.3; +https://openai.com/gptbot)"
74.7.227.150 - - [05/Apr/2026:12:50:48 -0400] "GET /wp-content/plugins/elementor/assets/js/packages/editor-ui/editor-ui.strings.js HTTP/1.0" 200 85 "https://linguareachagency.com/wp-content/plugins/elementor/assets/js/packages/editor-ui/" "Mozilla/5.0 AppleWebKit/537.36 (KHTML, like Gecko; compatible; GPTBot/1.3; +https://openai.com/gptbot)"
74.7.227.150 - - [05/Apr/2026:12:51:27 -0400] "GET /wp-content/plugins/elementor/assets/js/packages/env/env.strings.js HTTP/1.0" 200 - "https://linguareachagency.com/wp-content/plugins/elementor/assets/js/packages/env/" "Mozilla/5.0 AppleWebKit/537.36 (KHTML, like Gecko; compatible; GPTBot/1.3; +https://openai.com/gptbot)"
74.7.227.150 - - [05/Apr/2026:12:52:00 -0400] "GET /wp-content/plugins/elementor/assets/js/packages/env/env.min.js HTTP/1.0" 200 627 "https://linguareachagency.com/wp-content/plugins/elementor/assets/js/packages/env/" "Mozilla/5.0 AppleWebKit/537.36 (KHTML, like Gecko; compatible; GPTBot/1.3; +https://openai.com/gptbot)"
74.7.227.150 - - [05/Apr/2026:12:52:11 -0400] "GET /wp-content/plugins/elementor/assets/js/packages/env/env.asset.php HTTP/1.0" 200 - "https://linguareachagency.com/wp-content/plugins/elementor/assets/js/packages/env/" "Mozilla/5.0 AppleWebKit/537.36 (KHTML, like Gecko; compatible; GPTBot/1.3; +https://openai.com/gptbot)"
74.7.227.150 - - [05/Apr/2026:12:52:32 -0400] "GET /wp-content/plugins/elementor/assets/js/packages/editor-ui/editor-ui.asset.php HTTP/1.0" 200 - "https://linguareachagency.com/wp-content/plugins/elementor/assets/js/packages/editor-ui/" "Mozilla/5.0 AppleWebKit/537.36 (KHTML, like Gecko; compatible; GPTBot/1.3; +https://openai.com/gptbot)"
161.178.3.105 - - [05/Apr/2026:12:52:52 -0400] "POST /wp-login.php HTTP/1.0" 200 6464 "-" "Mozilla/5.0"
74.7.227.150 - - [05/Apr/2026:12:52:57 -0400] "GET /wp-content/plugins/elementor/assets/js/packages/editor-ui/editor-ui.min.js HTTP/1.0" 200 8761 "https://linguareachagency.com/wp-content/plugins/elementor/assets/js/packages/editor-ui/" "Mozilla/5.0 AppleWebKit/537.36 (KHTML, like Gecko; compatible; GPTBot/1.3; +https://openai.com/gptbot)"
167.99.125.188 - - [05/Apr/2026:12:53:02 -0400] "POST /wp-login.php HTTP/1.0" 200 6464 "-" "Mozilla/5.0"
74.7.227.150 - - [05/Apr/2026:12:53:06 -0400] "GET /wp-content/plugins/elementor/assets/js/packages/editor-ui/editor-ui.js HTTP/1.0" 200 10435 "https://linguareachagency.com/wp-content/plugins/elementor/assets/js/packages/editor-ui/" "Mozilla/5.0 AppleWebKit/537.36 (KHTML, like Gecko; compatible; GPTBot/1.3; +https://openai.com/gptbot)"
74.7.227.150 - - [05/Apr/2026:12:53:34 -0400] "GET /wp-content/plugins/elementor/assets/js/packages/editor-styles/editor-styles.js HTTP/1.0" 200 803 "https://linguareachagency.com/wp-content/plugins/elementor/assets/js/packages/editor-styles/" "Mozilla/5.0 AppleWebKit/537.36 (KHTML, like Gecko; compatible; GPTBot/1.3; +https://openai.com/gptbot)"
74.7.227.150 - - [05/Apr/2026:12:53:39 -0400] "GET /wp-content/plugins/elementor/assets/js/packages/env/env.js HTTP/1.0" 200 719 "https://linguareachagency.com/wp-content/plugins/elementor/assets/js/packages/env/" "Mozilla/5.0 AppleWebKit/537.36 (KHTML, like Gecko; compatible; GPTBot/1.3; +https://openai.com/gptbot)"
74.7.227.150 - - [05/Apr/2026:12:53:48 -0400] "GET /wp-content/plugins/elementor/assets/js/packages/editor-styles/editor-styles.strings.js HTTP/1.0" 200 - "https://linguareachagency.com/wp-content/plugins/elementor/assets/js/packages/editor-styles/" "Mozilla/5.0 AppleWebKit/537.36 (KHTML, like Gecko; compatible; GPTBot/1.3; +https://openai.com/gptbot)"
74.7.227.150 - - [05/Apr/2026:12:54:10 -0400] "GET /wp-content/plugins/elementor/assets/js/packages/editor-styles/editor-styles.min.js HTTP/1.0" 200 491 "https://linguareachagency.com/wp-content/plugins/elementor/assets/js/packages/editor-styles/" "Mozilla/5.0 AppleWebKit/537.36 (KHTML, like Gecko; compatible; GPTBot/1.3; +https://openai.com/gptbot)"
74.7.227.150 - - [05/Apr/2026:12:54:13 -0400] "GET /wp-content/plugins/elementor/assets/js/packages/editor-ui/editor-ui.js.LICENSE.txt HTTP/1.0" 200 753 "https://linguareachagency.com/wp-content/plugins/elementor/assets/js/packages/editor-ui/" "Mozilla/5.0 AppleWebKit/537.36 (KHTML, like Gecko; compatible; GPTBot/1.3; +https://openai.com/gptbot)"
74.7.227.150 - - [05/Apr/2026:12:54:21 -0400] "GET /wp-content/plugins/pro-elements/modules/posts/data/controller.php HTTP/1.0" 429 17 "https://linguareachagency.com/wp-content/plugins/pro-elements/modules/posts/data/?C=D;O=A" "Mozilla/5.0 AppleWebKit/537.36 (KHTML, like Gecko; compatible; GPTBot/1.3; +https://openai.com/gptbot)"
74.7.227.150 - - [05/Apr/2026:12:54:29 -0400] "GET /wp-content/plugins/elementor/assets/js/packages/env/env.js.LICENSE.txt HTTP/1.0" 429 17 "https://linguareachagency.com/wp-content/plugins/elementor/assets/js/packages/env/" "Mozilla/5.0 AppleWebKit/537.36 (KHTML, like Gecko; compatible; GPTBot/1.3; +https://openai.com/gptbot)"
74.7.227.150 - - [05/Apr/2026:12:54:55 -0400] "GET /wp-content/plugins/elementor/assets/js/packages/editor-styles/editor-styles.js.LICENSE.txt HTTP/1.0" 429 17 "https://linguareachagency.com/wp-content/plugins/elementor/assets/js/packages/editor-styles/" "Mozilla/5.0 AppleWebKit/537.36 (KHTML, like Gecko; compatible; GPTBot/1.3; +https://openai.com/gptbot)"
74.7.227.150 - - [05/Apr/2026:12:55:56 -0400] "GET /wp-content/plugins/elementor/assets/js/packages/editor-ui/?C=N;O=D HTTP/1.0" 429 17 "https://linguareachagency.com/wp-content/plugins/elementor/assets/js/packages/editor-ui/" "Mozilla/5.0 AppleWebKit/537.36 (KHTML, like Gecko; compatible; GPTBot/1.3; +https://openai.com/gptbot)"
74.7.227.150 - - [05/Apr/2026:12:57:05 -0400] "GET /wp-content/plugins/elementor/assets/js/packages/editor-ui/?C=D;O=A HTTP/1.0" 200 494 "https://linguareachagency.com/wp-content/plugins/elementor/assets/js/packages/editor-ui/" "Mozilla/5.0 AppleWebKit/537.36 (KHTML, like Gecko; compatible; GPTBot/1.3; +https://openai.com/gptbot)"
74.7.227.150 - - [05/Apr/2026:12:58:05 -0400] "GET /wp-content/plugins/elementor/assets/js/packages/editor-ui/?C=S;O=A HTTP/1.0" 200 494 "https://linguareachagency.com/wp-content/plugins/elementor/assets/js/packages/editor-ui/" "Mozilla/5.0 AppleWebKit/537.36 (KHTML, like Gecko; compatible; GPTBot/1.3; +https://openai.com/gptbot)"
161.178.132.46 - - [05/Apr/2026:12:58:10 -0400] "POST /wp-login.php HTTP/1.0" 200 6464 "-" "Mozilla/5.0"
74.7.227.150 - - [05/Apr/2026:12:59:02 -0400] "GET /wp-content/plugins/elementor/assets/js/packages/editor-ui/?C=M;O=A HTTP/1.0" 200 494 "https://linguareachagency.com/wp-content/plugins/elementor/assets/js/packages/editor-ui/" "Mozilla/5.0 AppleWebKit/537.36 (KHTML, like Gecko; compatible; GPTBot/1.3; +https://openai.com/gptbot)"
170.64.178.144 - - [05/Apr/2026:12:59:41 -0400] "POST /wp-login.php HTTP/1.0" 200 6464 "-" "Mozilla/5.0"
74.7.227.150 - - [05/Apr/2026:12:59:52 -0400] "GET /wp-content/plugins/elementor/assets/js/packages/env/env.js.map HTTP/1.0" 404 29729 "https://linguareachagency.com/wp-content/plugins/elementor/assets/js/packages/env/env.js" "Mozilla/5.0 AppleWebKit/537.36 (KHTML, like Gecko; compatible; GPTBot/1.3; +https://openai.com/gptbot)"
74.7.227.150 - - [05/Apr/2026:13:00:40 -0400] "GET /wp-content/plugins/elementor/assets/js/packages/editor-ui/editor-ui.js.map HTTP/1.0" 404 29729 "https://linguareachagency.com/wp-content/plugins/elementor/assets/js/packages/editor-ui/editor-ui.js" "Mozilla/5.0 AppleWebKit/537.36 (KHTML, like Gecko; compatible; GPTBot/1.3; +https://openai.com/gptbot)"
74.7.227.150 - - [05/Apr/2026:13:01:23 -0400] "GET /wp-content/plugins/elementor/assets/js/packages/editor-styles/editor-styles.js.map HTTP/1.0" 404 29729 "https://linguareachagency.com/wp-content/plugins/elementor/assets/js/packages/editor-styles/editor-styles.js" "Mozilla/5.0 AppleWebKit/537.36 (KHTML, like Gecko; compatible; GPTBot/1.3; +https://openai.com/gptbot)"
74.7.227.150 - - [05/Apr/2026:13:02:12 -0400] "GET /wp-content/plugins/elementor/assets/js/packages/editor-styles/?C=S;O=A HTTP/1.0" 200 495 "https://linguareachagency.com/wp-content/plugins/elementor/assets/js/packages/editor-styles/" "Mozilla/5.0 AppleWebKit/537.36 (KHTML, like Gecko; compatible; GPTBot/1.3; +https://openai.com/gptbot)"
74.7.227.150 - - [05/Apr/2026:13:02:55 -0400] "GET /wp-content/plugins/elementor/assets/js/packages/editor-styles/?C=N;O=D HTTP/1.0" 200 493 "https://linguareachagency.com/wp-content/plugins/elementor/assets/js/packages/editor-styles/" "Mozilla/5.0 AppleWebKit/537.36 (KHTML, like Gecko; compatible; GPTBot/1.3; +https://openai.com/gptbot)"
195.3.220.88 - - [05/Apr/2026:13:03:19 -0400] "GET /buy.php HTTP/1.0" 404 29729 "-" "Mozilla/5.0 (Linux; Android 7.0; SM-G892A Build/NRD90M; wv) AppleWebKit/537.36 (KHTML, Gecko) Version/4.0 Chrome/60.0.3112.107 Mobile Safari/537.36"
195.3.220.88 - - [05/Apr/2026:13:03:21 -0400] "GET /wp-content/plugins/fix/up.php HTTP/1.0" 404 29729 "-" "Mozilla/5.0 (Linux; Android 7.0; SM-G892A Build/NRD90M; wv) AppleWebKit/537.36 (KHTML, Gecko) Version/4.0 Chrome/60.0.3112.107 Mobile Safari/537.36"
195.3.220.88 - - [05/Apr/2026:13:03:22 -0400] "GET /wp-content/index.php HTTP/1.0" 200 - "-" "Mozilla/5.0 (Linux; Android 7.0; SM-G892A Build/NRD90M; wv) AppleWebKit/537.36 (KHTML, Gecko) Version/4.0 Chrome/60.0.3112.107 Mobile Safari/537.36"
195.3.220.88 - - [05/Apr/2026:13:03:22 -0400] "GET /wp-content/plugins/pwnd/pwnd.php HTTP/1.0" 404 29729 "-" "Mozilla/5.0 (Linux; Android 7.0; SM-G892A Build/NRD90M; wv) AppleWebKit/537.36 (KHTML, Gecko) Version/4.0 Chrome/60.0.3112.107 Mobile Safari/537.36"
195.3.220.88 - - [05/Apr/2026:13:03:23 -0400] "GET /wp-content/plugins/pwnd-1/pwnd.php HTTP/1.0" 404 29729 "-" "Mozilla/5.0 (Linux; Android 7.0; SM-G892A Build/NRD90M; wv) AppleWebKit/537.36 (KHTML, Gecko) Version/4.0 Chrome/60.0.3112.107 Mobile Safari/537.36"
195.3.220.88 - - [05/Apr/2026:13:03:24 -0400] "GET /wp-content/plugins/simple/simple.php HTTP/1.0" 404 29729 "-" "Mozilla/5.0 (Linux; Android 7.0; SM-G892A Build/NRD90M; wv) AppleWebKit/537.36 (KHTML, Gecko) Version/4.0 Chrome/60.0.3112.107 Mobile Safari/537.36"
195.3.220.88 - - [05/Apr/2026:13:03:25 -0400] "GET /worksec.php HTTP/1.0" 404 29729 "-" "Mozilla/5.0 (Linux; Android 7.0; SM-G892A Build/NRD90M; wv) AppleWebKit/537.36 (KHTML, Gecko) Version/4.0 Chrome/60.0.3112.107 Mobile Safari/537.36"
195.3.220.88 - - [05/Apr/2026:13:03:25 -0400] "GET /wp-content/worksec.php HTTP/1.0" 404 29729 "-" "Mozilla/5.0 (Linux; Android 7.0; SM-G892A Build/NRD90M; wv) AppleWebKit/537.36 (KHTML, Gecko) Version/4.0 Chrome/60.0.3112.107 Mobile Safari/537.36"
195.3.220.88 - - [05/Apr/2026:13:03:26 -0400] "GET /wp-content/themes/twentynineteen/404.php HTTP/1.0" 404 29729 "-" "Mozilla/5.0 (Linux; Android 7.0; SM-G892A Build/NRD90M; wv) AppleWebKit/537.36 (KHTML, Gecko) Version/4.0 Chrome/60.0.3112.107 Mobile Safari/537.36"
195.3.220.88 - - [05/Apr/2026:13:03:27 -0400] "GET /wp-content/themes/twentytwentyone/404.php HTTP/1.0" 404 29729 "-" "Mozilla/5.0 (Linux; Android 7.0; SM-G892A Build/NRD90M; wv) AppleWebKit/537.36 (KHTML, Gecko) Version/4.0 Chrome/60.0.3112.107 Mobile Safari/537.36"
195.3.220.88 - - [05/Apr/2026:13:03:28 -0400] "GET /wp-content/cache/index.php HTTP/1.0" 301 - "-" "Mozilla/5.0 (Linux; Android 7.0; SM-G892A Build/NRD90M; wv) AppleWebKit/537.36 (KHTML, Gecko) Version/4.0 Chrome/60.0.3112.107 Mobile Safari/537.36"
195.3.220.88 - - [05/Apr/2026:13:03:28 -0400] "GET /wp-content/cache/ HTTP/1.0" 200 377 "-" "Mozilla/5.0 (Linux; Android 7.0; SM-G892A Build/NRD90M; wv) AppleWebKit/537.36 (KHTML, Gecko) Version/4.0 Chrome/60.0.3112.107 Mobile Safari/537.36"
195.3.220.88 - - [05/Apr/2026:13:03:29 -0400] "GET /wp-content/languages/index.php HTTP/1.0" 301 - "-" "Mozilla/5.0 (Linux; Android 7.0; SM-G892A Build/NRD90M; wv) AppleWebKit/537.36 (KHTML, Gecko) Version/4.0 Chrome/60.0.3112.107 Mobile Safari/537.36"
195.3.220.88 - - [05/Apr/2026:13:03:29 -0400] "GET /wp-content/languages/ HTTP/1.0" 301 - "-" "Mozilla/5.0 (Linux; Android 7.0; SM-G892A Build/NRD90M; wv) AppleWebKit/537.36 (KHTML, Gecko) Version/4.0 Chrome/60.0.3112.107 Mobile Safari/537.36"
195.3.220.88 - - [05/Apr/2026:13:03:29 -0400] "GET /languages/ HTTP/1.0" 200 31562 "-" "Mozilla/5.0 (Linux; Android 7.0; SM-G892A Build/NRD90M; wv) AppleWebKit/537.36 (KHTML, Gecko) Version/4.0 Chrome/60.0.3112.107 Mobile Safari/537.36"
195.3.220.88 - - [05/Apr/2026:13:03:30 -0400] "GET /wp-content/plugins/index.php HTTP/1.0" 200 - "-" "Mozilla/5.0 (Linux; Android 7.0; SM-G892A Build/NRD90M; wv) AppleWebKit/537.36 (KHTML, Gecko) Version/4.0 Chrome/60.0.3112.107 Mobile Safari/537.36"
195.3.220.88 - - [05/Apr/2026:13:03:31 -0400] "GET /wp-content/themes/index.php HTTP/1.0" 200 - "-" "Mozilla/5.0 (Linux; Android 7.0; SM-G892A Build/NRD90M; wv) AppleWebKit/537.36 (KHTML, Gecko) Version/4.0 Chrome/60.0.3112.107 Mobile Safari/537.36"
195.3.220.88 - - [05/Apr/2026:13:03:31 -0400] "GET /wp-content/upgrade/index.php HTTP/1.0" 301 - "-" "Mozilla/5.0 (Linux; Android 7.0; SM-G892A Build/NRD90M; wv) AppleWebKit/537.36 (KHTML, Gecko) Version/4.0 Chrome/60.0.3112.107 Mobile Safari/537.36"
195.3.220.88 - - [05/Apr/2026:13:03:32 -0400] "GET /wp-content/upgrade/ HTTP/1.0" 200 340 "-" "Mozilla/5.0 (Linux; Android 7.0; SM-G892A Build/NRD90M; wv) AppleWebKit/537.36 (KHTML, Gecko) Version/4.0 Chrome/60.0.3112.107 Mobile Safari/537.36"
195.3.220.88 - - [05/Apr/2026:13:03:33 -0400] "GET /wp-admin/index.php HTTP/1.0" 302 - "-" "Mozilla/5.0 (Linux; Android 7.0; SM-G892A Build/NRD90M; wv) AppleWebKit/537.36 (KHTML, Gecko) Version/4.0 Chrome/60.0.3112.107 Mobile Safari/537.36"
195.3.220.88 - - [05/Apr/2026:13:03:33 -0400] "GET /wp-login.php?redirect_to=https%3A%2F%2Flinguareachagency.com%2Fwp-admin%2Findex.php&reauth=1 HTTP/1.0" 200 1930 "-" "Mozilla/5.0 (Linux; Android 7.0; SM-G892A Build/NRD90M; wv) AppleWebKit/537.36 (KHTML, Gecko) Version/4.0 Chrome/60.0.3112.107 Mobile Safari/537.36"
195.3.220.88 - - [05/Apr/2026:13:03:33 -0400] "GET /wp-content/themes/Divi/404.php HTTP/1.0" 404 29729 "-" "Mozilla/5.0 (Linux; Android 7.0; SM-G892A Build/NRD90M; wv) AppleWebKit/537.36 (KHTML, Gecko) Version/4.0 Chrome/60.0.3112.107 Mobile Safari/537.36"
195.3.220.88 - - [05/Apr/2026:13:03:34 -0400] "GET /wp-admin/index.php HTTP/1.0" 302 - "-" "Mozilla/5.0 (Linux; Android 7.0; SM-G892A Build/NRD90M; wv) AppleWebKit/537.36 (KHTML, Gecko) Version/4.0 Chrome/60.0.3112.107 Mobile Safari/537.36"
195.3.220.88 - - [05/Apr/2026:13:03:34 -0400] "GET /wp-login.php?redirect_to=https%3A%2F%2Flinguareachagency.com%2Fwp-admin%2Findex.php&reauth=1 HTTP/1.0" 200 1930 "-" "Mozilla/5.0 (Linux; Android 7.0; SM-G892A Build/NRD90M; wv) AppleWebKit/537.36 (KHTML, Gecko) Version/4.0 Chrome/60.0.3112.107 Mobile Safari/537.36"
195.3.220.88 - - [05/Apr/2026:13:03:35 -0400] "GET /wp-admin/css/index.php HTTP/1.0" 301 - "-" "Mozilla/5.0 (Linux; Android 7.0; SM-G892A Build/NRD90M; wv) AppleWebKit/537.36 (KHTML, Gecko) Version/4.0 Chrome/60.0.3112.107 Mobile Safari/537.36"
195.3.220.88 - - [05/Apr/2026:13:03:35 -0400] "GET /wp-admin/css/ HTTP/1.0" 200 1730 "-" "Mozilla/5.0 (Linux; Android 7.0; SM-G892A Build/NRD90M; wv) AppleWebKit/537.36 (KHTML, Gecko) Version/4.0 Chrome/60.0.3112.107 Mobile Safari/537.36"
74.7.227.150 - - [05/Apr/2026:13:03:35 -0400] "GET /wp-content/plugins/elementor/assets/js/packages/editor-styles/?C=M;O=A HTTP/1.0" 200 494 "https://linguareachagency.com/wp-content/plugins/elementor/assets/js/packages/editor-styles/" "Mozilla/5.0 AppleWebKit/537.36 (KHTML, like Gecko; compatible; GPTBot/1.3; +https://openai.com/gptbot)"
195.3.220.88 - - [05/Apr/2026:13:03:35 -0400] "GET /wp-admin/images/index.php HTTP/1.0" 301 - "-" "Mozilla/5.0 (Linux; Android 7.0; SM-G892A Build/NRD90M; wv) AppleWebKit/537.36 (KHTML, Gecko) Version/4.0 Chrome/60.0.3112.107 Mobile Safari/537.36"
195.3.220.88 - - [05/Apr/2026:13:03:36 -0400] "GET /wp-admin/images/ HTTP/1.0" 200 1796 "-" "Mozilla/5.0 (Linux; Android 7.0; SM-G892A Build/NRD90M; wv) AppleWebKit/537.36 (KHTML, Gecko) Version/4.0 Chrome/60.0.3112.107 Mobile Safari/537.36"
195.3.220.88 - - [05/Apr/2026:13:03:36 -0400] "GET /wp-admin/includes/index.php HTTP/1.0" 301 - "-" "Mozilla/5.0 (Linux; Android 7.0; SM-G892A Build/NRD90M; wv) AppleWebKit/537.36 (KHTML, Gecko) Version/4.0 Chrome/60.0.3112.107 Mobile Safari/537.36"
195.3.220.88 - - [05/Apr/2026:13:03:36 -0400] "GET /wp-admin/includes/ HTTP/1.0" 200 2670 "-" "Mozilla/5.0 (Linux; Android 7.0; SM-G892A Build/NRD90M; wv) AppleWebKit/537.36 (KHTML, Gecko) Version/4.0 Chrome/60.0.3112.107 Mobile Safari/537.36"
195.3.220.88 - - [05/Apr/2026:13:03:37 -0400] "GET /wp-admin/js/index.php HTTP/1.0" 301 - "-" "Mozilla/5.0 (Linux; Android 7.0; SM-G892A Build/NRD90M; wv) AppleWebKit/537.36 (KHTML, Gecko) Version/4.0 Chrome/60.0.3112.107 Mobile Safari/537.36"
195.3.220.88 - - [05/Apr/2026:13:03:37 -0400] "GET /wp-admin/js/ HTTP/1.0" 200 2180 "-" "Mozilla/5.0 (Linux; Android 7.0; SM-G892A Build/NRD90M; wv) AppleWebKit/537.36 (KHTML, Gecko) Version/4.0 Chrome/60.0.3112.107 Mobile Safari/537.36"
195.3.220.88 - - [05/Apr/2026:13:03:37 -0400] "GET /wp-admin/maint/index.php HTTP/1.0" 301 - "-" "Mozilla/5.0 (Linux; Android 7.0; SM-G892A Build/NRD90M; wv) AppleWebKit/537.36 (KHTML, Gecko) Version/4.0 Chrome/60.0.3112.107 Mobile Safari/537.36"
195.3.220.88 - - [05/Apr/2026:13:03:38 -0400] "GET /wp-admin/maint/ HTTP/1.0" 200 379 "-" "Mozilla/5.0 (Linux; Android 7.0; SM-G892A Build/NRD90M; wv) AppleWebKit/537.36 (KHTML, Gecko) Version/4.0 Chrome/60.0.3112.107 Mobile Safari/537.36"
195.3.220.88 - - [05/Apr/2026:13:03:38 -0400] "GET /wp-admin/network/index.php HTTP/1.0" 302 - "-" "Mozilla/5.0 (Linux; Android 7.0; SM-G892A Build/NRD90M; wv) AppleWebKit/537.36 (KHTML, Gecko) Version/4.0 Chrome/60.0.3112.107 Mobile Safari/537.36"
195.3.220.88 - - [05/Apr/2026:13:03:38 -0400] "GET /wp-login.php?redirect_to=https%3A%2F%2Flinguareachagency.com%2Fwp-admin%2Fnetwork%2Findex.php&reauth=1 HTTP/1.0" 200 1935 "-" "Mozilla/5.0 (Linux; Android 7.0; SM-G892A Build/NRD90M; wv) AppleWebKit/537.36 (KHTML, Gecko) Version/4.0 Chrome/60.0.3112.107 Mobile Safari/537.36"
195.3.220.88 - - [05/Apr/2026:13:03:39 -0400] "GET /wp-admin/user/index.php HTTP/1.0" 302 - "-" "Mozilla/5.0 (Linux; Android 7.0; SM-G892A Build/NRD90M; wv) AppleWebKit/537.36 (KHTML, Gecko) Version/4.0 Chrome/60.0.3112.107 Mobile Safari/537.36"
195.3.220.88 - - [05/Apr/2026:13:03:39 -0400] "GET /wp-login.php?redirect_to=https%3A%2F%2Flinguareachagency.com%2Fwp-admin%2Fuser%2Findex.php&reauth=1 HTTP/1.0" 200 1933 "-" "Mozilla/5.0 (Linux; Android 7.0; SM-G892A Build/NRD90M; wv) AppleWebKit/537.36 (KHTML, Gecko) Version/4.0 Chrome/60.0.3112.107 Mobile Safari/537.36"
74.7.227.150 - - [05/Apr/2026:13:04:11 -0400] "GET /wp-content/plugins/elementor/assets/lib/swiper/?C=D;O=D HTTP/1.0" 200 393 "https://linguareachagency.com/wp-content/plugins/elementor/assets/lib/swiper/?C=D;O=A" "Mozilla/5.0 AppleWebKit/537.36 (KHTML, like Gecko; compatible; GPTBot/1.3; +https://openai.com/gptbot)"
167.99.125.188 - - [05/Apr/2026:13:04:46 -0400] "POST /wp-login.php HTTP/1.0" 200 6464 "-" "Mozilla/5.0"
74.7.227.150 - - [05/Apr/2026:13:04:47 -0400] "GET /wp-content/plugins/elementor/assets/js/packages/editor-styles/?C=D;O=A HTTP/1.0" 200 494 "https://linguareachagency.com/wp-content/plugins/elementor/assets/js/packages/editor-styles/" "Mozilla/5.0 AppleWebKit/537.36 (KHTML, like Gecko; compatible; GPTBot/1.3; +https://openai.com/gptbot)"
74.7.227.150 - - [05/Apr/2026:13:05:16 -0400] "GET /wp-content/plugins/elementor/assets/js/packages/editor-ui/?C=D;O=D HTTP/1.0" 200 492 "https://linguareachagency.com/wp-content/plugins/elementor/assets/js/packages/editor-ui/?C=D;O=A" "Mozilla/5.0 AppleWebKit/537.36 (KHTML, like Gecko; compatible; GPTBot/1.3; +https://openai.com/gptbot)"
161.178.3.105 - - [05/Apr/2026:13:05:27 -0400] "POST /wp-login.php HTTP/1.0" 200 6464 "-" "Mozilla/5.0"
74.7.227.150 - - [05/Apr/2026:13:05:46 -0400] "GET /wp-content/plugins/elementor/assets/js/packages/editor-ui/?C=S;O=D HTTP/1.0" 200 495 "https://linguareachagency.com/wp-content/plugins/elementor/assets/js/packages/editor-ui/?C=S;O=A" "Mozilla/5.0 AppleWebKit/537.36 (KHTML, like Gecko; compatible; GPTBot/1.3; +https://openai.com/gptbot)"
74.7.227.150 - - [05/Apr/2026:13:06:11 -0400] "GET /wp-content/plugins/elementor/assets/js/packages/editor-ui/?C=N;O=A HTTP/1.0" 200 494 "https://linguareachagency.com/wp-content/plugins/elementor/assets/js/packages/editor-ui/?C=D;O=A" "Mozilla/5.0 AppleWebKit/537.36 (KHTML, like Gecko; compatible; GPTBot/1.3; +https://openai.com/gptbot)"
74.7.227.150 - - [05/Apr/2026:13:06:34 -0400] "GET /wp-content/plugins/elementor/assets/js/packages/editor-ui/?C=M;O=D HTTP/1.0" 200 492 "https://linguareachagency.com/wp-content/plugins/elementor/assets/js/packages/editor-ui/?C=M;O=A" "Mozilla/5.0 AppleWebKit/537.36 (KHTML, like Gecko; compatible; GPTBot/1.3; +https://openai.com/gptbot)"
74.7.227.150 - - [05/Apr/2026:13:06:51 -0400] "GET /wp-content/plugins/pro-elements/modules/posts/data/?C=N;O=A HTTP/1.0" 200 409 "https://linguareachagency.com/wp-content/plugins/pro-elements/modules/posts/data/?C=D;O=A" "Mozilla/5.0 AppleWebKit/537.36 (KHTML, like Gecko; compatible; GPTBot/1.3; +https://openai.com/gptbot)"
74.7.227.150 - - [05/Apr/2026:13:07:08 -0400] "GET /wp-content/plugins/elementor/data/base/processor/?C=M;O=D HTTP/1.0" 200 421 "https://linguareachagency.com/wp-content/plugins/elementor/data/base/processor/?C=M;O=A" "Mozilla/5.0 AppleWebKit/537.36 (KHTML, like Gecko; compatible; GPTBot/1.3; +https://openai.com/gptbot)"
74.7.227.150 - - [05/Apr/2026:13:07:22 -0400] "GET /wp-content/plugins/elementor/assets/js/packages/editor-styles/editor-styles.js.LICENSE.txt HTTP/1.0" 200 184 "https://linguareachagency.com/wp-content/plugins/elementor/assets/js/packages/editor-styles/?C=S;O=A" "Mozilla/5.0 AppleWebKit/537.36 (KHTML, like Gecko; compatible; GPTBot/1.3; +https://openai.com/gptbot)"
74.7.227.150 - - [05/Apr/2026:13:07:42 -0400] "GET /wp-content/plugins/elementor/assets/js/packages/editor-styles/?C=S;O=D HTTP/1.0" 200 490 "https://linguareachagency.com/wp-content/plugins/elementor/assets/js/packages/editor-styles/?C=S;O=A" "Mozilla/5.0 AppleWebKit/537.36 (KHTML, like Gecko; compatible; GPTBot/1.3; +https://openai.com/gptbot)"
161.178.132.46 - - [05/Apr/2026:13:07:48 -0400] "POST /wp-login.php HTTP/1.0" 200 6464 "-" "Mozilla/5.0"
74.7.227.150 - - [05/Apr/2026:13:07:50 -0400] "GET /wp-content/plugins/elementor/assets/js/packages/editor-styles/?C=M;O=D HTTP/1.0" 200 493 "https://linguareachagency.com/wp-content/plugins/elementor/assets/js/packages/editor-styles/?C=M;O=A" "Mozilla/5.0 AppleWebKit/537.36 (KHTML, like Gecko; compatible; GPTBot/1.3; +https://openai.com/gptbot)"
74.7.227.150 - - [05/Apr/2026:13:08:06 -0400] "GET /wp-content/plugins/elementor/assets/js/packages/editor-styles/?C=N;O=A HTTP/1.0" 200 494 "https://linguareachagency.com/wp-content/plugins/elementor/assets/js/packages/editor-styles/?C=S;O=A" "Mozilla/5.0 AppleWebKit/537.36 (KHTML, like Gecko; compatible; GPTBot/1.3; +https://openai.com/gptbot)"
74.7.227.150 - - [05/Apr/2026:13:08:11 -0400] "GET /wp-content/plugins/elementor/assets/js/packages/editor-styles/?C=D;O=D HTTP/1.0" 200 493 "https://linguareachagency.com/wp-content/plugins/elementor/assets/js/packages/editor-styles/?C=D;O=A" "Mozilla/5.0 AppleWebKit/537.36 (KHTML, like Gecko; compatible; GPTBot/1.3; +https://openai.com/gptbot)"
74.7.227.150 - - [05/Apr/2026:13:08:21 -0400] "GET /wp-content/plugins/elementor/assets/lib/eicons/?C=S;O=D HTTP/1.0" 200 427 "https://linguareachagency.com/wp-content/plugins/elementor/assets/lib/eicons/?C=S;O=A" "Mozilla/5.0 AppleWebKit/537.36 (KHTML, like Gecko; compatible; GPTBot/1.3; +https://openai.com/gptbot)"
74.7.227.150 - - [05/Apr/2026:13:08:31 -0400] "GET /wp-content/plugins/elementor/data/base/processor/?C=S;O=D HTTP/1.0" 200 421 "https://linguareachagency.com/wp-content/plugins/elementor/data/base/processor/?C=S;O=A" "Mozilla/5.0 AppleWebKit/537.36 (KHTML, like Gecko; compatible; GPTBot/1.3; +https://openai.com/gptbot)"
74.7.227.150 - - [05/Apr/2026:13:08:44 -0400] "GET /wp-content/plugins/elementor/assets/js/packages/editor-ui/?C=N;O=D HTTP/1.0" 200 492 "https://linguareachagency.com/wp-content/plugins/elementor/assets/js/packages/editor-ui/?C=N;O=A" "Mozilla/5.0 AppleWebKit/537.36 (KHTML, like Gecko; compatible; GPTBot/1.3; +https://openai.com/gptbot)"
74.7.227.150 - - [05/Apr/2026:13:08:47 -0400] "GET /wp-content/plugins/pro-elements/modules/posts/data/?C=D;O=D HTTP/1.0" 429 17 "https://linguareachagency.com/wp-content/plugins/pro-elements/modules/posts/data/?C=D;O=A" "Mozilla/5.0 AppleWebKit/537.36 (KHTML, like Gecko; compatible; GPTBot/1.3; +https://openai.com/gptbot)"
74.7.227.150 - - [05/Apr/2026:13:08:51 -0400] "GET /wp-content/plugins/elementor/assets/lib/eicons/?C=N;O=A HTTP/1.0" 429 17 "https://linguareachagency.com/wp-content/plugins/elementor/assets/lib/eicons/?C=N;O=D" "Mozilla/5.0 AppleWebKit/537.36 (KHTML, like Gecko; compatible; GPTBot/1.3; +https://openai.com/gptbot)"
74.7.227.150 - - [05/Apr/2026:13:09:12 -0400] "GET /wp-content/plugins/pro-elements/modules/posts/data/controller.php HTTP/1.0" 429 17 "https://linguareachagency.com/wp-content/plugins/pro-elements/modules/posts/data/?C=N;O=A" "Mozilla/5.0 AppleWebKit/537.36 (KHTML, like Gecko; compatible; GPTBot/1.3; +https://openai.com/gptbot)"
74.7.227.150 - - [05/Apr/2026:13:10:09 -0400] "GET /wp-content/plugins/elementor/core/files/assets/?C=D;O=A HTTP/1.0" 429 17 "https://linguareachagency.com/wp-content/plugins/elementor/core/files/assets/" "Mozilla/5.0 AppleWebKit/537.36 (KHTML, like Gecko; compatible; GPTBot/1.3; +https://openai.com/gptbot)"
74.7.227.150 - - [05/Apr/2026:13:11:07 -0400] "GET /wp-content/plugins/elementor/assets/js/packages/?C=D;O=A HTTP/1.0" 429 17 "https://linguareachagency.com/wp-content/plugins/elementor/assets/js/packages/" "Mozilla/5.0 AppleWebKit/537.36 (KHTML, like Gecko; compatible; GPTBot/1.3; +https://openai.com/gptbot)"
74.7.227.150 - - [05/Apr/2026:13:12:13 -0400] "GET /wp-content/plugins/elementor/assets/lib/eicons/?C=D;O=A HTTP/1.0" 200 429 "https://linguareachagency.com/wp-content/plugins/elementor/assets/lib/eicons/" "Mozilla/5.0 AppleWebKit/537.36 (KHTML, like Gecko; compatible; GPTBot/1.3; +https://openai.com/gptbot)"
205.210.31.213 - - [05/Apr/2026:13:12:39 -0400] "GET / HTTP/1.0" 503 282 "-" "Hello from Palo Alto Networks, find out more about our scans in https://docs-cortex.paloaltonetworks.com/r/1/Cortex-Xpanse/Scanning-activity"
170.64.178.144 - - [05/Apr/2026:13:12:54 -0400] "POST /wp-login.php HTTP/1.0" 200 6464 "-" "Mozilla/5.0"
74.7.227.150 - - [05/Apr/2026:13:13:23 -0400] "GET /wp-content/plugins/pro-elements/assets/js/packages/?C=S;O=A HTTP/1.0" 200 492 "https://linguareachagency.com/wp-content/plugins/pro-elements/assets/js/packages/" "Mozilla/5.0 AppleWebKit/537.36 (KHTML, like Gecko; compatible; GPTBot/1.3; +https://openai.com/gptbot)"
74.7.227.150 - - [05/Apr/2026:13:14:19 -0400] "GET /wp-content/plugins/elementor/core/settings/base/?C=M;O=D HTTP/1.0" 200 456 "https://linguareachagency.com/wp-content/plugins/elementor/core/settings/base/?C=M;O=A" "Mozilla/5.0 AppleWebKit/537.36 (KHTML, like Gecko; compatible; GPTBot/1.3; +https://openai.com/gptbot)"
74.7.227.150 - - [05/Apr/2026:13:15:05 -0400] "GET /wp-content/plugins/elementor/assets/lib/swiper/?C=N;O=D HTTP/1.0" 200 393 "https://linguareachagency.com/wp-content/plugins/elementor/assets/lib/swiper/" "Mozilla/5.0 AppleWebKit/537.36 (KHTML, like Gecko; compatible; GPTBot/1.3; +https://openai.com/gptbot)"
74.7.227.150 - - [05/Apr/2026:13:15:53 -0400] "GET /wp-content/plugins/elementor/core/app/modules/?C=N;O=A HTTP/1.0" 200 438 "https://linguareachagency.com/wp-content/plugins/elementor/core/app/modules/?C=N;O=D" "Mozilla/5.0 AppleWebKit/537.36 (KHTML, like Gecko; compatible; GPTBot/1.3; +https://openai.com/gptbot)"
74.7.227.150 - - [05/Apr/2026:13:16:36 -0400] "GET /wp-content/plugins/elementor/assets/lib/swiper/?C=S;O=D HTTP/1.0" 200 393 "https://linguareachagency.com/wp-content/plugins/elementor/assets/lib/swiper/?C=S;O=A" "Mozilla/5.0 AppleWebKit/537.36 (KHTML, like Gecko; compatible; GPTBot/1.3; +https://openai.com/gptbot)"
74.7.227.150 - - [05/Apr/2026:13:17:15 -0400] "GET /wp-content/plugins/pro-elements/core/app/modules/?C=S;O=A HTTP/1.0" 200 477 "https://linguareachagency.com/wp-content/plugins/pro-elements/core/app/modules/" "Mozilla/5.0 AppleWebKit/537.36 (KHTML, like Gecko; compatible; GPTBot/1.3; +https://openai.com/gptbot)"
167.99.125.188 - - [05/Apr/2026:13:17:19 -0400] "POST /wp-login.php HTTP/1.0" 200 6464 "-" "Mozilla/5.0"
161.178.132.46 - - [05/Apr/2026:13:17:24 -0400] "POST /wp-login.php HTTP/1.0" 200 6464 "-" "Mozilla/5.0"
161.178.3.105 - - [05/Apr/2026:13:17:44 -0400] "POST /wp-login.php HTTP/1.0" 200 6464 "-" "Mozilla/5.0"
74.7.227.150 - - [05/Apr/2026:13:17:46 -0400] "GET /wp-content/plugins/elementor/core/settings/base/?C=N;O=A HTTP/1.0" 200 451 "https://linguareachagency.com/wp-content/plugins/elementor/core/settings/base/?C=D;O=A" "Mozilla/5.0 AppleWebKit/537.36 (KHTML, like Gecko; compatible; GPTBot/1.3; +https://openai.com/gptbot)"
74.7.227.150 - - [05/Apr/2026:13:18:14 -0400] "GET /wp-content/plugins/elementor/core/files/assets/?C=M;O=A HTTP/1.0" 200 466 "https://linguareachagency.com/wp-content/plugins/elementor/core/files/assets/" "Mozilla/5.0 AppleWebKit/537.36 (KHTML, like Gecko; compatible; GPTBot/1.3; +https://openai.com/gptbot)"
74.7.227.150 - - [05/Apr/2026:13:18:43 -0400] "GET /wp-content/plugins/pro-elements/modules/notes/data/?C=N;O=D HTTP/1.0" 200 425 "https://linguareachagency.com/wp-content/plugins/pro-elements/modules/notes/data/" "Mozilla/5.0 AppleWebKit/537.36 (KHTML, like Gecko; compatible; GPTBot/1.3; +https://openai.com/gptbot)"
74.7.227.150 - - [05/Apr/2026:13:19:07 -0400] "GET /wp-content/plugins/elementor/core/kits/views/?C=M;O=D HTTP/1.0" 200 435 "https://linguareachagency.com/wp-content/plugins/elementor/core/kits/views/?C=M;O=A" "Mozilla/5.0 AppleWebKit/537.36 (KHTML, like Gecko; compatible; GPTBot/1.3; +https://openai.com/gptbot)"
74.7.227.150 - - [05/Apr/2026:13:19:36 -0400] "GET /wp-content/plugins/elementor/assets/lib/eicons/?C=D;O=D HTTP/1.0" 200 426 "https://linguareachagency.com/wp-content/plugins/elementor/assets/lib/eicons/?C=D;O=A" "Mozilla/5.0 AppleWebKit/537.36 (KHTML, like Gecko; compatible; GPTBot/1.3; +https://openai.com/gptbot)"
74.7.227.150 - - [05/Apr/2026:13:19:55 -0400] "GET /wp-content/plugins/elementor/assets/lib/eicons/?C=N;O=A HTTP/1.0" 200 429 "https://linguareachagency.com/wp-content/plugins/elementor/assets/lib/eicons/?C=D;O=A" "Mozilla/5.0 AppleWebKit/537.36 (KHTML, like Gecko; compatible; GPTBot/1.3; +https://openai.com/gptbot)"
74.7.227.150 - - [05/Apr/2026:13:20:23 -0400] "GET /wp-content/plugins/pro-elements/assets/js/packages/?C=S;O=D HTTP/1.0" 200 492 "https://linguareachagency.com/wp-content/plugins/pro-elements/assets/js/packages/?C=S;O=A" "Mozilla/5.0 AppleWebKit/537.36 (KHTML, like Gecko; compatible; GPTBot/1.3; +https://openai.com/gptbot)"
74.7.227.150 - - [05/Apr/2026:13:20:34 -0400] "GET /wp-content/plugins/elementor/data/base/processor/?C=D;O=D HTTP/1.0" 200 421 "https://linguareachagency.com/wp-content/plugins/elementor/data/base/processor/?C=D;O=A" "Mozilla/5.0 AppleWebKit/537.36 (KHTML, like Gecko; compatible; GPTBot/1.3; +https://openai.com/gptbot)"
74.7.227.150 - - [05/Apr/2026:13:20:39 -0400] "GET /wp-content/plugins/elementor/core/files/assets/?C=N;O=A HTTP/1.0" 200 466 "https://linguareachagency.com/wp-content/plugins/elementor/core/files/assets/?C=N;O=D" "Mozilla/5.0 AppleWebKit/537.36 (KHTML, like Gecko; compatible; GPTBot/1.3; +https://openai.com/gptbot)"
74.7.227.150 - - [05/Apr/2026:13:20:53 -0400] "GET /wp-content/plugins/elementor/core/kits/views/?C=N;O=A HTTP/1.0" 200 434 "https://linguareachagency.com/wp-content/plugins/elementor/core/kits/views/?C=N;O=D" "Mozilla/5.0 AppleWebKit/537.36 (KHTML, like Gecko; compatible; GPTBot/1.3; +https://openai.com/gptbot)"
74.7.227.150 - - [05/Apr/2026:13:21:09 -0400] "GET /wp-content/plugins/pro-elements/core/app/modules/?C=N;O=A HTTP/1.0" 200 477 "https://linguareachagency.com/wp-content/plugins/pro-elements/core/app/modules/?C=S;O=A" "Mozilla/5.0 AppleWebKit/537.36 (KHTML, like Gecko; compatible; GPTBot/1.3; +https://openai.com/gptbot)"
74.7.227.150 - - [05/Apr/2026:13:21:25 -0400] "GET /wp-content/plugins/pro-elements/assets/js/packages/?C=N;O=A HTTP/1.0" 200 492 "https://linguareachagency.com/wp-content/plugins/pro-elements/assets/js/packages/?C=S;O=A" "Mozilla/5.0 AppleWebKit/537.36 (KHTML, like Gecko; compatible; GPTBot/1.3; +https://openai.com/gptbot)"
74.7.227.150 - - [05/Apr/2026:13:21:33 -0400] "GET /wp-content/plugins/elementor/core/files/assets/?C=M;O=D HTTP/1.0" 200 463 "https://linguareachagency.com/wp-content/plugins/elementor/core/files/assets/?C=M;O=A" "Mozilla/5.0 AppleWebKit/537.36 (KHTML, like Gecko; compatible; GPTBot/1.3; +https://openai.com/gptbot)"
74.7.227.150 - - [05/Apr/2026:13:21:40 -0400] "GET /wp-content/plugins/elementor/core/files/assets/?C=D;O=A HTTP/1.0" 200 466 "https://linguareachagency.com/wp-content/plugins/elementor/core/files/assets/?C=M;O=A" "Mozilla/5.0 AppleWebKit/537.36 (KHTML, like Gecko; compatible; GPTBot/1.3; +https://openai.com/gptbot)"
74.7.227.150 - - [05/Apr/2026:13:21:41 -0400] "GET /wp-content/plugins/elementor/assets/js/packages/?C=M;O=A HTTP/1.0" 429 17 "https://linguareachagency.com/wp-content/plugins/elementor/assets/js/packages/" "Mozilla/5.0 AppleWebKit/537.36 (KHTML, like Gecko; compatible; GPTBot/1.3; +https://openai.com/gptbot)"
74.7.227.150 - - [05/Apr/2026:13:21:55 -0400] "GET /wp-content/plugins/elementor/assets/lib/tipsy/?C=S;O=D HTTP/1.0" 429 17 "https://linguareachagency.com/wp-content/plugins/elementor/assets/lib/tipsy/?C=S;O=A" "Mozilla/5.0 AppleWebKit/537.36 (KHTML, like Gecko; compatible; GPTBot/1.3; +https://openai.com/gptbot)"
74.7.227.150 - - [05/Apr/2026:13:22:13 -0400] "GET /wp-content/plugins/elementor/assets/lib/swiper/?C=M;O=A HTTP/1.0" 429 17 "https://linguareachagency.com/wp-content/plugins/elementor/assets/lib/swiper/" "Mozilla/5.0 AppleWebKit/537.36 (KHTML, like Gecko; compatible; GPTBot/1.3; +https://openai.com/gptbot)"
74.7.227.150 - - [05/Apr/2026:13:23:12 -0400] "GET /wp-content/plugins/pro-elements/assets/js/packages/?C=D;O=A HTTP/1.0" 429 17 "https://linguareachagency.com/wp-content/plugins/pro-elements/assets/js/packages/" "Mozilla/5.0 AppleWebKit/537.36 (KHTML, like Gecko; compatible; GPTBot/1.3; +https://openai.com/gptbot)"
