74.7.227.150 - - [05/Apr/2026:09:25:49 -0400] "GET /wp-content/plugins/pro-elements/assets/js/packages/editor-site-navigation-extended/editor-site-navigation-extended.js HTTP/1.0" 200 1602 "https://linguareachagency.com/wp-content/plugins/pro-elements/assets/js/packages/editor-site-navigation-extended/?C=M;O=A" "Mozilla/5.0 AppleWebKit/537.36 (KHTML, like Gecko; compatible; GPTBot/1.3; +https://openai.com/gptbot)"
74.7.227.150 - - [05/Apr/2026:09:26:09 -0400] "GET /wp-content/plugins/pro-elements/assets/js/packages/editor-site-navigation-extended/editor-site-navigation-extended.strings.js HTTP/1.0" 200 - "https://linguareachagency.com/wp-content/plugins/pro-elements/assets/js/packages/editor-site-navigation-extended/?C=M;O=A" "Mozilla/5.0 AppleWebKit/537.36 (KHTML, like Gecko; compatible; GPTBot/1.3; +https://openai.com/gptbot)"
74.7.227.150 - - [05/Apr/2026:09:26:28 -0400] "GET /wp-content/plugins/pro-elements/assets/js/packages/editor-site-navigation-extended/?C=M;O=D HTTP/1.0" 200 470 "https://linguareachagency.com/wp-content/plugins/pro-elements/assets/js/packages/editor-site-navigation-extended/?C=M;O=A" "Mozilla/5.0 AppleWebKit/537.36 (KHTML, like Gecko; compatible; GPTBot/1.3; +https://openai.com/gptbot)"
74.7.227.150 - - [05/Apr/2026:09:26:48 -0400] "GET /wp-content/plugins/pro-elements/assets/js/packages/editor-site-navigation-extended/?C=N;O=A HTTP/1.0" 200 471 "https://linguareachagency.com/wp-content/plugins/pro-elements/assets/js/packages/editor-site-navigation-extended/?C=M;O=A" "Mozilla/5.0 AppleWebKit/537.36 (KHTML, like Gecko; compatible; GPTBot/1.3; +https://openai.com/gptbot)"
74.7.227.150 - - [05/Apr/2026:09:26:55 -0400] "GET /wp-content/plugins/pro-elements/assets/js/packages/editor-site-navigation-extended/?C=D;O=D HTTP/1.0" 200 470 "https://linguareachagency.com/wp-content/plugins/pro-elements/assets/js/packages/editor-site-navigation-extended/?C=D;O=A" "Mozilla/5.0 AppleWebKit/537.36 (KHTML, like Gecko; compatible; GPTBot/1.3; +https://openai.com/gptbot)"
74.7.227.150 - - [05/Apr/2026:09:27:08 -0400] "GET /wp-content/plugins/pro-elements/assets/js/packages/editor-site-navigation-extended/?C=S;O=D HTTP/1.0" 200 471 "https://linguareachagency.com/wp-content/plugins/pro-elements/assets/js/packages/editor-site-navigation-extended/?C=S;O=A" "Mozilla/5.0 AppleWebKit/537.36 (KHTML, like Gecko; compatible; GPTBot/1.3; +https://openai.com/gptbot)"
74.7.227.150 - - [05/Apr/2026:09:27:20 -0400] "GET /wp-content/plugins/elementor/assets/lib/font-awesome/?C=M;O=D HTTP/1.0" 200 456 "https://linguareachagency.com/wp-content/plugins/elementor/assets/lib/font-awesome/?C=M;O=A" "Mozilla/5.0 AppleWebKit/537.36 (KHTML, like Gecko; compatible; GPTBot/1.3; +https://openai.com/gptbot)"
74.7.227.150 - - [05/Apr/2026:09:27:31 -0400] "GET /wp-content/plugins/pro-elements/modules/posts/traits/?C=D;O=A HTTP/1.0" 200 457 "https://linguareachagency.com/wp-content/plugins/pro-elements/modules/posts/traits/" "Mozilla/5.0 AppleWebKit/537.36 (KHTML, like Gecko; compatible; GPTBot/1.3; +https://openai.com/gptbot)"
74.7.227.150 - - [05/Apr/2026:09:27:41 -0400] "GET /wp-content/plugins/elementor/assets/lib/font-awesome/?C=D;O=D HTTP/1.0" 200 454 "https://linguareachagency.com/wp-content/plugins/elementor/assets/lib/font-awesome/?C=D;O=A" "Mozilla/5.0 AppleWebKit/537.36 (KHTML, like Gecko; compatible; GPTBot/1.3; +https://openai.com/gptbot)"
74.7.227.150 - - [05/Apr/2026:09:28:00 -0400] "GET /wp-content/plugins/pro-elements/modules/posts/traits/?C=M;O=A HTTP/1.0" 429 17 "https://linguareachagency.com/wp-content/plugins/pro-elements/modules/posts/traits/" "Mozilla/5.0 AppleWebKit/537.36 (KHTML, like Gecko; compatible; GPTBot/1.3; +https://openai.com/gptbot)"
74.7.227.150 - - [05/Apr/2026:09:28:04 -0400] "GET /wp-content/plugins/pro-elements/modules/posts/traits/?C=N;O=A HTTP/1.0" 429 17 "https://linguareachagency.com/wp-content/plugins/pro-elements/modules/posts/traits/?C=N;O=D" "Mozilla/5.0 AppleWebKit/537.36 (KHTML, like Gecko; compatible; GPTBot/1.3; +https://openai.com/gptbot)"
74.7.227.150 - - [05/Apr/2026:09:28:28 -0400] "GET /wp-content/plugins/elementor/assets/lib/font-awesome/?C=S;O=A HTTP/1.0" 429 17 "https://linguareachagency.com/wp-content/plugins/elementor/assets/lib/font-awesome/" "Mozilla/5.0 AppleWebKit/537.36 (KHTML, like Gecko; compatible; GPTBot/1.3; +https://openai.com/gptbot)"
74.7.227.150 - - [05/Apr/2026:09:29:32 -0400] "GET /wp-content/plugins/pro-elements/modules/posts/traits/?C=S;O=A HTTP/1.0" 429 17 "https://linguareachagency.com/wp-content/plugins/pro-elements/modules/posts/traits/" "Mozilla/5.0 AppleWebKit/537.36 (KHTML, like Gecko; compatible; GPTBot/1.3; +https://openai.com/gptbot)"
128.140.11.209 - - [05/Apr/2026:09:30:15 -0400] "POST /xmlrpc.php HTTP/1.0" 200 206 "-" "Mozilla/5.0 (Windows NT 10.0; WOW64; rv:142.0) Gecko/20100101 Firefox/142.0"
74.7.227.150 - - [05/Apr/2026:09:30:27 -0400] "GET /wp-content/plugins/elementor/assets/lib/font-awesome/?C=N;O=A HTTP/1.0" 200 455 "https://linguareachagency.com/wp-content/plugins/elementor/assets/lib/font-awesome/?C=M;O=A" "Mozilla/5.0 AppleWebKit/537.36 (KHTML, like Gecko; compatible; GPTBot/1.3; +https://openai.com/gptbot)"
74.7.227.150 - - [05/Apr/2026:09:31:31 -0400] "GET /wp-content/plugins/pro-elements/modules/video-playlist/widgets/?C=D;O=D HTTP/1.0" 200 412 "https://linguareachagency.com/wp-content/plugins/pro-elements/modules/video-playlist/widgets/?C=D;O=A" "Mozilla/5.0 AppleWebKit/537.36 (KHTML, like Gecko; compatible; GPTBot/1.3; +https://openai.com/gptbot)"
74.7.227.150 - - [05/Apr/2026:09:32:33 -0400] "GET /wp-content/plugins/elementor/modules/home/transformations/?C=S;O=A HTTP/1.0" 200 572 "https://linguareachagency.com/wp-content/plugins/elementor/modules/home/transformations/" "Mozilla/5.0 AppleWebKit/537.36 (KHTML, like Gecko; compatible; GPTBot/1.3; +https://openai.com/gptbot)"
74.7.227.150 - - [05/Apr/2026:09:33:27 -0400] "GET /wp-content/plugins/elementor/modules/home/transformations/?C=N;O=D HTTP/1.0" 200 573 "https://linguareachagency.com/wp-content/plugins/elementor/modules/home/transformations/" "Mozilla/5.0 AppleWebKit/537.36 (KHTML, like Gecko; compatible; GPTBot/1.3; +https://openai.com/gptbot)"
74.7.227.150 - - [05/Apr/2026:09:34:07 -0400] "GET /wp-content/plugins/elementor/modules/home/transformations/?C=M;O=A HTTP/1.0" 200 568 "https://linguareachagency.com/wp-content/plugins/elementor/modules/home/transformations/" "Mozilla/5.0 AppleWebKit/537.36 (KHTML, like Gecko; compatible; GPTBot/1.3; +https://openai.com/gptbot)"
74.7.227.150 - - [05/Apr/2026:09:34:51 -0400] "GET /wp-content/plugins/elementor/modules/home/transformations/?C=D;O=A HTTP/1.0" 200 567 "https://linguareachagency.com/wp-content/plugins/elementor/modules/home/transformations/" "Mozilla/5.0 AppleWebKit/537.36 (KHTML, like Gecko; compatible; GPTBot/1.3; +https://openai.com/gptbot)"
170.64.178.144 - - [05/Apr/2026:09:35:22 -0400] "POST /wp-login.php HTTP/1.0" 200 6464 "-" "Mozilla/5.0"
74.7.227.150 - - [05/Apr/2026:09:35:25 -0400] "GET /wp-content/plugins/elementor/modules/announcements/classes/?C=N;O=D HTTP/1.0" 200 447 "https://linguareachagency.com/wp-content/plugins/elementor/modules/announcements/classes/" "Mozilla/5.0 AppleWebKit/537.36 (KHTML, like Gecko; compatible; GPTBot/1.3; +https://openai.com/gptbot)"
74.7.227.150 - - [05/Apr/2026:09:36:01 -0400] "GET /wp-content/plugins/pro-elements/core/integrations/exceptions/?C=N;O=D HTTP/1.0" 200 459 "https://linguareachagency.com/wp-content/plugins/pro-elements/core/integrations/exceptions/" "Mozilla/5.0 AppleWebKit/537.36 (KHTML, like Gecko; compatible; GPTBot/1.3; +https://openai.com/gptbot)"
167.99.125.188 - - [05/Apr/2026:09:36:10 -0400] "POST /wp-login.php HTTP/1.0" 200 6464 "-" "Mozilla/5.0"
74.7.227.150 - - [05/Apr/2026:09:36:27 -0400] "GET /wp-content/plugins/pro-elements/modules/posts/traits/?C=D;O=D HTTP/1.0" 200 452 "https://linguareachagency.com/wp-content/plugins/pro-elements/modules/posts/traits/?C=D;O=A" "Mozilla/5.0 AppleWebKit/537.36 (KHTML, like Gecko; compatible; GPTBot/1.3; +https://openai.com/gptbot)"
74.7.227.150 - - [05/Apr/2026:09:36:57 -0400] "GET /wp-content/plugins/pro-elements/core/integrations/exceptions/?C=D;O=A HTTP/1.0" 200 461 "https://linguareachagency.com/wp-content/plugins/pro-elements/core/integrations/exceptions/" "Mozilla/5.0 AppleWebKit/537.36 (KHTML, like Gecko; compatible; GPTBot/1.3; +https://openai.com/gptbot)"
74.7.227.150 - - [05/Apr/2026:09:37:21 -0400] "GET /wp-content/plugins/elementor/modules/announcements/classes/?C=M;O=A HTTP/1.0" 200 448 "https://linguareachagency.com/wp-content/plugins/elementor/modules/announcements/classes/" "Mozilla/5.0 AppleWebKit/537.36 (KHTML, like Gecko; compatible; GPTBot/1.3; +https://openai.com/gptbot)"
74.7.227.150 - - [05/Apr/2026:09:37:49 -0400] "GET /wp-content/plugins/elementor/assets/lib/font-awesome/?C=S;O=A HTTP/1.0" 200 455 "https://linguareachagency.com/wp-content/plugins/elementor/assets/lib/font-awesome/?C=N;O=A" "Mozilla/5.0 AppleWebKit/537.36 (KHTML, like Gecko; compatible; GPTBot/1.3; +https://openai.com/gptbot)"
161.178.3.105 - - [05/Apr/2026:09:37:50 -0400] "POST /wp-login.php HTTP/1.0" 200 6464 "-" "Mozilla/5.0"
74.7.227.150 - - [05/Apr/2026:09:38:00 -0400] "GET /wp-content/plugins/pro-elements/modules/woocommerce/documents/?C=M;O=A HTTP/1.0" 200 449 "https://linguareachagency.com/wp-content/plugins/pro-elements/modules/woocommerce/documents/" "Mozilla/5.0 AppleWebKit/537.36 (KHTML, like Gecko; compatible; GPTBot/1.3; +https://openai.com/gptbot)"
15.253.24.82 - - [05/Apr/2026:09:38:00 -0400] "POST /wp-login.php HTTP/1.0" 200 6464 "-" "Mozilla/5.0"
74.7.227.150 - - [05/Apr/2026:09:38:25 -0400] "GET /wp-content/plugins/elementor/modules/home/transformations/?C=N;O=A HTTP/1.0" 200 567 "https://linguareachagency.com/wp-content/plugins/elementor/modules/home/transformations/?C=S;O=A" "Mozilla/5.0 AppleWebKit/537.36 (KHTML, like Gecko; compatible; GPTBot/1.3; +https://openai.com/gptbot)"
74.7.227.150 - - [05/Apr/2026:09:38:33 -0400] "GET /wp-content/plugins/elementor/modules/home/transformations/?C=S;O=D HTTP/1.0" 200 565 "https://linguareachagency.com/wp-content/plugins/elementor/modules/home/transformations/?C=S;O=A" "Mozilla/5.0 AppleWebKit/537.36 (KHTML, like Gecko; compatible; GPTBot/1.3; +https://openai.com/gptbot)"
74.7.227.150 - - [05/Apr/2026:09:38:54 -0400] "GET /wp-content/plugins/elementor/modules/home/transformations/?C=M;O=D HTTP/1.0" 200 573 "https://linguareachagency.com/wp-content/plugins/elementor/modules/home/transformations/?C=M;O=A" "Mozilla/5.0 AppleWebKit/537.36 (KHTML, like Gecko; compatible; GPTBot/1.3; +https://openai.com/gptbot)"
74.7.227.150 - - [05/Apr/2026:09:39:01 -0400] "GET /wp-content/plugins/elementor/modules/home/transformations/?C=D;O=D HTTP/1.0" 200 573 "https://linguareachagency.com/wp-content/plugins/elementor/modules/home/transformations/?C=D;O=A" "Mozilla/5.0 AppleWebKit/537.36 (KHTML, like Gecko; compatible; GPTBot/1.3; +https://openai.com/gptbot)"
74.7.227.150 - - [05/Apr/2026:09:39:14 -0400] "GET /wp-content/plugins/elementor/modules/components/documents/?C=M;O=A HTTP/1.0" 200 407 "https://linguareachagency.com/wp-content/plugins/elementor/modules/components/documents/" "Mozilla/5.0 AppleWebKit/537.36 (KHTML, like Gecko; compatible; GPTBot/1.3; +https://openai.com/gptbot)"
74.7.227.150 - - [05/Apr/2026:09:39:24 -0400] "GET /wp-content/plugins/pro-elements/core/integrations/exceptions/action-validation-failed-exception.php HTTP/1.0" 200 - "https://linguareachagency.com/wp-content/plugins/pro-elements/core/integrations/exceptions/?C=N;O=D" "Mozilla/5.0 AppleWebKit/537.36 (KHTML, like Gecko; compatible; GPTBot/1.3; +https://openai.com/gptbot)"
74.7.227.150 - - [05/Apr/2026:09:39:36 -0400] "GET /wp-content/plugins/pro-elements/modules/posts/traits/?C=M;O=A HTTP/1.0" 429 17 "https://linguareachagency.com/wp-content/plugins/pro-elements/modules/posts/traits/?C=D;O=D" "Mozilla/5.0 AppleWebKit/537.36 (KHTML, like Gecko; compatible; GPTBot/1.3; +https://openai.com/gptbot)"
74.7.227.150 - - [05/Apr/2026:09:39:42 -0400] "GET /wp-content/plugins/pro-elements/modules/posts/traits/?C=S;O=A HTTP/1.0" 429 17 "https://linguareachagency.com/wp-content/plugins/pro-elements/modules/posts/traits/?C=D;O=D" "Mozilla/5.0 AppleWebKit/537.36 (KHTML, like Gecko; compatible; GPTBot/1.3; +https://openai.com/gptbot)"
74.7.227.150 - - [05/Apr/2026:09:40:12 -0400] "GET /wp-content/plugins/pro-elements/modules/posts/traits/?C=N;O=A HTTP/1.0" 429 17 "https://linguareachagency.com/wp-content/plugins/pro-elements/modules/posts/traits/?C=D;O=D" "Mozilla/5.0 AppleWebKit/537.36 (KHTML, like Gecko; compatible; GPTBot/1.3; +https://openai.com/gptbot)"
74.7.227.150 - - [05/Apr/2026:09:41:15 -0400] "GET /wp-content/plugins/elementor/assets/lib/font-awesome/?C=S;O=D HTTP/1.0" 200 454 "https://linguareachagency.com/wp-content/plugins/elementor/assets/lib/font-awesome/?C=S;O=A" "Mozilla/5.0 AppleWebKit/537.36 (KHTML, like Gecko; compatible; GPTBot/1.3; +https://openai.com/gptbot)"
74.7.227.150 - - [05/Apr/2026:09:42:24 -0400] "GET /wp-content/plugins/pro-elements/core/integrations/exceptions/?C=N;O=A HTTP/1.0" 200 461 "https://linguareachagency.com/wp-content/plugins/pro-elements/core/integrations/exceptions/?C=N;O=D" "Mozilla/5.0 AppleWebKit/537.36 (KHTML, like Gecko; compatible; GPTBot/1.3; +https://openai.com/gptbot)"
74.7.227.150 - - [05/Apr/2026:09:43:28 -0400] "GET /wp-content/plugins/pro-elements/modules/woocommerce/documents/product.php HTTP/1.0" 200 - "https://linguareachagency.com/wp-content/plugins/pro-elements/modules/woocommerce/documents/?C=M;O=A" "Mozilla/5.0 AppleWebKit/537.36 (KHTML, like Gecko; compatible; GPTBot/1.3; +https://openai.com/gptbot)"
74.7.227.150 - - [05/Apr/2026:09:44:02 -0400] "GET /wp-content/plugins/elementor/modules/announcements/classes/?C=M;O=D HTTP/1.0" 200 447 "https://linguareachagency.com/wp-content/plugins/elementor/modules/announcements/classes/?C=M;O=A" "Mozilla/5.0 AppleWebKit/537.36 (KHTML, like Gecko; compatible; GPTBot/1.3; +https://openai.com/gptbot)"
74.7.227.150 - - [05/Apr/2026:09:44:53 -0400] "GET /wp-content/plugins/pro-elements/modules/woocommerce/documents/?C=M;O=D HTTP/1.0" 200 451 "https://linguareachagency.com/wp-content/plugins/pro-elements/modules/woocommerce/documents/?C=M;O=A" "Mozilla/5.0 AppleWebKit/537.36 (KHTML, like Gecko; compatible; GPTBot/1.3; +https://openai.com/gptbot)"
170.64.178.144 - - [05/Apr/2026:09:45:19 -0400] "POST /wp-login.php HTTP/1.0" 200 6464 "-" "Mozilla/5.0"
74.7.227.150 - - [05/Apr/2026:09:45:31 -0400] "GET /wp-content/plugins/pro-elements/core/integrations/exceptions/?C=S;O=A HTTP/1.0" 200 461 "https://linguareachagency.com/wp-content/plugins/pro-elements/core/integrations/exceptions/" "Mozilla/5.0 AppleWebKit/537.36 (KHTML, like Gecko; compatible; GPTBot/1.3; +https://openai.com/gptbot)"
74.7.227.150 - - [05/Apr/2026:09:46:06 -0400] "GET /wp-content/plugins/elementor/modules/announcements/classes/?C=S;O=A HTTP/1.0" 200 448 "https://linguareachagency.com/wp-content/plugins/elementor/modules/announcements/classes/" "Mozilla/5.0 AppleWebKit/537.36 (KHTML, like Gecko; compatible; GPTBot/1.3; +https://openai.com/gptbot)"
34.203.166.167 - - [05/Apr/2026:09:46:06 -0400] "POST /xmlrpc.php HTTP/1.0" 200 206 "-" "Mozilla/5.0 (Windows NT 10.0) AppleWebKit/537.36 (KHTML, like Gecko) Chrome/140.0.0.0 Safari/537.36"
74.7.227.150 - - [05/Apr/2026:09:46:40 -0400] "GET /wp-content/plugins/pro-elements/core/integrations/exceptions/?C=M;O=A HTTP/1.0" 200 461 "https://linguareachagency.com/wp-content/plugins/pro-elements/core/integrations/exceptions/" "Mozilla/5.0 AppleWebKit/537.36 (KHTML, like Gecko; compatible; GPTBot/1.3; +https://openai.com/gptbot)"
74.7.227.150 - - [05/Apr/2026:09:47:13 -0400] "GET /wp-content/plugins/elementor/modules/components/documents/?C=N;O=A HTTP/1.0" 200 406 "https://linguareachagency.com/wp-content/plugins/elementor/modules/components/documents/?C=M;O=A" "Mozilla/5.0 AppleWebKit/537.36 (KHTML, like Gecko; compatible; GPTBot/1.3; +https://openai.com/gptbot)"
74.7.227.150 - - [05/Apr/2026:09:47:41 -0400] "GET /wp-content/plugins/elementor/modules/components/documents/?C=N;O=D HTTP/1.0" 200 405 "https://linguareachagency.com/wp-content/plugins/elementor/modules/components/documents/" "Mozilla/5.0 AppleWebKit/537.36 (KHTML, like Gecko; compatible; GPTBot/1.3; +https://openai.com/gptbot)"
74.7.227.150 - - [05/Apr/2026:09:48:00 -0400] "GET /wp-content/plugins/pro-elements/modules/woocommerce/documents/?C=N;O=D HTTP/1.0" 200 451 "https://linguareachagency.com/wp-content/plugins/pro-elements/modules/woocommerce/documents/" "Mozilla/5.0 AppleWebKit/537.36 (KHTML, like Gecko; compatible; GPTBot/1.3; +https://openai.com/gptbot)"
167.99.125.188 - - [05/Apr/2026:09:48:11 -0400] "POST /wp-login.php HTTP/1.0" 200 6464 "-" "Mozilla/5.0"
74.7.227.150 - - [05/Apr/2026:09:48:22 -0400] "GET /wp-content/plugins/elementor/modules/announcements/classes/?C=N;O=A HTTP/1.0" 200 446 "https://linguareachagency.com/wp-content/plugins/elementor/modules/announcements/classes/?C=N;O=D" "Mozilla/5.0 AppleWebKit/537.36 (KHTML, like Gecko; compatible; GPTBot/1.3; +https://openai.com/gptbot)"
170.106.37.134 - - [05/Apr/2026:09:48:30 -0400] "GET / HTTP/1.0" 301 - "-" "Mozilla/5.0 (iPhone; CPU iPhone OS 13_2_3 like Mac OS X) AppleWebKit/605.1.15 (KHTML, like Gecko) Version/13.0.3 Mobile/15E148 Safari/604.1"
170.106.37.134 - - [05/Apr/2026:09:48:31 -0400] "GET / HTTP/1.0" 200 33241 "http://linguareachagency.com" "Mozilla/5.0 (iPhone; CPU iPhone OS 13_2_3 like Mac OS X) AppleWebKit/605.1.15 (KHTML, like Gecko) Version/13.0.3 Mobile/15E148 Safari/604.1"
74.7.227.150 - - [05/Apr/2026:09:48:43 -0400] "GET /wp-content/plugins/pro-elements/core/integrations/exceptions/?C=D;O=D HTTP/1.0" 200 459 "https://linguareachagency.com/wp-content/plugins/pro-elements/core/integrations/exceptions/?C=D;O=A" "Mozilla/5.0 AppleWebKit/537.36 (KHTML, like Gecko; compatible; GPTBot/1.3; +https://openai.com/gptbot)"
74.7.227.150 - - [05/Apr/2026:09:49:02 -0400] "GET /wp-content/plugins/elementor/modules/components/documents/?C=D;O=A HTTP/1.0" 200 406 "https://linguareachagency.com/wp-content/plugins/elementor/modules/components/documents/" "Mozilla/5.0 AppleWebKit/537.36 (KHTML, like Gecko; compatible; GPTBot/1.3; +https://openai.com/gptbot)"
74.7.227.150 - - [05/Apr/2026:09:49:17 -0400] "GET /wp-content/plugins/pro-elements/modules/woocommerce/documents/?C=D;O=A HTTP/1.0" 200 449 "https://linguareachagency.com/wp-content/plugins/pro-elements/modules/woocommerce/documents/" "Mozilla/5.0 AppleWebKit/537.36 (KHTML, like Gecko; compatible; GPTBot/1.3; +https://openai.com/gptbot)"
74.7.227.150 - - [05/Apr/2026:09:49:35 -0400] "GET /wp-content/plugins/pro-elements/modules/woocommerce/documents/?C=S;O=A HTTP/1.0" 200 450 "https://linguareachagency.com/wp-content/plugins/pro-elements/modules/woocommerce/documents/" "Mozilla/5.0 AppleWebKit/537.36 (KHTML, like Gecko; compatible; GPTBot/1.3; +https://openai.com/gptbot)"
74.7.227.150 - - [05/Apr/2026:09:49:49 -0400] "GET /wp-content/plugins/pro-elements/core/integrations/exceptions/?C=S;O=D HTTP/1.0" 200 459 "https://linguareachagency.com/wp-content/plugins/pro-elements/core/integrations/exceptions/?C=S;O=A" "Mozilla/5.0 AppleWebKit/537.36 (KHTML, like Gecko; compatible; GPTBot/1.3; +https://openai.com/gptbot)"
74.7.227.150 - - [05/Apr/2026:09:49:55 -0400] "GET /wp-content/plugins/elementor/modules/announcements/classes/?C=S;O=D HTTP/1.0" 200 445 "https://linguareachagency.com/wp-content/plugins/elementor/modules/announcements/classes/?C=S;O=A" "Mozilla/5.0 AppleWebKit/537.36 (KHTML, like Gecko; compatible; GPTBot/1.3; +https://openai.com/gptbot)"
74.7.227.150 - - [05/Apr/2026:09:50:06 -0400] "GET /wp-content/plugins/elementor/modules/announcements/classes/?C=D;O=A HTTP/1.0" 429 17 "https://linguareachagency.com/wp-content/plugins/elementor/modules/announcements/classes/" "Mozilla/5.0 AppleWebKit/537.36 (KHTML, like Gecko; compatible; GPTBot/1.3; +https://openai.com/gptbot)"
74.7.227.150 - - [05/Apr/2026:09:50:15 -0400] "GET /wp-content/plugins/pro-elements/core/integrations/exceptions/?C=M;O=D HTTP/1.0" 429 17 "https://linguareachagency.com/wp-content/plugins/pro-elements/core/integrations/exceptions/?C=M;O=A" "Mozilla/5.0 AppleWebKit/537.36 (KHTML, like Gecko; compatible; GPTBot/1.3; +https://openai.com/gptbot)"
74.7.227.150 - - [05/Apr/2026:09:50:46 -0400] "GET /wp-content/plugins/elementor/modules/components/documents/?C=M;O=D HTTP/1.0" 429 17 "https://linguareachagency.com/wp-content/plugins/elementor/modules/components/documents/?C=M;O=A" "Mozilla/5.0 AppleWebKit/537.36 (KHTML, like Gecko; compatible; GPTBot/1.3; +https://openai.com/gptbot)"
161.178.3.105 - - [05/Apr/2026:09:50:47 -0400] "POST /wp-login.php HTTP/1.0" 200 6464 "-" "Mozilla/5.0"
74.7.227.150 - - [05/Apr/2026:09:51:46 -0400] "GET /wp-content/plugins/pro-elements/modules/woocommerce/documents/?C=N;O=A HTTP/1.0" 200 449 "https://linguareachagency.com/wp-content/plugins/pro-elements/modules/woocommerce/documents/?C=M;O=A" "Mozilla/5.0 AppleWebKit/537.36 (KHTML, like Gecko; compatible; GPTBot/1.3; +https://openai.com/gptbot)"
74.7.227.150 - - [05/Apr/2026:09:52:55 -0400] "GET /wp-content/plugins/elementor/modules/components/documents/?C=S;O=A HTTP/1.0" 200 407 "https://linguareachagency.com/wp-content/plugins/elementor/modules/components/documents/" "Mozilla/5.0 AppleWebKit/537.36 (KHTML, like Gecko; compatible; GPTBot/1.3; +https://openai.com/gptbot)"
74.7.227.150 - - [05/Apr/2026:09:53:52 -0400] "GET /wp-content/plugins/elementor/assets/lib/font-awesome/migration/?C=M;O=A HTTP/1.0" 200 413 "https://linguareachagency.com/wp-content/plugins/elementor/assets/lib/font-awesome/migration/" "Mozilla/5.0 AppleWebKit/537.36 (KHTML, like Gecko; compatible; GPTBot/1.3; +https://openai.com/gptbot)"
74.7.227.150 - - [05/Apr/2026:09:54:44 -0400] "GET /wp-content/plugins/elementor/modules/components/documents/?C=D;O=D HTTP/1.0" 200 405 "https://linguareachagency.com/wp-content/plugins/elementor/modules/components/documents/?C=D;O=A" "Mozilla/5.0 AppleWebKit/537.36 (KHTML, like Gecko; compatible; GPTBot/1.3; +https://openai.com/gptbot)"
74.7.227.150 - - [05/Apr/2026:09:55:26 -0400] "GET /wp-content/plugins/pro-elements/modules/woocommerce/documents/?C=D;O=D HTTP/1.0" 200 451 "https://linguareachagency.com/wp-content/plugins/pro-elements/modules/woocommerce/documents/?C=D;O=A" "Mozilla/5.0 AppleWebKit/537.36 (KHTML, like Gecko; compatible; GPTBot/1.3; +https://openai.com/gptbot)"
170.64.178.144 - - [05/Apr/2026:09:55:42 -0400] "POST /wp-login.php HTTP/1.0" 200 6464 "-" "Mozilla/5.0"
74.7.227.150 - - [05/Apr/2026:09:56:08 -0400] "GET /wp-content/plugins/elementor/assets/images/app/onboarding/?C=S;O=A HTTP/1.0" 200 562 "https://linguareachagency.com/wp-content/plugins/elementor/assets/images/app/onboarding/" "Mozilla/5.0 AppleWebKit/537.36 (KHTML, like Gecko; compatible; GPTBot/1.3; +https://openai.com/gptbot)"
161.178.132.46 - - [05/Apr/2026:09:56:16 -0400] "GET /wp-login.php HTTP/1.0" 200 1925 "-" "Mozilla/5.0"
161.178.132.46 - - [05/Apr/2026:09:56:17 -0400] "GET /?author=1 HTTP/1.0" 301 - "-" "Mozilla/5.0"
161.178.132.46 - - [05/Apr/2026:09:56:17 -0400] "GET /?rest_route=/wp/v2/users HTTP/1.0" 200 391 "-" "Mozilla/5.0"
74.7.227.150 - - [05/Apr/2026:09:56:46 -0400] "GET /wp-content/plugins/pro-elements/modules/woocommerce/documents/?C=S;O=D HTTP/1.0" 200 452 "https://linguareachagency.com/wp-content/plugins/pro-elements/modules/woocommerce/documents/?C=S;O=A" "Mozilla/5.0 AppleWebKit/537.36 (KHTML, like Gecko; compatible; GPTBot/1.3; +https://openai.com/gptbot)"
74.7.227.150 - - [05/Apr/2026:09:57:18 -0400] "GET /wp-content/plugins/elementor/assets/images/app/onboarding/?C=N;O=D HTTP/1.0" 200 559 "https://linguareachagency.com/wp-content/plugins/elementor/assets/images/app/onboarding/" "Mozilla/5.0 AppleWebKit/537.36 (KHTML, like Gecko; compatible; GPTBot/1.3; +https://openai.com/gptbot)"
18.205.231.47 - - [05/Apr/2026:09:57:44 -0400] "GET /wp-login.php HTTP/1.0" 200 1925 "-" "Mozilla/4.0 (compatible; MSIE 7.0; Windows NT 6.2; WOW64; Trident/7.0; .NET4.0C; .NET4.0E; .NET CLR 2.0.50727; .NET CLR 3.0.30729; .NET CLR 3.5.30729; InfoPath.2; Creative AutoUpdate v1.41.07)"
74.7.227.150 - - [05/Apr/2026:09:57:52 -0400] "GET /wp-content/plugins/elementor/assets/js/packages/locations/?C=S;O=A HTTP/1.0" 200 493 "https://linguareachagency.com/wp-content/plugins/elementor/assets/js/packages/locations/" "Mozilla/5.0 AppleWebKit/537.36 (KHTML, like Gecko; compatible; GPTBot/1.3; +https://openai.com/gptbot)"
18.205.231.47 - - [05/Apr/2026:09:57:54 -0400] "POST /wp-login.php HTTP/1.0" 200 2060 "https://linguareachagency.com/wp-login.php" "Mozilla/4.0 (compatible; MSIE 7.0; Windows NT 6.2; WOW64; Trident/7.0; .NET4.0C; .NET4.0E; .NET CLR 2.0.50727; .NET CLR 3.0.30729; .NET CLR 3.5.30729; InfoPath.2; Creative AutoUpdate v1.41.07)"
74.7.227.150 - - [05/Apr/2026:09:58:28 -0400] "GET /wp-content/plugins/elementor/assets/images/app/onboarding/?C=D;O=A HTTP/1.0" 200 561 "https://linguareachagency.com/wp-content/plugins/elementor/assets/images/app/onboarding/" "Mozilla/5.0 AppleWebKit/537.36 (KHTML, like Gecko; compatible; GPTBot/1.3; +https://openai.com/gptbot)"
74.7.227.150 - - [05/Apr/2026:09:58:41 -0400] "GET /wp-content/plugins/elementor/assets/lib/font-awesome/migration/?C=D;O=A HTTP/1.0" 200 413 "https://linguareachagency.com/wp-content/plugins/elementor/assets/lib/font-awesome/migration/" "Mozilla/5.0 AppleWebKit/537.36 (KHTML, like Gecko; compatible; GPTBot/1.3; +https://openai.com/gptbot)"
74.7.227.150 - - [05/Apr/2026:09:59:09 -0400] "GET /wp-content/plugins/elementor/assets/lib/font-awesome/migration/?C=N;O=D HTTP/1.0" 200 410 "https://linguareachagency.com/wp-content/plugins/elementor/assets/lib/font-awesome/migration/" "Mozilla/5.0 AppleWebKit/537.36 (KHTML, like Gecko; compatible; GPTBot/1.3; +https://openai.com/gptbot)"
74.7.227.150 - - [05/Apr/2026:09:59:37 -0400] "GET /wp-content/plugins/elementor/modules/components/documents/?C=S;O=D HTTP/1.0" 200 405 "https://linguareachagency.com/wp-content/plugins/elementor/modules/components/documents/?C=S;O=A" "Mozilla/5.0 AppleWebKit/537.36 (KHTML, like Gecko; compatible; GPTBot/1.3; +https://openai.com/gptbot)"
74.7.227.150 - - [05/Apr/2026:09:59:41 -0400] "GET /wp-content/plugins/elementor/assets/lib/font-awesome/migration/?C=S;O=D HTTP/1.0" 200 410 "https://linguareachagency.com/wp-content/plugins/elementor/assets/lib/font-awesome/migration/?C=S;O=A" "Mozilla/5.0 AppleWebKit/537.36 (KHTML, like Gecko; compatible; GPTBot/1.3; +https://openai.com/gptbot)"
167.99.125.188 - - [05/Apr/2026:09:59:43 -0400] "POST /wp-login.php HTTP/1.0" 200 6464 "-" "Mozilla/5.0"
74.7.227.150 - - [05/Apr/2026:10:00:05 -0400] "GET /wp-content/plugins/elementor/assets/js/packages/locations/?C=D;O=A HTTP/1.0" 200 493 "https://linguareachagency.com/wp-content/plugins/elementor/assets/js/packages/locations/" "Mozilla/5.0 AppleWebKit/537.36 (KHTML, like Gecko; compatible; GPTBot/1.3; +https://openai.com/gptbot)"
74.7.227.150 - - [05/Apr/2026:10:00:11 -0400] "GET /wp-content/plugins/elementor/assets/js/packages/locations/?C=N;O=D HTTP/1.0" 200 493 "https://linguareachagency.com/wp-content/plugins/elementor/assets/js/packages/locations/" "Mozilla/5.0 AppleWebKit/537.36 (KHTML, like Gecko; compatible; GPTBot/1.3; +https://openai.com/gptbot)"
74.7.227.150 - - [05/Apr/2026:10:00:26 -0400] "GET /wp-content/plugins/elementor/assets/images/app/onboarding/Illustration_Hello.svg HTTP/1.0" 200 6558 "https://linguareachagency.com/wp-content/plugins/elementor/assets/images/app/onboarding/?C=S;O=A" "Mozilla/5.0 AppleWebKit/537.36 (KHTML, like Gecko; compatible; GPTBot/1.3; +https://openai.com/gptbot)"
74.7.227.150 - - [05/Apr/2026:10:00:36 -0400] "GET /wp-content/plugins/elementor/assets/images/app/onboarding/Illustration_Setup.svg HTTP/1.0" 200 7566 "https://linguareachagency.com/wp-content/plugins/elementor/assets/images/app/onboarding/?C=S;O=A" "Mozilla/5.0 AppleWebKit/537.36 (KHTML, like Gecko; compatible; GPTBot/1.3; +https://openai.com/gptbot)"
74.7.227.150 - - [05/Apr/2026:10:00:51 -0400] "GET /wp-content/plugins/elementor/assets/images/app/onboarding/Illustration_Account.svg HTTP/1.0" 200 6798 "https://linguareachagency.com/wp-content/plugins/elementor/assets/images/app/onboarding/?C=S;O=A" "Mozilla/5.0 AppleWebKit/537.36 (KHTML, like Gecko; compatible; GPTBot/1.3; +https://openai.com/gptbot)"
74.7.227.150 - - [05/Apr/2026:10:00:56 -0400] "GET /wp-content/plugins/elementor/assets/js/packages/locations/locations.js.LICENSE.txt HTTP/1.0" 429 17 "https://linguareachagency.com/wp-content/plugins/elementor/assets/js/packages/locations/?C=S;O=A" "Mozilla/5.0 AppleWebKit/537.36 (KHTML, like Gecko; compatible; GPTBot/1.3; +https://openai.com/gptbot)"
74.7.227.150 - - [05/Apr/2026:10:01:16 -0400] "GET /wp-content/plugins/elementor/assets/images/app/onboarding/?C=S;O=D HTTP/1.0" 429 17 "https://linguareachagency.com/wp-content/plugins/elementor/assets/images/app/onboarding/?C=S;O=A" "Mozilla/5.0 AppleWebKit/537.36 (KHTML, like Gecko; compatible; GPTBot/1.3; +https://openai.com/gptbot)"
74.7.227.150 - - [05/Apr/2026:10:01:34 -0400] "GET /wp-content/plugins/elementor/assets/images/app/onboarding/?C=D;O=D HTTP/1.0" 429 17 "https://linguareachagency.com/wp-content/plugins/elementor/assets/images/app/onboarding/?C=D;O=A" "Mozilla/5.0 AppleWebKit/537.36 (KHTML, like Gecko; compatible; GPTBot/1.3; +https://openai.com/gptbot)"
74.7.227.150 - - [05/Apr/2026:10:02:42 -0400] "GET /wp-content/plugins/elementor/assets/lib/font-awesome/migration/?C=D;O=D HTTP/1.0" 200 410 "https://linguareachagency.com/wp-content/plugins/elementor/assets/lib/font-awesome/migration/?C=D;O=A" "Mozilla/5.0 AppleWebKit/537.36 (KHTML, like Gecko; compatible; GPTBot/1.3; +https://openai.com/gptbot)"
78.46.191.135 - - [05/Apr/2026:10:03:37 -0400] "POST /xmlrpc.php HTTP/1.0" 406 300 "-" "Mozilla/5.0 (Windows NT 10.0) AppleWebKit/537.36 (KHTML, like Gecko) Chrome/137.0.0.0 Safari/537.36"
74.7.227.150 - - [05/Apr/2026:10:03:39 -0400] "GET /wp-content/plugins/elementor/assets/images/app/onboarding/?C=N;O=A HTTP/1.0" 200 561 "https://linguareachagency.com/wp-content/plugins/elementor/assets/images/app/onboarding/?C=S;O=A" "Mozilla/5.0 AppleWebKit/537.36 (KHTML, like Gecko; compatible; GPTBot/1.3; +https://openai.com/gptbot)"
161.178.3.105 - - [05/Apr/2026:10:03:45 -0400] "POST /wp-login.php HTTP/1.0" 200 6464 "-" "Mozilla/5.0"
74.7.227.150 - - [05/Apr/2026:10:04:39 -0400] "GET /wp-content/plugins/elementor/assets/images/app/onboarding/?C=M;O=A HTTP/1.0" 200 561 "https://linguareachagency.com/wp-content/plugins/elementor/assets/images/app/onboarding/" "Mozilla/5.0 AppleWebKit/537.36 (KHTML, like Gecko; compatible; GPTBot/1.3; +https://openai.com/gptbot)"
74.7.227.150 - - [05/Apr/2026:10:05:30 -0400] "GET /wp-content/plugins/elementor/assets/js/packages/locations/?C=N;O=A HTTP/1.0" 200 493 "https://linguareachagency.com/wp-content/plugins/elementor/assets/js/packages/locations/?C=S;O=A" "Mozilla/5.0 AppleWebKit/537.36 (KHTML, like Gecko; compatible; GPTBot/1.3; +https://openai.com/gptbot)"
74.7.227.150 - - [05/Apr/2026:10:06:16 -0400] "GET /wp-content/plugins/elementor/assets/js/packages/locations/?C=D;O=D HTTP/1.0" 200 493 "https://linguareachagency.com/wp-content/plugins/elementor/assets/js/packages/locations/?C=D;O=A" "Mozilla/5.0 AppleWebKit/537.36 (KHTML, like Gecko; compatible; GPTBot/1.3; +https://openai.com/gptbot)"
170.64.178.144 - - [05/Apr/2026:10:06:34 -0400] "POST /wp-login.php HTTP/1.0" 200 6464 "-" "Mozilla/5.0"
74.7.227.150 - - [05/Apr/2026:10:06:58 -0400] "GET /wp-content/plugins/elementor/assets/lib/font-awesome/migration/?C=M;O=D HTTP/1.0" 200 410 "https://linguareachagency.com/wp-content/plugins/elementor/assets/lib/font-awesome/migration/?C=M;O=A" "Mozilla/5.0 AppleWebKit/537.36 (KHTML, like Gecko; compatible; GPTBot/1.3; +https://openai.com/gptbot)"
74.7.227.150 - - [05/Apr/2026:10:07:38 -0400] "GET /wp-content/plugins/elementor/assets/js/packages/locations/?C=M;O=A HTTP/1.0" 200 493 "https://linguareachagency.com/wp-content/plugins/elementor/assets/js/packages/locations/" "Mozilla/5.0 AppleWebKit/537.36 (KHTML, like Gecko; compatible; GPTBot/1.3; +https://openai.com/gptbot)"
74.7.227.150 - - [05/Apr/2026:10:08:18 -0400] "GET /wp-content/plugins/elementor/assets/lib/font-awesome/migration/?C=N;O=A HTTP/1.0" 200 413 "https://linguareachagency.com/wp-content/plugins/elementor/assets/lib/font-awesome/migration/?C=S;O=A" "Mozilla/5.0 AppleWebKit/537.36 (KHTML, like Gecko; compatible; GPTBot/1.3; +https://openai.com/gptbot)"
74.7.227.150 - - [05/Apr/2026:10:08:46 -0400] "GET /wp-content/plugins/elementor/assets/js/packages/locations/?C=S;O=D HTTP/1.0" 200 494 "https://linguareachagency.com/wp-content/plugins/elementor/assets/js/packages/locations/?C=S;O=A" "Mozilla/5.0 AppleWebKit/537.36 (KHTML, like Gecko; compatible; GPTBot/1.3; +https://openai.com/gptbot)"
74.7.227.150 - - [05/Apr/2026:10:09:05 -0400] "GET /wp-content/plugins/pro-elements/core/data/interfaces/?C=D;O=A HTTP/1.0" 200 406 "https://linguareachagency.com/wp-content/plugins/pro-elements/core/data/interfaces/" "Mozilla/5.0 AppleWebKit/537.36 (KHTML, like Gecko; compatible; GPTBot/1.3; +https://openai.com/gptbot)"
74.7.227.150 - - [05/Apr/2026:10:09:29 -0400] "GET /wp-content/plugins/pro-elements/core/data/interfaces/?C=N;O=D HTTP/1.0" 200 405 "https://linguareachagency.com/wp-content/plugins/pro-elements/core/data/interfaces/" "Mozilla/5.0 AppleWebKit/537.36 (KHTML, like Gecko; compatible; GPTBot/1.3; +https://openai.com/gptbot)"
74.7.227.150 - - [05/Apr/2026:10:09:55 -0400] "GET /wp-content/plugins/elementor/assets/lib/color-thief/?C=M;O=A HTTP/1.0" 200 409 "https://linguareachagency.com/wp-content/plugins/elementor/assets/lib/color-thief/" "Mozilla/5.0 AppleWebKit/537.36 (KHTML, like Gecko; compatible; GPTBot/1.3; +https://openai.com/gptbot)"
74.7.227.150 - - [05/Apr/2026:10:10:11 -0400] "GET /wp-content/plugins/pro-elements/modules/forms/fields/?C=N;O=D HTTP/1.0" 200 514 "https://linguareachagency.com/wp-content/plugins/pro-elements/modules/forms/fields/" "Mozilla/5.0 AppleWebKit/537.36 (KHTML, like Gecko; compatible; GPTBot/1.3; +https://openai.com/gptbot)"
74.7.227.150 - - [05/Apr/2026:10:10:29 -0400] "GET /wp-content/plugins/elementor/assets/lib/color-thief/?C=S;O=A HTTP/1.0" 200 409 "https://linguareachagency.com/wp-content/plugins/elementor/assets/lib/color-thief/" "Mozilla/5.0 AppleWebKit/537.36 (KHTML, like Gecko; compatible; GPTBot/1.3; +https://openai.com/gptbot)"
74.7.227.150 - - [05/Apr/2026:10:10:48 -0400] "GET /wp-content/plugins/elementor/assets/js/packages/locations/locations.js.LICENSE.txt HTTP/1.0" 200 260 "https://linguareachagency.com/wp-content/plugins/elementor/assets/js/packages/locations/?C=N;O=A" "Mozilla/5.0 AppleWebKit/537.36 (KHTML, like Gecko; compatible; GPTBot/1.3; +https://openai.com/gptbot)"
195.26.250.114 - - [05/Apr/2026:10:10:56 -0400] "GET /wp-login.php HTTP/1.0" 200 1925 "-" "Mozilla/5.0 (Windows NT 10.0; Win64; x64) AppleWebKit/537.36 (KHTML, like Gecko) Chrome/66.0.3359.170 Safari/537.36 OPR/53.0.2907.99"
74.7.227.150 - - [05/Apr/2026:10:10:59 -0400] "GET /wp-content/plugins/elementor/assets/images/app/onboarding/?C=M;O=D HTTP/1.0" 200 559 "https://linguareachagency.com/wp-content/plugins/elementor/assets/images/app/onboarding/?C=M;O=A" "Mozilla/5.0 AppleWebKit/537.36 (KHTML, like Gecko; compatible; GPTBot/1.3; +https://openai.com/gptbot)"
195.26.250.114 - - [05/Apr/2026:10:11:04 -0400] "POST /wp-login.php HTTP/1.0" 200 2060 "https://linguareachagency.com/wp-login.php" "Mozilla/5.0 (Windows NT 10.0; Win64; x64) AppleWebKit/537.36 (KHTML, like Gecko) Chrome/66.0.3359.170 Safari/537.36 OPR/53.0.2907.99"
167.99.125.188 - - [05/Apr/2026:10:11:08 -0400] "POST /wp-login.php HTTP/1.0" 200 6464 "-" "Mozilla/5.0"
74.7.227.150 - - [05/Apr/2026:10:11:14 -0400] "GET /wp-content/plugins/pro-elements/modules/forms/fields/?C=M;O=A HTTP/1.0" 200 516 "https://linguareachagency.com/wp-content/plugins/pro-elements/modules/forms/fields/" "Mozilla/5.0 AppleWebKit/537.36 (KHTML, like Gecko; compatible; GPTBot/1.3; +https://openai.com/gptbot)"
74.7.227.150 - - [05/Apr/2026:10:11:26 -0400] "GET /wp-content/plugins/elementor/assets/js/packages/locations/?C=M;O=D HTTP/1.0" 200 493 "https://linguareachagency.com/wp-content/plugins/elementor/assets/js/packages/locations/?C=M;O=A" "Mozilla/5.0 AppleWebKit/537.36 (KHTML, like Gecko; compatible; GPTBot/1.3; +https://openai.com/gptbot)"
74.7.227.150 - - [05/Apr/2026:10:11:38 -0400] "GET /wp-content/plugins/elementor/assets/lib/color-thief/?C=D;O=A HTTP/1.0" 429 17 "https://linguareachagency.com/wp-content/plugins/elementor/assets/lib/color-thief/" "Mozilla/5.0 AppleWebKit/537.36 (KHTML, like Gecko; compatible; GPTBot/1.3; +https://openai.com/gptbot)"
74.7.227.150 - - [05/Apr/2026:10:11:44 -0400] "GET /wp-content/plugins/pro-elements/core/data/interfaces/?C=M;O=A HTTP/1.0" 429 17 "https://linguareachagency.com/wp-content/plugins/pro-elements/core/data/interfaces/" "Mozilla/5.0 AppleWebKit/537.36 (KHTML, like Gecko; compatible; GPTBot/1.3; +https://openai.com/gptbot)"
74.7.227.150 - - [05/Apr/2026:10:12:15 -0400] "GET /wp-content/plugins/elementor/assets/lib/color-thief/?C=N;O=D HTTP/1.0" 429 17 "https://linguareachagency.com/wp-content/plugins/elementor/assets/lib/color-thief/" "Mozilla/5.0 AppleWebKit/537.36 (KHTML, like Gecko; compatible; GPTBot/1.3; +https://openai.com/gptbot)"
74.7.227.150 - - [05/Apr/2026:10:13:15 -0400] "GET /wp-content/plugins/pro-elements/core/data/interfaces/?C=D;O=D HTTP/1.0" 200 405 "https://linguareachagency.com/wp-content/plugins/pro-elements/core/data/interfaces/?C=D;O=A" "Mozilla/5.0 AppleWebKit/537.36 (KHTML, like Gecko; compatible; GPTBot/1.3; +https://openai.com/gptbot)"
74.7.227.150 - - [05/Apr/2026:10:14:25 -0400] "GET /wp-content/plugins/elementor/assets/lib/color-thief/?C=N;O=A HTTP/1.0" 200 409 "https://linguareachagency.com/wp-content/plugins/elementor/assets/lib/color-thief/?C=M;O=A" "Mozilla/5.0 AppleWebKit/537.36 (KHTML, like Gecko; compatible; GPTBot/1.3; +https://openai.com/gptbot)"
74.7.227.150 - - [05/Apr/2026:10:15:18 -0400] "GET /wp-content/plugins/pro-elements/modules/forms/fields/field-base.php HTTP/1.0" 200 - "https://linguareachagency.com/wp-content/plugins/pro-elements/modules/forms/fields/?C=N;O=D" "Mozilla/5.0 AppleWebKit/537.36 (KHTML, like Gecko; compatible; GPTBot/1.3; +https://openai.com/gptbot)"
74.7.227.150 - - [05/Apr/2026:10:16:09 -0400] "GET /wp-content/plugins/elementor/assets/lib/color-thief/?C=S;O=D HTTP/1.0" 200 407 "https://linguareachagency.com/wp-content/plugins/elementor/assets/lib/color-thief/?C=S;O=A" "Mozilla/5.0 AppleWebKit/537.36 (KHTML, like Gecko; compatible; GPTBot/1.3; +https://openai.com/gptbot)"
161.178.3.105 - - [05/Apr/2026:10:16:47 -0400] "POST /wp-login.php HTTP/1.0" 200 6464 "-" "Mozilla/5.0"
74.7.227.150 - - [05/Apr/2026:10:16:52 -0400] "GET /wp-content/plugins/pro-elements/modules/forms/fields/?C=N;O=A HTTP/1.0" 200 516 "https://linguareachagency.com/wp-content/plugins/pro-elements/modules/forms/fields/?C=N;O=D" "Mozilla/5.0 AppleWebKit/537.36 (KHTML, like Gecko; compatible; GPTBot/1.3; +https://openai.com/gptbot)"
170.64.178.144 - - [05/Apr/2026:10:17:15 -0400] "POST /wp-login.php HTTP/1.0" 200 6464 "-" "Mozilla/5.0"
74.7.227.150 - - [05/Apr/2026:10:17:36 -0400] "GET /wp-content/plugins/pro-elements/modules/forms/fields/?C=S;O=A HTTP/1.0" 200 516 "https://linguareachagency.com/wp-content/plugins/pro-elements/modules/forms/fields/" "Mozilla/5.0 AppleWebKit/537.36 (KHTML, like Gecko; compatible; GPTBot/1.3; +https://openai.com/gptbot)"
74.7.228.32 - - [05/Apr/2026:10:17:43 -0400] "GET /robots.txt HTTP/1.0" 200 26 "-" "Mozilla/5.0 (Macintosh; Intel Mac OS X 10_15_7) AppleWebKit/537.36 (KHTML, like Gecko) Chrome/131.0.0.0 Safari/537.36; compatible; OAI-SearchBot/1.3; robots.txt; +https://openai.com/searchbot"
74.7.227.150 - - [05/Apr/2026:10:18:17 -0400] "GET /wp-content/plugins/pro-elements/core/data/interfaces/?C=N;O=A HTTP/1.0" 200 406 "https://linguareachagency.com/wp-content/plugins/pro-elements/core/data/interfaces/?C=D;O=A" "Mozilla/5.0 AppleWebKit/537.36 (KHTML, like Gecko; compatible; GPTBot/1.3; +https://openai.com/gptbot)"
74.7.227.150 - - [05/Apr/2026:10:18:45 -0400] "GET /wp-content/plugins/pro-elements/core/data/interfaces/?C=S;O=A HTTP/1.0" 200 407 "https://linguareachagency.com/wp-content/plugins/pro-elements/core/data/interfaces/" "Mozilla/5.0 AppleWebKit/537.36 (KHTML, like Gecko; compatible; GPTBot/1.3; +https://openai.com/gptbot)"
74.7.227.150 - - [05/Apr/2026:10:19:24 -0400] "GET /wp-content/plugins/pro-elements/modules/forms/fields/?C=M;O=D HTTP/1.0" 200 514 "https://linguareachagency.com/wp-content/plugins/pro-elements/modules/forms/fields/?C=M;O=A" "Mozilla/5.0 AppleWebKit/537.36 (KHTML, like Gecko; compatible; GPTBot/1.3; +https://openai.com/gptbot)"
74.7.227.150 - - [05/Apr/2026:10:19:46 -0400] "GET /wp-content/plugins/elementor/assets/lib/color-thief/?C=M;O=D HTTP/1.0" 200 407 "https://linguareachagency.com/wp-content/plugins/elementor/assets/lib/color-thief/?C=M;O=A" "Mozilla/5.0 AppleWebKit/537.36 (KHTML, like Gecko; compatible; GPTBot/1.3; +https://openai.com/gptbot)"
74.7.227.150 - - [05/Apr/2026:10:20:13 -0400] "GET /wp-content/plugins/elementor/modules/link-in-bio/base/?C=D;O=D HTTP/1.0" 200 421 "https://linguareachagency.com/wp-content/plugins/elementor/modules/link-in-bio/base/?C=D;O=A" "Mozilla/5.0 AppleWebKit/537.36 (KHTML, like Gecko; compatible; GPTBot/1.3; +https://openai.com/gptbot)"
74.7.227.150 - - [05/Apr/2026:10:20:34 -0400] "GET /wp-content/plugins/pro-elements/core/data/interfaces/?C=M;O=A HTTP/1.0" 200 407 "https://linguareachagency.com/wp-content/plugins/pro-elements/core/data/interfaces/?C=D;O=D" "Mozilla/5.0 AppleWebKit/537.36 (KHTML, like Gecko; compatible; GPTBot/1.3; +https://openai.com/gptbot)"
74.7.227.150 - - [05/Apr/2026:10:20:54 -0400] "GET /wp-content/plugins/elementor/assets/lib/color-thief/?C=D;O=A HTTP/1.0" 200 409 "https://linguareachagency.com/wp-content/plugins/elementor/assets/lib/color-thief/?C=N;O=A" "Mozilla/5.0 AppleWebKit/537.36 (KHTML, like Gecko; compatible; GPTBot/1.3; +https://openai.com/gptbot)"
74.7.227.150 - - [05/Apr/2026:10:21:10 -0400] "GET /wp-content/plugins/elementor/assets/lib/color-thief/?C=N;O=D HTTP/1.0" 200 407 "https://linguareachagency.com/wp-content/plugins/elementor/assets/lib/color-thief/?C=N;O=A" "Mozilla/5.0 AppleWebKit/537.36 (KHTML, like Gecko; compatible; GPTBot/1.3; +https://openai.com/gptbot)"
74.7.227.150 - - [05/Apr/2026:10:21:30 -0400] "GET /wp-content/plugins/pro-elements/modules/forms/fields/?C=D;O=A HTTP/1.0" 200 516 "https://linguareachagency.com/wp-content/plugins/pro-elements/modules/forms/fields/" "Mozilla/5.0 AppleWebKit/537.36 (KHTML, like Gecko; compatible; GPTBot/1.3; +https://openai.com/gptbot)"
74.7.227.150 - - [05/Apr/2026:10:21:39 -0400] "GET /wp-content/plugins/elementor/modules/element-cache/?C=M;O=A HTTP/1.0" 200 399 "https://linguareachagency.com/wp-content/plugins/elementor/modules/element-cache/" "Mozilla/5.0 AppleWebKit/537.36 (KHTML, like Gecko; compatible; GPTBot/1.3; +https://openai.com/gptbot)"
74.7.227.150 - - [05/Apr/2026:10:21:53 -0400] "GET /wp-content/plugins/elementor/modules/element-cache/?C=N;O=D HTTP/1.0" 200 397 "https://linguareachagency.com/wp-content/plugins/elementor/modules/element-cache/" "Mozilla/5.0 AppleWebKit/537.36 (KHTML, like Gecko; compatible; GPTBot/1.3; +https://openai.com/gptbot)"
74.7.227.150 - - [05/Apr/2026:10:22:04 -0400] "GET /wp-content/plugins/pro-elements/modules/forms/fields/?C=S;O=D HTTP/1.0" 200 516 "https://linguareachagency.com/wp-content/plugins/pro-elements/modules/forms/fields/?C=S;O=A" "Mozilla/5.0 AppleWebKit/537.36 (KHTML, like Gecko; compatible; GPTBot/1.3; +https://openai.com/gptbot)"
74.7.227.150 - - [05/Apr/2026:10:22:15 -0400] "GET /wp-content/plugins/pro-elements/core/data/interfaces/?C=S;O=D HTTP/1.0" 200 405 "https://linguareachagency.com/wp-content/plugins/pro-elements/core/data/interfaces/?C=S;O=A" "Mozilla/5.0 AppleWebKit/537.36 (KHTML, like Gecko; compatible; GPTBot/1.3; +https://openai.com/gptbot)"
144.208.76.23 - - [05/Apr/2026:10:22:17 -0400] "POST /wp-cron.php?doing_wp_cron=1775398937.3043498992919921875000 HTTP/1.0" 200 - "-" "WordPress/6.9.4; https://linguareachagency.com"
15.253.24.82 - - [05/Apr/2026:10:22:16 -0400] "POST /wp-login.php HTTP/1.0" 200 6464 "-" "Mozilla/5.0"
74.7.227.150 - - [05/Apr/2026:10:22:23 -0400] "GET /wp-content/plugins/elementor/modules/element-cache/?C=D;O=A HTTP/1.0" 429 17 "https://linguareachagency.com/wp-content/plugins/elementor/modules/element-cache/" "Mozilla/5.0 AppleWebKit/537.36 (KHTML, like Gecko; compatible; GPTBot/1.3; +https://openai.com/gptbot)"
74.7.227.150 - - [05/Apr/2026:10:22:33 -0400] "GET /wp-content/plugins/elementor/modules/element-cache/?C=S;O=A HTTP/1.0" 429 17 "https://linguareachagency.com/wp-content/plugins/elementor/modules/element-cache/" "Mozilla/5.0 AppleWebKit/537.36 (KHTML, like Gecko; compatible; GPTBot/1.3; +https://openai.com/gptbot)"
167.99.125.188 - - [05/Apr/2026:10:22:33 -0400] "POST /wp-login.php HTTP/1.0" 200 6464 "-" "Mozilla/5.0"
74.7.227.150 - - [05/Apr/2026:10:22:58 -0400] "GET /wp-content/plugins/pro-elements/core/app/modules/import-export/runners/revert/?C=M;O=D HTTP/1.0" 429 17 "https://linguareachagency.com/wp-content/plugins/pro-elements/core/app/modules/import-export/runners/revert/?C=M;O=A" "Mozilla/5.0 AppleWebKit/537.36 (KHTML, like Gecko; compatible; GPTBot/1.3; +https://openai.com/gptbot)"
74.7.227.150 - - [05/Apr/2026:10:24:08 -0400] "GET /wp-content/plugins/pro-elements/core/app/modules/import-export/runners/revert/?C=S;O=A HTTP/1.0" 429 17 "https://linguareachagency.com/wp-content/plugins/pro-elements/core/app/modules/import-export/runners/revert/" "Mozilla/5.0 AppleWebKit/537.36 (KHTML, like Gecko; compatible; GPTBot/1.3; +https://openai.com/gptbot)"
74.7.227.150 - - [05/Apr/2026:10:25:06 -0400] "GET /wp-content/plugins/pro-elements/core/data/interfaces/?C=M;O=D HTTP/1.0" 200 405 "https://linguareachagency.com/wp-content/plugins/pro-elements/core/data/interfaces/?C=M;O=A" "Mozilla/5.0 AppleWebKit/537.36 (KHTML, like Gecko; compatible; GPTBot/1.3; +https://openai.com/gptbot)"
74.7.227.150 - - [05/Apr/2026:10:26:09 -0400] "GET /wp-content/plugins/elementor/assets/lib/color-thief/?C=D;O=D HTTP/1.0" 200 407 "https://linguareachagency.com/wp-content/plugins/elementor/assets/lib/color-thief/?C=D;O=A" "Mozilla/5.0 AppleWebKit/537.36 (KHTML, like Gecko; compatible; GPTBot/1.3; +https://openai.com/gptbot)"
74.7.227.150 - - [05/Apr/2026:10:27:08 -0400] "GET /wp-content/plugins/pro-elements/core/app/modules/import-export/runners/revert/?C=N;O=D HTTP/1.0" 200 428 "https://linguareachagency.com/wp-content/plugins/pro-elements/core/app/modules/import-export/runners/revert/" "Mozilla/5.0 AppleWebKit/537.36 (KHTML, like Gecko; compatible; GPTBot/1.3; +https://openai.com/gptbot)"
170.64.178.144 - - [05/Apr/2026:10:27:35 -0400] "POST /wp-login.php HTTP/1.0" 200 6464 "-" "Mozilla/5.0"
74.7.227.150 - - [05/Apr/2026:10:27:55 -0400] "GET /wp-content/plugins/pro-elements/core/app/modules/import-export/runners/revert/?C=D;O=A HTTP/1.0" 200 430 "https://linguareachagency.com/wp-content/plugins/pro-elements/core/app/modules/import-export/runners/revert/" "Mozilla/5.0 AppleWebKit/537.36 (KHTML, like Gecko; compatible; GPTBot/1.3; +https://openai.com/gptbot)"
74.7.227.150 - - [05/Apr/2026:10:28:41 -0400] "GET /wp-content/plugins/elementor/modules/element-cache/?C=N;O=A HTTP/1.0" 200 399 "https://linguareachagency.com/wp-content/plugins/elementor/modules/element-cache/?C=M;O=A" "Mozilla/5.0 AppleWebKit/537.36 (KHTML, like Gecko; compatible; GPTBot/1.3; +https://openai.com/gptbot)"
152.53.88.59 - - [05/Apr/2026:10:28:55 -0400] "POST /xmlrpc.php HTTP/1.0" 200 206 "-" "Mozilla/5.0 (Windows NT 10.0; WOW64) AppleWebKit/537.36 (KHTML, like Gecko) Chrome/141.0.0.0 Safari/537.36 Edg/141.0.0.0"
74.7.227.150 - - [05/Apr/2026:10:29:24 -0400] "GET /wp-content/plugins/elementor/modules/element-cache/?C=M;O=D HTTP/1.0" 200 397 "https://linguareachagency.com/wp-content/plugins/elementor/modules/element-cache/?C=M;O=A" "Mozilla/5.0 AppleWebKit/537.36 (KHTML, like Gecko; compatible; GPTBot/1.3; +https://openai.com/gptbot)"
161.178.3.105 - - [05/Apr/2026:10:29:47 -0400] "POST /wp-login.php HTTP/1.0" 200 6464 "-" "Mozilla/5.0"
74.7.227.150 - - [05/Apr/2026:10:30:05 -0400] "GET /wp-content/plugins/pro-elements/modules/forms/fields/?C=D;O=D HTTP/1.0" 200 514 "https://linguareachagency.com/wp-content/plugins/pro-elements/modules/forms/fields/?C=D;O=A" "Mozilla/5.0 AppleWebKit/537.36 (KHTML, like Gecko; compatible; GPTBot/1.3; +https://openai.com/gptbot)"
74.7.227.150 - - [05/Apr/2026:10:30:37 -0400] "GET /wp-content/plugins/pro-elements/core/app/modules/import-export/runners/revert/?C=N;O=A HTTP/1.0" 200 430 "https://linguareachagency.com/wp-content/plugins/pro-elements/core/app/modules/import-export/runners/revert/?C=M;O=A" "Mozilla/5.0 AppleWebKit/537.36 (KHTML, like Gecko; compatible; GPTBot/1.3; +https://openai.com/gptbot)"
74.7.227.150 - - [05/Apr/2026:10:31:14 -0400] "GET /wp-content/plugins/elementor/assets/lib/animations/styles/lightSpeedIn.min.css HTTP/1.0" 200 170 "https://linguareachagency.com/wp-content/plugins/elementor/assets/lib/animations/styles/" "Mozilla/5.0 AppleWebKit/537.36 (KHTML, like Gecko; compatible; GPTBot/1.3; +https://openai.com/gptbot)"
74.7.227.150 - - [05/Apr/2026:10:31:33 -0400] "GET /wp-content/plugins/pro-elements/modules/forms/submissions/data/?C=M;O=A HTTP/1.0" 200 466 "https://linguareachagency.com/wp-content/plugins/pro-elements/modules/forms/submissions/data/" "Mozilla/5.0 AppleWebKit/537.36 (KHTML, like Gecko; compatible; GPTBot/1.3; +https://openai.com/gptbot)"
