74.7.227.150 - - [05/Apr/2026:10:32:07 -0400] "GET /wp-content/plugins/pro-elements/modules/forms/submissions/data/?C=N;O=D HTTP/1.0" 200 463 "https://linguareachagency.com/wp-content/plugins/pro-elements/modules/forms/submissions/data/" "Mozilla/5.0 AppleWebKit/537.36 (KHTML, like Gecko; compatible; GPTBot/1.3; +https://openai.com/gptbot)"
74.7.227.150 - - [05/Apr/2026:10:32:16 -0400] "GET /wp-content/plugins/pro-elements/modules/forms/submissions/data/?C=S;O=A HTTP/1.0" 200 465 "https://linguareachagency.com/wp-content/plugins/pro-elements/modules/forms/submissions/data/" "Mozilla/5.0 AppleWebKit/537.36 (KHTML, like Gecko; compatible; GPTBot/1.3; +https://openai.com/gptbot)"
74.7.227.150 - - [05/Apr/2026:10:32:39 -0400] "GET /wp-content/plugins/pro-elements/modules/forms/submissions/data/?C=D;O=A HTTP/1.0" 200 466 "https://linguareachagency.com/wp-content/plugins/pro-elements/modules/forms/submissions/data/" "Mozilla/5.0 AppleWebKit/537.36 (KHTML, like Gecko; compatible; GPTBot/1.3; +https://openai.com/gptbot)"
74.7.227.150 - - [05/Apr/2026:10:32:58 -0400] "GET /wp-content/plugins/pro-elements/core/app/modules/import-export/runners/revert/templates.php HTTP/1.0" 500 - "https://linguareachagency.com/wp-content/plugins/pro-elements/core/app/modules/import-export/runners/revert/?C=N;O=D" "Mozilla/5.0 AppleWebKit/537.36 (KHTML, like Gecko; compatible; GPTBot/1.3; +https://openai.com/gptbot)"
74.7.227.150 - - [05/Apr/2026:10:33:10 -0400] "GET /wp-content/plugins/pro-elements/core/app/modules/import-export/runners/revert/?C=D;O=D HTTP/1.0" 200 428 "https://linguareachagency.com/wp-content/plugins/pro-elements/core/app/modules/import-export/runners/revert/?C=D;O=A" "Mozilla/5.0 AppleWebKit/537.36 (KHTML, like Gecko; compatible; GPTBot/1.3; +https://openai.com/gptbot)"
167.99.125.188 - - [05/Apr/2026:10:33:55 -0400] "POST /wp-login.php HTTP/1.0" 200 6464 "-" "Mozilla/5.0"
74.7.227.150 - - [05/Apr/2026:10:34:03 -0400] "GET /wp-content/plugins/elementor/modules/element-cache/?C=S;O=A HTTP/1.0" 200 399 "https://linguareachagency.com/wp-content/plugins/elementor/modules/element-cache/?C=N;O=A" "Mozilla/5.0 AppleWebKit/537.36 (KHTML, like Gecko; compatible; GPTBot/1.3; +https://openai.com/gptbot)"
74.7.227.150 - - [05/Apr/2026:10:34:51 -0400] "GET /wp-content/plugins/elementor/modules/element-cache/?C=D;O=A HTTP/1.0" 200 399 "https://linguareachagency.com/wp-content/plugins/elementor/modules/element-cache/?C=N;O=A" "Mozilla/5.0 AppleWebKit/537.36 (KHTML, like Gecko; compatible; GPTBot/1.3; +https://openai.com/gptbot)"
74.7.227.150 - - [05/Apr/2026:10:35:24 -0400] "GET /wp-content/plugins/pro-elements/core/app/modules/import-export/runners/revert/?C=S;O=A HTTP/1.0" 200 430 "https://linguareachagency.com/wp-content/plugins/pro-elements/core/app/modules/import-export/runners/revert/?C=N;O=D" "Mozilla/5.0 AppleWebKit/537.36 (KHTML, like Gecko; compatible; GPTBot/1.3; +https://openai.com/gptbot)"
74.7.227.150 - - [05/Apr/2026:10:36:00 -0400] "GET /wp-content/plugins/pro-elements/core/app/modules/site-editor/assets/js/?C=N;O=D HTTP/1.0" 200 547 "https://linguareachagency.com/wp-content/plugins/pro-elements/core/app/modules/site-editor/assets/js/" "Mozilla/5.0 AppleWebKit/537.36 (KHTML, like Gecko; compatible; GPTBot/1.3; +https://openai.com/gptbot)"
74.7.227.150 - - [05/Apr/2026:10:36:35 -0400] "GET /wp-content/plugins/pro-elements/core/app/modules/site-editor/assets/js/?C=D;O=A HTTP/1.0" 200 554 "https://linguareachagency.com/wp-content/plugins/pro-elements/core/app/modules/site-editor/assets/js/" "Mozilla/5.0 AppleWebKit/537.36 (KHTML, like Gecko; compatible; GPTBot/1.3; +https://openai.com/gptbot)"
74.7.227.150 - - [05/Apr/2026:10:37:00 -0400] "GET /wp-content/plugins/pro-elements/core/app/modules/site-editor/assets/js/?C=S;O=A HTTP/1.0" 200 553 "https://linguareachagency.com/wp-content/plugins/pro-elements/core/app/modules/site-editor/assets/js/" "Mozilla/5.0 AppleWebKit/537.36 (KHTML, like Gecko; compatible; GPTBot/1.3; +https://openai.com/gptbot)"
74.7.227.150 - - [05/Apr/2026:10:37:23 -0400] "GET /wp-content/plugins/pro-elements/modules/forms/submissions/data/?C=N;O=A HTTP/1.0" 200 466 "https://linguareachagency.com/wp-content/plugins/pro-elements/modules/forms/submissions/data/?C=M;O=A" "Mozilla/5.0 AppleWebKit/537.36 (KHTML, like Gecko; compatible; GPTBot/1.3; +https://openai.com/gptbot)"
74.7.227.150 - - [05/Apr/2026:10:37:46 -0400] "GET /wp-content/plugins/pro-elements/modules/forms/submissions/data/?C=M;O=D HTTP/1.0" 200 463 "https://linguareachagency.com/wp-content/plugins/pro-elements/modules/forms/submissions/data/?C=M;O=A" "Mozilla/5.0 AppleWebKit/537.36 (KHTML, like Gecko; compatible; GPTBot/1.3; +https://openai.com/gptbot)"
74.7.227.150 - - [05/Apr/2026:10:38:07 -0400] "GET /wp-content/plugins/pro-elements/modules/forms/submissions/data/?C=S;O=D HTTP/1.0" 200 466 "https://linguareachagency.com/wp-content/plugins/pro-elements/modules/forms/submissions/data/?C=S;O=A" "Mozilla/5.0 AppleWebKit/537.36 (KHTML, like Gecko; compatible; GPTBot/1.3; +https://openai.com/gptbot)"
170.64.178.144 - - [05/Apr/2026:10:38:14 -0400] "POST /wp-login.php HTTP/1.0" 200 6464 "-" "Mozilla/5.0"
74.7.227.150 - - [05/Apr/2026:10:38:28 -0400] "GET /wp-content/plugins/pro-elements/modules/forms/submissions/data/?C=D;O=D HTTP/1.0" 200 463 "https://linguareachagency.com/wp-content/plugins/pro-elements/modules/forms/submissions/data/?C=D;O=A" "Mozilla/5.0 AppleWebKit/537.36 (KHTML, like Gecko; compatible; GPTBot/1.3; +https://openai.com/gptbot)"
74.7.227.150 - - [05/Apr/2026:10:38:43 -0400] "GET /wp-content/plugins/pro-elements/core/app/modules/site-editor/assets/js/?C=M;O=A HTTP/1.0" 200 554 "https://linguareachagency.com/wp-content/plugins/pro-elements/core/app/modules/site-editor/assets/js/" "Mozilla/5.0 AppleWebKit/537.36 (KHTML, like Gecko; compatible; GPTBot/1.3; +https://openai.com/gptbot)"
74.7.227.150 - - [05/Apr/2026:10:38:56 -0400] "GET /wp-content/plugins/elementor/modules/element-cache/?C=S;O=D HTTP/1.0" 200 397 "https://linguareachagency.com/wp-content/plugins/elementor/modules/element-cache/?C=S;O=A" "Mozilla/5.0 AppleWebKit/537.36 (KHTML, like Gecko; compatible; GPTBot/1.3; +https://openai.com/gptbot)"
74.7.227.150 - - [05/Apr/2026:10:39:15 -0400] "GET /wp-content/plugins/elementor/modules/element-cache/?C=D;O=D HTTP/1.0" 200 397 "https://linguareachagency.com/wp-content/plugins/elementor/modules/element-cache/?C=D;O=A" "Mozilla/5.0 AppleWebKit/537.36 (KHTML, like Gecko; compatible; GPTBot/1.3; +https://openai.com/gptbot)"
74.7.227.150 - - [05/Apr/2026:10:39:22 -0400] "GET /wp-content/plugins/pro-elements/core/app/modules/import-export/runners/revert/?C=S;O=D HTTP/1.0" 200 428 "https://linguareachagency.com/wp-content/plugins/pro-elements/core/app/modules/import-export/runners/revert/?C=S;O=A" "Mozilla/5.0 AppleWebKit/537.36 (KHTML, like Gecko; compatible; GPTBot/1.3; +https://openai.com/gptbot)"
74.7.227.150 - - [05/Apr/2026:10:39:40 -0400] "GET /wp-content/plugins/pro-elements/core/app/modules/site-editor/assets/js/context/ HTTP/1.0" 200 499 "https://linguareachagency.com/wp-content/plugins/pro-elements/core/app/modules/site-editor/assets/js/?C=N;O=D" "Mozilla/5.0 AppleWebKit/537.36 (KHTML, like Gecko; compatible; GPTBot/1.3; +https://openai.com/gptbot)"
74.7.227.150 - - [05/Apr/2026:10:39:43 -0400] "GET /wp-content/plugins/pro-elements/core/app/modules/site-editor/assets/js/site-editor.js HTTP/1.0" 200 1237 "https://linguareachagency.com/wp-content/plugins/pro-elements/core/app/modules/site-editor/assets/js/?C=N;O=D" "Mozilla/5.0 AppleWebKit/537.36 (KHTML, like Gecko; compatible; GPTBot/1.3; +https://openai.com/gptbot)"
74.7.227.150 - - [05/Apr/2026:10:39:53 -0400] "GET /wp-content/plugins/pro-elements/core/app/modules/site-editor/assets/js/?C=D;O=D HTTP/1.0" 429 17 "https://linguareachagency.com/wp-content/plugins/pro-elements/core/app/modules/site-editor/assets/js/?C=D;O=A" "Mozilla/5.0 AppleWebKit/537.36 (KHTML, like Gecko; compatible; GPTBot/1.3; +https://openai.com/gptbot)"
74.7.227.150 - - [05/Apr/2026:10:40:01 -0400] "GET /wp-content/plugins/pro-elements/core/app/modules/site-editor/assets/js/?C=N;O=A HTTP/1.0" 429 17 "https://linguareachagency.com/wp-content/plugins/pro-elements/core/app/modules/site-editor/assets/js/?C=N;O=D" "Mozilla/5.0 AppleWebKit/537.36 (KHTML, like Gecko; compatible; GPTBot/1.3; +https://openai.com/gptbot)"
74.7.227.150 - - [05/Apr/2026:10:40:25 -0400] "GET /wp-content/plugins/pro-elements/core/app/modules/site-editor/assets/js/?C=S;O=D HTTP/1.0" 429 17 "https://linguareachagency.com/wp-content/plugins/pro-elements/core/app/modules/site-editor/assets/js/?C=S;O=A" "Mozilla/5.0 AppleWebKit/537.36 (KHTML, like Gecko; compatible; GPTBot/1.3; +https://openai.com/gptbot)"
74.7.227.150 - - [05/Apr/2026:10:41:34 -0400] "GET /wp-content/plugins/elementor/assets/lib/animations/?C=N;O=D HTTP/1.0" 429 17 "https://linguareachagency.com/wp-content/plugins/elementor/assets/lib/animations/" "Mozilla/5.0 AppleWebKit/537.36 (KHTML, like Gecko; compatible; GPTBot/1.3; +https://openai.com/gptbot)"
74.7.227.150 - - [05/Apr/2026:10:42:33 -0400] "GET /wp-content/plugins/elementor/assets/lib/animations/?C=S;O=A HTTP/1.0" 200 424 "https://linguareachagency.com/wp-content/plugins/elementor/assets/lib/animations/" "Mozilla/5.0 AppleWebKit/537.36 (KHTML, like Gecko; compatible; GPTBot/1.3; +https://openai.com/gptbot)"
161.178.3.105 - - [05/Apr/2026:10:42:53 -0400] "POST /wp-login.php HTTP/1.0" 200 6464 "-" "Mozilla/5.0"
74.7.227.150 - - [05/Apr/2026:10:43:32 -0400] "GET /wp-content/plugins/pro-elements/core/app/modules/site-editor/assets/js/?C=M;O=D HTTP/1.0" 200 547 "https://linguareachagency.com/wp-content/plugins/pro-elements/core/app/modules/site-editor/assets/js/?C=M;O=A" "Mozilla/5.0 AppleWebKit/537.36 (KHTML, like Gecko; compatible; GPTBot/1.3; +https://openai.com/gptbot)"
74.7.227.150 - - [05/Apr/2026:10:44:29 -0400] "GET /wp-content/plugins/elementor/assets/lib/nouislider/?C=S;O=A HTTP/1.0" 200 417 "https://linguareachagency.com/wp-content/plugins/elementor/assets/lib/nouislider/" "Mozilla/5.0 AppleWebKit/537.36 (KHTML, like Gecko; compatible; GPTBot/1.3; +https://openai.com/gptbot)"
74.7.227.150 - - [05/Apr/2026:10:45:26 -0400] "GET /wp-content/plugins/elementor/assets/lib/animations/?C=D;O=A HTTP/1.0" 200 426 "https://linguareachagency.com/wp-content/plugins/elementor/assets/lib/animations/" "Mozilla/5.0 AppleWebKit/537.36 (KHTML, like Gecko; compatible; GPTBot/1.3; +https://openai.com/gptbot)"
167.99.125.188 - - [05/Apr/2026:10:45:27 -0400] "POST /wp-login.php HTTP/1.0" 200 6464 "-" "Mozilla/5.0"
74.7.227.150 - - [05/Apr/2026:10:46:07 -0400] "GET /wp-content/plugins/elementor/assets/lib/nouislider/?C=N;O=D HTTP/1.0" 200 414 "https://linguareachagency.com/wp-content/plugins/elementor/assets/lib/nouislider/" "Mozilla/5.0 AppleWebKit/537.36 (KHTML, like Gecko; compatible; GPTBot/1.3; +https://openai.com/gptbot)"
74.7.227.150 - - [05/Apr/2026:10:46:49 -0400] "GET /wp-content/plugins/elementor/assets/lib/nouislider/?C=M;O=A HTTP/1.0" 200 420 "https://linguareachagency.com/wp-content/plugins/elementor/assets/lib/nouislider/" "Mozilla/5.0 AppleWebKit/537.36 (KHTML, like Gecko; compatible; GPTBot/1.3; +https://openai.com/gptbot)"
74.7.227.150 - - [05/Apr/2026:10:47:24 -0400] "GET /wp-content/plugins/pro-elements/core/app/modules/site-editor/assets/js/context/base-context.js HTTP/1.0" 200 400 "https://linguareachagency.com/wp-content/plugins/pro-elements/core/app/modules/site-editor/assets/js/context/" "Mozilla/5.0 AppleWebKit/537.36 (KHTML, like Gecko; compatible; GPTBot/1.3; +https://openai.com/gptbot)"
74.7.227.150 - - [05/Apr/2026:10:47:59 -0400] "GET /wp-content/plugins/pro-elements/core/app/modules/site-editor/assets/js/context/conditions.js HTTP/1.0" 200 2335 "https://linguareachagency.com/wp-content/plugins/pro-elements/core/app/modules/site-editor/assets/js/context/" "Mozilla/5.0 AppleWebKit/537.36 (KHTML, like Gecko; compatible; GPTBot/1.3; +https://openai.com/gptbot)"
74.7.227.150 - - [05/Apr/2026:10:48:30 -0400] "GET /wp-content/plugins/pro-elements/core/app/modules/site-editor/assets/js/context/models/ HTTP/1.0" 200 431 "https://linguareachagency.com/wp-content/plugins/pro-elements/core/app/modules/site-editor/assets/js/context/" "Mozilla/5.0 AppleWebKit/537.36 (KHTML, like Gecko; compatible; GPTBot/1.3; +https://openai.com/gptbot)"
170.64.178.144 - - [05/Apr/2026:10:48:52 -0400] "POST /wp-login.php HTTP/1.0" 200 6464 "-" "Mozilla/5.0"
74.7.227.150 - - [05/Apr/2026:10:48:57 -0400] "GET /wp-content/plugins/pro-elements/core/app/modules/site-editor/assets/js/context/services/ HTTP/1.0" 200 435 "https://linguareachagency.com/wp-content/plugins/pro-elements/core/app/modules/site-editor/assets/js/context/" "Mozilla/5.0 AppleWebKit/537.36 (KHTML, like Gecko; compatible; GPTBot/1.3; +https://openai.com/gptbot)"
74.7.227.150 - - [05/Apr/2026:10:49:26 -0400] "GET /wp-content/plugins/pro-elements/core/app/modules/site-editor/assets/js/context/templates.js HTTP/1.0" 200 1075 "https://linguareachagency.com/wp-content/plugins/pro-elements/core/app/modules/site-editor/assets/js/context/" "Mozilla/5.0 AppleWebKit/537.36 (KHTML, like Gecko; compatible; GPTBot/1.3; +https://openai.com/gptbot)"
74.7.227.150 - - [05/Apr/2026:10:49:43 -0400] "GET /wp-content/plugins/elementor/assets/lib/animations/?C=S;O=D HTTP/1.0" 200 424 "https://linguareachagency.com/wp-content/plugins/elementor/assets/lib/animations/?C=S;O=A" "Mozilla/5.0 AppleWebKit/537.36 (KHTML, like Gecko; compatible; GPTBot/1.3; +https://openai.com/gptbot)"
74.7.227.150 - - [05/Apr/2026:10:50:03 -0400] "GET /wp-content/plugins/pro-elements/core/app/modules/site-editor/assets/js/?C=N;O=A HTTP/1.0" 200 554 "https://linguareachagency.com/wp-content/plugins/pro-elements/core/app/modules/site-editor/assets/js/?C=M;O=D" "Mozilla/5.0 AppleWebKit/537.36 (KHTML, like Gecko; compatible; GPTBot/1.3; +https://openai.com/gptbot)"
74.7.227.150 - - [05/Apr/2026:10:50:25 -0400] "GET /wp-content/plugins/elementor/assets/lib/nouislider/nouislider.min.js HTTP/1.0" 200 8004 "https://linguareachagency.com/wp-content/plugins/elementor/assets/lib/nouislider/?C=S;O=A" "Mozilla/5.0 AppleWebKit/537.36 (KHTML, like Gecko; compatible; GPTBot/1.3; +https://openai.com/gptbot)"
74.7.227.150 - - [05/Apr/2026:10:50:35 -0400] "GET /wp-content/plugins/elementor/assets/lib/animations/?C=D;O=D HTTP/1.0" 200 422 "https://linguareachagency.com/wp-content/plugins/elementor/assets/lib/animations/?C=D;O=A" "Mozilla/5.0 AppleWebKit/537.36 (KHTML, like Gecko; compatible; GPTBot/1.3; +https://openai.com/gptbot)"
74.7.227.150 - - [05/Apr/2026:10:50:57 -0400] "GET /wp-content/plugins/elementor/assets/lib/nouislider/?C=S;O=D HTTP/1.0" 200 417 "https://linguareachagency.com/wp-content/plugins/elementor/assets/lib/nouislider/?C=S;O=A" "Mozilla/5.0 AppleWebKit/537.36 (KHTML, like Gecko; compatible; GPTBot/1.3; +https://openai.com/gptbot)"
74.7.227.150 - - [05/Apr/2026:10:51:07 -0400] "GET /wp-content/plugins/elementor/assets/lib/nouislider/?C=M;O=D HTTP/1.0" 200 414 "https://linguareachagency.com/wp-content/plugins/elementor/assets/lib/nouislider/?C=M;O=A" "Mozilla/5.0 AppleWebKit/537.36 (KHTML, like Gecko; compatible; GPTBot/1.3; +https://openai.com/gptbot)"
74.7.227.150 - - [05/Apr/2026:10:51:16 -0400] "GET /wp-content/plugins/elementor/assets/lib/animations/?C=N;O=A HTTP/1.0" 200 426 "https://linguareachagency.com/wp-content/plugins/elementor/assets/lib/animations/?C=S;O=A" "Mozilla/5.0 AppleWebKit/537.36 (KHTML, like Gecko; compatible; GPTBot/1.3; +https://openai.com/gptbot)"
74.7.227.150 - - [05/Apr/2026:10:51:26 -0400] "GET /wp-content/plugins/elementor/assets/lib/nouislider/?C=D;O=A HTTP/1.0" 200 419 "https://linguareachagency.com/wp-content/plugins/elementor/assets/lib/nouislider/" "Mozilla/5.0 AppleWebKit/537.36 (KHTML, like Gecko; compatible; GPTBot/1.3; +https://openai.com/gptbot)"
74.7.227.150 - - [05/Apr/2026:10:51:43 -0400] "GET /wp-content/plugins/elementor/assets/lib/animations/?C=M;O=A HTTP/1.0" 200 426 "https://linguareachagency.com/wp-content/plugins/elementor/assets/lib/animations/" "Mozilla/5.0 AppleWebKit/537.36 (KHTML, like Gecko; compatible; GPTBot/1.3; +https://openai.com/gptbot)"
74.7.227.150 - - [05/Apr/2026:10:51:47 -0400] "GET /wp-content/plugins/pro-elements/core/app/modules/site-editor/assets/js/context/models/condition.js HTTP/1.0" 429 17 "https://linguareachagency.com/wp-content/plugins/pro-elements/core/app/modules/site-editor/assets/js/context/models/" "Mozilla/5.0 AppleWebKit/537.36 (KHTML, like Gecko; compatible; GPTBot/1.3; +https://openai.com/gptbot)"
74.7.227.150 - - [05/Apr/2026:10:51:53 -0400] "GET /wp-content/plugins/pro-elements/core/app/modules/site-editor/assets/js/context/services/conditions-config.js HTTP/1.0" 429 17 "https://linguareachagency.com/wp-content/plugins/pro-elements/core/app/modules/site-editor/assets/js/context/services/" "Mozilla/5.0 AppleWebKit/537.36 (KHTML, like Gecko; compatible; GPTBot/1.3; +https://openai.com/gptbot)"
212.227.105.62 - - [05/Apr/2026:10:52:11 -0400] "POST /xmlrpc.php HTTP/1.0" 200 206 "-" "Mozilla/5.0 (Windows NT 10.0) AppleWebKit/537.36 (KHTML, like Gecko) Chrome/140.0.0.0 Safari/537.36"
74.7.227.150 - - [05/Apr/2026:10:52:19 -0400] "GET /wp-content/plugins/elementor/assets/lib/nouislider/?C=N;O=A HTTP/1.0" 429 17 "https://linguareachagency.com/wp-content/plugins/elementor/assets/lib/nouislider/?C=S;O=A" "Mozilla/5.0 AppleWebKit/537.36 (KHTML, like Gecko; compatible; GPTBot/1.3; +https://openai.com/gptbot)"
74.7.227.150 - - [05/Apr/2026:10:53:17 -0400] "GET /wp-content/plugins/elementor/modules/atomic-widgets/props-resolver/transformers/?C=N;O=D HTTP/1.0" 429 17 "https://linguareachagency.com/wp-content/plugins/elementor/modules/atomic-widgets/props-resolver/transformers/" "Mozilla/5.0 AppleWebKit/537.36 (KHTML, like Gecko; compatible; GPTBot/1.3; +https://openai.com/gptbot)"
209.141.61.34 - - [05/Apr/2026:10:54:10 -0400] "GET /wp-login.php HTTP/1.0" 200 1925 "-" "Mozilla/5.0 (Windows NT 10.0; Win64; x64) AppleWebKit/537.36 (KHTML, like Gecko) Chrome/134.0.0.0 Safari/537.36"
209.141.61.34 - - [05/Apr/2026:10:54:11 -0400] "POST /wp-login.php HTTP/1.0" 200 2065 "https://mail.linguareachagency.com/wp-admin/" "Mozilla/5.0 (Windows NT 10.0; Win64; x64) AppleWebKit/537.36 (KHTML, like Gecko) Chrome/134.0.0.0 Safari/537.36"
74.7.227.150 - - [05/Apr/2026:10:54:22 -0400] "GET /wp-content/plugins/elementor/modules/atomic-widgets/props-resolver/transformers/?C=D;O=A HTTP/1.0" 200 571 "https://linguareachagency.com/wp-content/plugins/elementor/modules/atomic-widgets/props-resolver/transformers/" "Mozilla/5.0 AppleWebKit/537.36 (KHTML, like Gecko; compatible; GPTBot/1.3; +https://openai.com/gptbot)"
74.7.227.150 - - [05/Apr/2026:10:55:32 -0400] "GET /wp-content/plugins/elementor/modules/atomic-widgets/props-resolver/transformers/?C=S;O=A HTTP/1.0" 200 565 "https://linguareachagency.com/wp-content/plugins/elementor/modules/atomic-widgets/props-resolver/transformers/" "Mozilla/5.0 AppleWebKit/537.36 (KHTML, like Gecko; compatible; GPTBot/1.3; +https://openai.com/gptbot)"
94.23.210.48 - - [05/Apr/2026:10:55:44 -0400] "POST /xmlrpc.php HTTP/1.0" 200 206 "-" "Mozilla/5.0 (Windows NT 10.0; WOW64) AppleWebKit/537.36 (KHTML, like Gecko) Chrome/137.0.0.0 Safari/537.36"
161.178.3.105 - - [05/Apr/2026:10:55:58 -0400] "POST /wp-login.php HTTP/1.0" 200 6464 "-" "Mozilla/5.0"
74.7.227.150 - - [05/Apr/2026:10:56:22 -0400] "GET /wp-content/plugins/elementor/modules/atomic-widgets/props-resolver/transformers/?C=M;O=A HTTP/1.0" 200 571 "https://linguareachagency.com/wp-content/plugins/elementor/modules/atomic-widgets/props-resolver/transformers/" "Mozilla/5.0 AppleWebKit/537.36 (KHTML, like Gecko; compatible; GPTBot/1.3; +https://openai.com/gptbot)"
167.99.125.188 - - [05/Apr/2026:10:56:57 -0400] "POST /wp-login.php HTTP/1.0" 200 6464 "-" "Mozilla/5.0"
74.7.227.150 - - [05/Apr/2026:10:57:15 -0400] "GET /wp-content/plugins/elementor/modules/history/views/?C=D;O=D HTTP/1.0" 200 438 "https://linguareachagency.com/wp-content/plugins/elementor/modules/history/views/?C=D;O=A" "Mozilla/5.0 AppleWebKit/537.36 (KHTML, like Gecko; compatible; GPTBot/1.3; +https://openai.com/gptbot)"
74.7.227.150 - - [05/Apr/2026:10:58:01 -0400] "GET /wp-content/plugins/pro-elements/modules/notes/database/transformers/?C=D;O=A HTTP/1.0" 200 419 "https://linguareachagency.com/wp-content/plugins/pro-elements/modules/notes/database/transformers/" "Mozilla/5.0 AppleWebKit/537.36 (KHTML, like Gecko; compatible; GPTBot/1.3; +https://openai.com/gptbot)"
74.7.227.150 - - [05/Apr/2026:10:58:43 -0400] "GET /wp-content/plugins/pro-elements/modules/woocommerce/wc-templates/cart/?C=M;O=A HTTP/1.0" 200 424 "https://linguareachagency.com/wp-content/plugins/pro-elements/modules/woocommerce/wc-templates/cart/" "Mozilla/5.0 AppleWebKit/537.36 (KHTML, like Gecko; compatible; GPTBot/1.3; +https://openai.com/gptbot)"
74.7.227.150 - - [05/Apr/2026:10:59:23 -0400] "GET /wp-content/plugins/elementor/assets/lib/nouislider/?C=D;O=D HTTP/1.0" 200 414 "https://linguareachagency.com/wp-content/plugins/elementor/assets/lib/nouislider/?C=D;O=A" "Mozilla/5.0 AppleWebKit/537.36 (KHTML, like Gecko; compatible; GPTBot/1.3; +https://openai.com/gptbot)"
170.64.178.144 - - [05/Apr/2026:10:59:31 -0400] "POST /wp-login.php HTTP/1.0" 200 6464 "-" "Mozilla/5.0"
74.7.227.150 - - [05/Apr/2026:10:59:58 -0400] "GET /wp-content/plugins/elementor/assets/lib/animations/?C=N;O=D HTTP/1.0" 200 422 "https://linguareachagency.com/wp-content/plugins/elementor/assets/lib/animations/?C=N;O=A" "Mozilla/5.0 AppleWebKit/537.36 (KHTML, like Gecko; compatible; GPTBot/1.3; +https://openai.com/gptbot)"
74.7.227.150 - - [05/Apr/2026:11:00:30 -0400] "GET /wp-content/plugins/elementor/assets/lib/animations/?C=M;O=D HTTP/1.0" 200 422 "https://linguareachagency.com/wp-content/plugins/elementor/assets/lib/animations/?C=M;O=A" "Mozilla/5.0 AppleWebKit/537.36 (KHTML, like Gecko; compatible; GPTBot/1.3; +https://openai.com/gptbot)"
74.7.227.150 - - [05/Apr/2026:11:00:53 -0400] "GET /wp-content/plugins/pro-elements/modules/woocommerce/wc-templates/cart/?C=D;O=A HTTP/1.0" 200 424 "https://linguareachagency.com/wp-content/plugins/pro-elements/modules/woocommerce/wc-templates/cart/" "Mozilla/5.0 AppleWebKit/537.36 (KHTML, like Gecko; compatible; GPTBot/1.3; +https://openai.com/gptbot)"
74.7.227.150 - - [05/Apr/2026:11:01:19 -0400] "GET /wp-content/plugins/elementor/modules/site-navigation/data/endpoints/?C=N;O=D HTTP/1.0" 200 477 "https://linguareachagency.com/wp-content/plugins/elementor/modules/site-navigation/data/endpoints/" "Mozilla/5.0 AppleWebKit/537.36 (KHTML, like Gecko; compatible; GPTBot/1.3; +https://openai.com/gptbot)"
74.7.227.150 - - [05/Apr/2026:11:01:39 -0400] "GET /wp-content/plugins/elementor/modules/atomic-widgets/props-resolver/transformers/?C=N;O=A HTTP/1.0" 200 571 "https://linguareachagency.com/wp-content/plugins/elementor/modules/atomic-widgets/props-resolver/transformers/?C=D;O=A" "Mozilla/5.0 AppleWebKit/537.36 (KHTML, like Gecko; compatible; GPTBot/1.3; +https://openai.com/gptbot)"
74.7.227.150 - - [05/Apr/2026:11:02:01 -0400] "GET /wp-content/plugins/elementor/modules/atomic-widgets/props-resolver/transformers/?C=D;O=D HTTP/1.0" 200 568 "https://linguareachagency.com/wp-content/plugins/elementor/modules/atomic-widgets/props-resolver/transformers/?C=D;O=A" "Mozilla/5.0 AppleWebKit/537.36 (KHTML, like Gecko; compatible; GPTBot/1.3; +https://openai.com/gptbot)"
74.7.227.150 - - [05/Apr/2026:11:02:15 -0400] "GET /wp-content/plugins/elementor/modules/atomic-widgets/props-resolver/transformers/?C=M;O=D HTTP/1.0" 200 568 "https://linguareachagency.com/wp-content/plugins/elementor/modules/atomic-widgets/props-resolver/transformers/?C=M;O=A" "Mozilla/5.0 AppleWebKit/537.36 (KHTML, like Gecko; compatible; GPTBot/1.3; +https://openai.com/gptbot)"
74.7.227.150 - - [05/Apr/2026:11:02:37 -0400] "GET /wp-content/plugins/elementor/modules/atomic-widgets/props-resolver/transformers/?C=S;O=D HTTP/1.0" 200 570 "https://linguareachagency.com/wp-content/plugins/elementor/modules/atomic-widgets/props-resolver/transformers/?C=S;O=A" "Mozilla/5.0 AppleWebKit/537.36 (KHTML, like Gecko; compatible; GPTBot/1.3; +https://openai.com/gptbot)"
74.7.227.150 - - [05/Apr/2026:11:02:44 -0400] "GET /wp-content/plugins/pro-elements/modules/notes/database/transformers/?C=S;O=A HTTP/1.0" 200 420 "https://linguareachagency.com/wp-content/plugins/pro-elements/modules/notes/database/transformers/" "Mozilla/5.0 AppleWebKit/537.36 (KHTML, like Gecko; compatible; GPTBot/1.3; +https://openai.com/gptbot)"
216.73.216.148 - - [05/Apr/2026:11:02:45 -0400] "GET /robots.txt HTTP/1.0" 301 - "-" "Mozilla/5.0 AppleWebKit/537.36 (KHTML, like Gecko; compatible; ClaudeBot/1.0; +claudebot@anthropic.com)"
216.73.216.148 - - [05/Apr/2026:11:02:46 -0400] "GET /robots.txt HTTP/1.0" 200 114 "https://www.linguareachagency.com/robots.txt" "Mozilla/5.0 AppleWebKit/537.36 (KHTML, like Gecko; compatible; ClaudeBot/1.0; +claudebot@anthropic.com)"
216.73.216.148 - - [05/Apr/2026:11:02:47 -0400] "GET /robots.txt HTTP/1.0" 301 - "-" ""
216.73.216.148 - - [05/Apr/2026:11:02:47 -0400] "GET /robots.txt HTTP/1.0" 200 114 "https://www.linguareachagency.com/robots.txt" ""
216.73.216.148 - - [05/Apr/2026:11:02:47 -0400] "GET / HTTP/1.0" 301 - "-" "Mozilla/5.0 AppleWebKit/537.36 (KHTML, like Gecko; compatible; ClaudeBot/1.0; +claudebot@anthropic.com)"
216.73.216.148 - - [05/Apr/2026:11:02:47 -0400] "GET / HTTP/1.0" 200 33241 "https://www.linguareachagency.com/" "Mozilla/5.0 AppleWebKit/537.36 (KHTML, like Gecko; compatible; ClaudeBot/1.0; +claudebot@anthropic.com)"
74.7.227.150 - - [05/Apr/2026:11:02:59 -0400] "GET /wp-content/plugins/elementor/modules/site-navigation/data/endpoints/?C=S;O=A HTTP/1.0" 200 482 "https://linguareachagency.com/wp-content/plugins/elementor/modules/site-navigation/data/endpoints/" "Mozilla/5.0 AppleWebKit/537.36 (KHTML, like Gecko; compatible; GPTBot/1.3; +https://openai.com/gptbot)"
74.7.227.150 - - [05/Apr/2026:11:03:08 -0400] "GET /wp-content/plugins/elementor/assets/lib/nouislider/?C=N;O=A HTTP/1.0" 200 419 "https://linguareachagency.com/wp-content/plugins/elementor/assets/lib/nouislider/?C=D;O=D" "Mozilla/5.0 AppleWebKit/537.36 (KHTML, like Gecko; compatible; GPTBot/1.3; +https://openai.com/gptbot)"
74.7.227.150 - - [05/Apr/2026:11:03:28 -0400] "GET /wp-content/plugins/pro-elements/modules/woocommerce/wc-templates/cart/?C=M;O=D HTTP/1.0" 200 422 "https://linguareachagency.com/wp-content/plugins/pro-elements/modules/woocommerce/wc-templates/cart/?C=M;O=A" "Mozilla/5.0 AppleWebKit/537.36 (KHTML, like Gecko; compatible; GPTBot/1.3; +https://openai.com/gptbot)"
74.7.227.150 - - [05/Apr/2026:11:03:32 -0400] "GET /wp-content/plugins/pro-elements/modules/woocommerce/wc-templates/cart/?C=N;O=A HTTP/1.0" 429 17 "https://linguareachagency.com/wp-content/plugins/pro-elements/modules/woocommerce/wc-templates/cart/?C=M;O=A" "Mozilla/5.0 AppleWebKit/537.36 (KHTML, like Gecko; compatible; GPTBot/1.3; +https://openai.com/gptbot)"
74.7.227.150 - - [05/Apr/2026:11:03:40 -0400] "GET /wp-content/plugins/pro-elements/modules/woocommerce/wc-templates/cart/?C=D;O=D HTTP/1.0" 429 17 "https://linguareachagency.com/wp-content/plugins/pro-elements/modules/woocommerce/wc-templates/cart/?C=D;O=A" "Mozilla/5.0 AppleWebKit/537.36 (KHTML, like Gecko; compatible; GPTBot/1.3; +https://openai.com/gptbot)"
74.7.227.150 - - [05/Apr/2026:11:04:16 -0400] "GET /wp-content/plugins/elementor/modules/site-navigation/data/endpoints/add-new-post.php HTTP/1.0" 429 17 "https://linguareachagency.com/wp-content/plugins/elementor/modules/site-navigation/data/endpoints/?C=N;O=D" "Mozilla/5.0 AppleWebKit/537.36 (KHTML, like Gecko; compatible; GPTBot/1.3; +https://openai.com/gptbot)"
74.7.227.150 - - [05/Apr/2026:11:05:05 -0400] "GET /wp-content/plugins/elementor/modules/site-navigation/data/endpoints/duplicate-post.php HTTP/1.0" 429 17 "https://linguareachagency.com/wp-content/plugins/elementor/modules/site-navigation/data/endpoints/?C=N;O=D" "Mozilla/5.0 AppleWebKit/537.36 (KHTML, like Gecko; compatible; GPTBot/1.3; +https://openai.com/gptbot)"
74.7.227.150 - - [05/Apr/2026:11:06:04 -0400] "GET /wp-content/plugins/elementor/modules/atomic-widgets/props-resolver/transformers/?C=N;O=D HTTP/1.0" 200 568 "https://linguareachagency.com/wp-content/plugins/elementor/modules/atomic-widgets/props-resolver/transformers/?C=N;O=A" "Mozilla/5.0 AppleWebKit/537.36 (KHTML, like Gecko; compatible; GPTBot/1.3; +https://openai.com/gptbot)"
207.102.138.19 - - [05/Apr/2026:11:06:27 -0400] "GET / HTTP/1.0" 301 - "-" "Mozilla/5.0 (Windows NT 10.0; Win64; x64) AppleWebKit/537.36 (KHTML, like Gecko) Chrome/122.0.0.0 Safari/537.36 Edg/122.0.0.0"
51.83.243.164 - - [05/Apr/2026:11:06:30 -0400] "GET / HTTP/1.0" 200 33241 "-" "Mozilla/5.0 (Windows NT 10.0; Win64; x64) AppleWebKit/537.36 (KHTML, like Gecko) Chrome/122.0.0.0 Safari/537.36 Edg/122.0.0.0"
51.83.243.164 - - [05/Apr/2026:11:06:31 -0400] "GET /wp-content/plugins/cookieadmin/assets/css/consent.css?ver=1.1.4 HTTP/1.0" 200 2637 "https://linguareachagency.com/" "Mozilla/5.0 (Windows NT 10.0; Win64; x64) AppleWebKit/537.36 (KHTML, like Gecko) Chrome/122.0.0.0 Safari/537.36 Edg/122.0.0.0"
51.83.243.164 - - [05/Apr/2026:11:06:31 -0400] "GET /wp-content/themes/hello-biz/assets/css/header-footer.css?ver=1.2.0 HTTP/1.0" 200 1423 "https://linguareachagency.com/" "Mozilla/5.0 (Windows NT 10.0; Win64; x64) AppleWebKit/537.36 (KHTML, like Gecko) Chrome/122.0.0.0 Safari/537.36 Edg/122.0.0.0"
51.83.243.164 - - [05/Apr/2026:11:06:31 -0400] "GET /wp-content/themes/hello-biz/assets/css/theme.css?ver=1.2.0 HTTP/1.0" 200 3181 "https://linguareachagency.com/" "Mozilla/5.0 (Windows NT 10.0; Win64; x64) AppleWebKit/537.36 (KHTML, like Gecko) Chrome/122.0.0.0 Safari/537.36 Edg/122.0.0.0"
51.83.243.164 - - [05/Apr/2026:11:06:31 -0400] "GET /wp-content/plugins/elementor/assets/css/frontend.min.css?ver=3.33.3 HTTP/1.0" 200 7190 "https://linguareachagency.com/" "Mozilla/5.0 (Windows NT 10.0; Win64; x64) AppleWebKit/537.36 (KHTML, like Gecko) Chrome/122.0.0.0 Safari/537.36 Edg/122.0.0.0"
51.83.243.164 - - [05/Apr/2026:11:06:31 -0400] "GET /wp-includes/js/jquery/jquery-migrate.min.js?ver=3.4.1 HTTP/1.0" 200 4872 "https://linguareachagency.com/" "Mozilla/5.0 (Windows NT 10.0; Win64; x64) AppleWebKit/537.36 (KHTML, like Gecko) Chrome/122.0.0.0 Safari/537.36 Edg/122.0.0.0"
51.83.243.164 - - [05/Apr/2026:11:06:31 -0400] "GET /wp-includes/js/jquery/jquery.min.js?ver=3.7.1 HTTP/1.0" 200 30368 "https://linguareachagency.com/" "Mozilla/5.0 (Windows NT 10.0; Win64; x64) AppleWebKit/537.36 (KHTML, like Gecko) Chrome/122.0.0.0 Safari/537.36 Edg/122.0.0.0"
51.83.243.164 - - [05/Apr/2026:11:06:31 -0400] "GET /wp-content/plugins/cookieadmin/assets/images/cookieadmin_icon.svg HTTP/1.0" 200 322 "https://linguareachagency.com/" "Mozilla/5.0 (Windows NT 10.0; Win64; x64) AppleWebKit/537.36 (KHTML, like Gecko) Chrome/122.0.0.0 Safari/537.36 Edg/122.0.0.0"
51.83.243.164 - - [05/Apr/2026:11:06:31 -0400] "GET /wp-content/plugins/cookieadmin/assets/js/consent.js?ver=1.1.4 HTTP/1.0" 200 4722 "https://linguareachagency.com/" "Mozilla/5.0 (Windows NT 10.0; Win64; x64) AppleWebKit/537.36 (KHTML, like Gecko) Chrome/122.0.0.0 Safari/537.36 Edg/122.0.0.0"
51.83.243.164 - - [05/Apr/2026:11:06:32 -0400] "GET /wp-content/plugins/elementor/assets/js/webpack.runtime.min.js?ver=3.33.3 HTTP/1.0" 200 2482 "https://linguareachagency.com/" "Mozilla/5.0 (Windows NT 10.0; Win64; x64) AppleWebKit/537.36 (KHTML, like Gecko) Chrome/122.0.0.0 Safari/537.36 Edg/122.0.0.0"
51.83.243.164 - - [05/Apr/2026:11:06:32 -0400] "GET /wp-content/plugins/cookieadmin-pro/assets/js/consent.js?ver=1.1.4 HTTP/1.0" 200 612 "https://linguareachagency.com/" "Mozilla/5.0 (Windows NT 10.0; Win64; x64) AppleWebKit/537.36 (KHTML, like Gecko) Chrome/122.0.0.0 Safari/537.36 Edg/122.0.0.0"
51.83.243.164 - - [05/Apr/2026:11:06:32 -0400] "GET /wp-includes/js/jquery/ui/core.min.js?ver=1.13.3 HTTP/1.0" 200 7106 "https://linguareachagency.com/" "Mozilla/5.0 (Windows NT 10.0; Win64; x64) AppleWebKit/537.36 (KHTML, like Gecko) Chrome/122.0.0.0 Safari/537.36 Edg/122.0.0.0"
51.83.243.164 - - [05/Apr/2026:11:06:32 -0400] "GET /wp-content/plugins/elementor/assets/js/frontend.min.js?ver=3.33.3 HTTP/1.0" 200 10325 "https://linguareachagency.com/" "Mozilla/5.0 (Windows NT 10.0; Win64; x64) AppleWebKit/537.36 (KHTML, like Gecko) Chrome/122.0.0.0 Safari/537.36 Edg/122.0.0.0"
51.83.243.164 - - [05/Apr/2026:11:06:32 -0400] "GET /wp-includes/js/dist/hooks.min.js?ver=dd5603f07f9220ed27f1 HTTP/1.0" 200 1941 "https://linguareachagency.com/" "Mozilla/5.0 (Windows NT 10.0; Win64; x64) AppleWebKit/537.36 (KHTML, like Gecko) Chrome/122.0.0.0 Safari/537.36 Edg/122.0.0.0"
51.83.243.164 - - [05/Apr/2026:11:06:32 -0400] "GET /wp-content/plugins/pro-elements/assets/js/webpack-pro.runtime.min.js?ver=3.33.1 HTTP/1.0" 200 2857 "https://linguareachagency.com/" "Mozilla/5.0 (Windows NT 10.0; Win64; x64) AppleWebKit/537.36 (KHTML, like Gecko) Chrome/122.0.0.0 Safari/537.36 Edg/122.0.0.0"
51.83.243.164 - - [05/Apr/2026:11:06:32 -0400] "GET /wp-content/plugins/elementor/assets/js/frontend-modules.min.js?ver=3.33.3 HTTP/1.0" 200 25268 "https://linguareachagency.com/" "Mozilla/5.0 (Windows NT 10.0; Win64; x64) AppleWebKit/537.36 (KHTML, like Gecko) Chrome/122.0.0.0 Safari/537.36 Edg/122.0.0.0"
51.83.243.164 - - [05/Apr/2026:11:06:32 -0400] "GET /wp-includes/js/dist/i18n.min.js?ver=c26c3dc7bed366793375 HTTP/1.0" 200 2229 "https://linguareachagency.com/" "Mozilla/5.0 (Windows NT 10.0; Win64; x64) AppleWebKit/537.36 (KHTML, like Gecko) Chrome/122.0.0.0 Safari/537.36 Edg/122.0.0.0"
51.83.243.164 - - [05/Apr/2026:11:06:32 -0400] "GET /wp-content/plugins/pro-elements/assets/js/frontend.min.js?ver=3.33.1 HTTP/1.0" 200 6435 "https://linguareachagency.com/" "Mozilla/5.0 (Windows NT 10.0; Win64; x64) AppleWebKit/537.36 (KHTML, like Gecko) Chrome/122.0.0.0 Safari/537.36 Edg/122.0.0.0"
51.83.243.164 - - [05/Apr/2026:11:06:32 -0400] "GET /wp-content/plugins/pro-elements/assets/js/elements-handlers.min.js?ver=3.33.1 HTTP/1.0" 200 10571 "https://linguareachagency.com/" "Mozilla/5.0 (Windows NT 10.0; Win64; x64) AppleWebKit/537.36 (KHTML, like Gecko) Chrome/122.0.0.0 Safari/537.36 Edg/122.0.0.0"
51.83.243.164 - - [05/Apr/2026:11:06:33 -0400] "GET /wp-includes/js/wp-emoji-release.min.js?ver=6.9.4 HTTP/1.0" 200 5375 "https://linguareachagency.com/" "Mozilla/5.0 (Windows NT 10.0; Win64; x64) AppleWebKit/537.36 (KHTML, like Gecko) Chrome/122.0.0.0 Safari/537.36 Edg/122.0.0.0"
74.7.227.150 - - [05/Apr/2026:11:07:09 -0400] "GET /wp-content/plugins/elementor/modules/site-navigation/data/endpoints/?C=N;O=A HTTP/1.0" 200 480 "https://linguareachagency.com/wp-content/plugins/elementor/modules/site-navigation/data/endpoints/?C=N;O=D" "Mozilla/5.0 AppleWebKit/537.36 (KHTML, like Gecko; compatible; GPTBot/1.3; +https://openai.com/gptbot)"
15.253.24.82 - - [05/Apr/2026:11:07:52 -0400] "POST /wp-login.php HTTP/1.0" 200 6464 "-" "Mozilla/5.0"
74.7.227.150 - - [05/Apr/2026:11:08:05 -0400] "GET /wp-content/plugins/elementor/modules/site-navigation/data/endpoints/?C=M;O=A HTTP/1.0" 200 481 "https://linguareachagency.com/wp-content/plugins/elementor/modules/site-navigation/data/endpoints/" "Mozilla/5.0 AppleWebKit/537.36 (KHTML, like Gecko; compatible; GPTBot/1.3; +https://openai.com/gptbot)"
167.99.125.188 - - [05/Apr/2026:11:08:27 -0400] "POST /wp-login.php HTTP/1.0" 200 6464 "-" "Mozilla/5.0"
68.183.124.132 - - [05/Apr/2026:11:08:50 -0400] "POST /xmlrpc.php HTTP/1.0" 406 300 "-" "Mozilla/5.0 (Windows NT 10.0; Win64; x64; rv:144.0) Gecko/20100101 Firefox/144.0"
74.7.227.150 - - [05/Apr/2026:11:08:57 -0400] "GET /wp-content/plugins/pro-elements/modules/notes/database/transformers/?C=S;O=D HTTP/1.0" 200 418 "https://linguareachagency.com/wp-content/plugins/pro-elements/modules/notes/database/transformers/?C=S;O=A" "Mozilla/5.0 AppleWebKit/537.36 (KHTML, like Gecko; compatible; GPTBot/1.3; +https://openai.com/gptbot)"
161.178.3.105 - - [05/Apr/2026:11:09:02 -0400] "POST /wp-login.php HTTP/1.0" 200 6464 "-" "Mozilla/5.0"
74.7.227.150 - - [05/Apr/2026:11:09:39 -0400] "GET /wp-content/plugins/elementor/modules/site-navigation/data/endpoints/?C=S;O=D HTTP/1.0" 200 476 "https://linguareachagency.com/wp-content/plugins/elementor/modules/site-navigation/data/endpoints/?C=S;O=A" "Mozilla/5.0 AppleWebKit/537.36 (KHTML, like Gecko; compatible; GPTBot/1.3; +https://openai.com/gptbot)"
74.7.227.150 - - [05/Apr/2026:11:10:20 -0400] "GET /wp-content/plugins/pro-elements/modules/notes/database/transformers/?C=D;O=D HTTP/1.0" 200 418 "https://linguareachagency.com/wp-content/plugins/pro-elements/modules/notes/database/transformers/?C=D;O=A" "Mozilla/5.0 AppleWebKit/537.36 (KHTML, like Gecko; compatible; GPTBot/1.3; +https://openai.com/gptbot)"
170.64.178.144 - - [05/Apr/2026:11:10:21 -0400] "POST /wp-login.php HTTP/1.0" 200 6464 "-" "Mozilla/5.0"
74.7.227.150 - - [05/Apr/2026:11:10:58 -0400] "GET /wp-content/plugins/pro-elements/modules/woocommerce/wc-templates/cart/?C=S;O=A HTTP/1.0" 200 424 "https://linguareachagency.com/wp-content/plugins/pro-elements/modules/woocommerce/wc-templates/cart/" "Mozilla/5.0 AppleWebKit/537.36 (KHTML, like Gecko; compatible; GPTBot/1.3; +https://openai.com/gptbot)"
74.7.227.150 - - [05/Apr/2026:11:11:42 -0400] "GET /wp-content/plugins/pro-elements/modules/notes/database/transformers/?C=N;O=A HTTP/1.0" 200 419 "https://linguareachagency.com/wp-content/plugins/pro-elements/modules/notes/database/transformers/?C=D;O=A" "Mozilla/5.0 AppleWebKit/537.36 (KHTML, like Gecko; compatible; GPTBot/1.3; +https://openai.com/gptbot)"
74.7.227.150 - - [05/Apr/2026:11:12:02 -0400] "GET /wp-content/plugins/pro-elements/modules/notes/database/transformers/?C=M;O=A HTTP/1.0" 200 420 "https://linguareachagency.com/wp-content/plugins/pro-elements/modules/notes/database/transformers/" "Mozilla/5.0 AppleWebKit/537.36 (KHTML, like Gecko; compatible; GPTBot/1.3; +https://openai.com/gptbot)"
74.7.227.150 - - [05/Apr/2026:11:12:33 -0400] "GET /wp-content/plugins/pro-elements/modules/woocommerce/wc-templates/cart/?C=N;O=D HTTP/1.0" 200 422 "https://linguareachagency.com/wp-content/plugins/pro-elements/modules/woocommerce/wc-templates/cart/" "Mozilla/5.0 AppleWebKit/537.36 (KHTML, like Gecko; compatible; GPTBot/1.3; +https://openai.com/gptbot)"
74.7.227.150 - - [05/Apr/2026:11:12:56 -0400] "GET /wp-content/plugins/elementor/modules/site-navigation/data/endpoints/?C=D;O=A HTTP/1.0" 200 480 "https://linguareachagency.com/wp-content/plugins/elementor/modules/site-navigation/data/endpoints/" "Mozilla/5.0 AppleWebKit/537.36 (KHTML, like Gecko; compatible; GPTBot/1.3; +https://openai.com/gptbot)"
74.7.227.150 - - [05/Apr/2026:11:13:17 -0400] "GET /wp-content/plugins/pro-elements/modules/notes/database/transformers/?C=N;O=D HTTP/1.0" 200 418 "https://linguareachagency.com/wp-content/plugins/pro-elements/modules/notes/database/transformers/" "Mozilla/5.0 AppleWebKit/537.36 (KHTML, like Gecko; compatible; GPTBot/1.3; +https://openai.com/gptbot)"
74.7.227.150 - - [05/Apr/2026:11:13:41 -0400] "GET /wp-content/plugins/elementor/modules/site-navigation/data/endpoints/add-new-post.php HTTP/1.0" 200 - "https://linguareachagency.com/wp-content/plugins/elementor/modules/site-navigation/data/endpoints/?C=N;O=A" "Mozilla/5.0 AppleWebKit/537.36 (KHTML, like Gecko; compatible; GPTBot/1.3; +https://openai.com/gptbot)"
74.7.227.150 - - [05/Apr/2026:11:13:53 -0400] "GET /wp-content/plugins/elementor/modules/site-navigation/data/endpoints/duplicate-post.php HTTP/1.0" 200 - "https://linguareachagency.com/wp-content/plugins/elementor/modules/site-navigation/data/endpoints/?C=N;O=A" "Mozilla/5.0 AppleWebKit/537.36 (KHTML, like Gecko; compatible; GPTBot/1.3; +https://openai.com/gptbot)"
74.7.227.150 - - [05/Apr/2026:11:14:10 -0400] "GET /wp-content/plugins/elementor/modules/site-navigation/data/endpoints/?C=M;O=D HTTP/1.0" 200 477 "https://linguareachagency.com/wp-content/plugins/elementor/modules/site-navigation/data/endpoints/?C=M;O=A" "Mozilla/5.0 AppleWebKit/537.36 (KHTML, like Gecko; compatible; GPTBot/1.3; +https://openai.com/gptbot)"
74.7.227.150 - - [05/Apr/2026:11:14:29 -0400] "GET /wp-content/plugins/elementor/assets/lib/animations/styles/fadeIn.min.css HTTP/1.0" 200 79 "https://linguareachagency.com/wp-content/plugins/elementor/assets/lib/animations/styles/" "Mozilla/5.0 AppleWebKit/537.36 (KHTML, like Gecko; compatible; GPTBot/1.3; +https://openai.com/gptbot)"
74.7.227.150 - - [05/Apr/2026:11:14:39 -0400] "GET /wp-content/plugins/elementor/assets/lib/animations/styles/zoomInUp.min.css HTTP/1.0" 200 192 "https://linguareachagency.com/wp-content/plugins/elementor/assets/lib/animations/styles/" "Mozilla/5.0 AppleWebKit/537.36 (KHTML, like Gecko; compatible; GPTBot/1.3; +https://openai.com/gptbot)"
74.7.227.150 - - [05/Apr/2026:11:14:49 -0400] "GET /wp-content/plugins/pro-elements/modules/woocommerce/wc-templates/cart/?C=N;O=A HTTP/1.0" 200 424 "https://linguareachagency.com/wp-content/plugins/pro-elements/modules/woocommerce/wc-templates/cart/?C=S;O=A" "Mozilla/5.0 AppleWebKit/537.36 (KHTML, like Gecko; compatible; GPTBot/1.3; +https://openai.com/gptbot)"
74.7.227.150 - - [05/Apr/2026:11:15:04 -0400] "GET /wp-content/plugins/pro-elements/modules/woocommerce/wc-templates/cart/?C=S;O=D HTTP/1.0" 200 422 "https://linguareachagency.com/wp-content/plugins/pro-elements/modules/woocommerce/wc-templates/cart/?C=S;O=A" "Mozilla/5.0 AppleWebKit/537.36 (KHTML, like Gecko; compatible; GPTBot/1.3; +https://openai.com/gptbot)"
74.7.227.150 - - [05/Apr/2026:11:15:09 -0400] "GET /wp-content/plugins/pro-elements/modules/notes/database/transformers/?C=M;O=D HTTP/1.0" 429 17 "https://linguareachagency.com/wp-content/plugins/pro-elements/modules/notes/database/transformers/?C=M;O=A" "Mozilla/5.0 AppleWebKit/537.36 (KHTML, like Gecko; compatible; GPTBot/1.3; +https://openai.com/gptbot)"
74.7.227.150 - - [05/Apr/2026:11:15:20 -0400] "GET /wp-content/plugins/elementor/assets/lib/dialog/?C=M;O=A HTTP/1.0" 429 17 "https://linguareachagency.com/wp-content/plugins/elementor/assets/lib/dialog/" "Mozilla/5.0 AppleWebKit/537.36 (KHTML, like Gecko; compatible; GPTBot/1.3; +https://openai.com/gptbot)"
74.7.227.150 - - [05/Apr/2026:11:15:54 -0400] "GET /wp-content/plugins/elementor/assets/lib/dialog/?C=D;O=A HTTP/1.0" 429 17 "https://linguareachagency.com/wp-content/plugins/elementor/assets/lib/dialog/" "Mozilla/5.0 AppleWebKit/537.36 (KHTML, like Gecko; compatible; GPTBot/1.3; +https://openai.com/gptbot)"
74.7.227.150 - - [05/Apr/2026:11:16:48 -0400] "GET /wp-content/plugins/elementor/modules/site-navigation/data/endpoints/?C=D;O=D HTTP/1.0" 200 477 "https://linguareachagency.com/wp-content/plugins/elementor/modules/site-navigation/data/endpoints/?C=D;O=A" "Mozilla/5.0 AppleWebKit/537.36 (KHTML, like Gecko; compatible; GPTBot/1.3; +https://openai.com/gptbot)"
74.7.227.150 - - [05/Apr/2026:11:17:48 -0400] "GET /wp-content/plugins/elementor/assets/lib/pickr/?C=S;O=A HTTP/1.0" 200 420 "https://linguareachagency.com/wp-content/plugins/elementor/assets/lib/pickr/" "Mozilla/5.0 AppleWebKit/537.36 (KHTML, like Gecko; compatible; GPTBot/1.3; +https://openai.com/gptbot)"
74.7.227.150 - - [05/Apr/2026:11:18:51 -0400] "GET /wp-content/plugins/elementor/assets/lib/pickr/?C=M;O=A HTTP/1.0" 200 422 "https://linguareachagency.com/wp-content/plugins/elementor/assets/lib/pickr/" "Mozilla/5.0 AppleWebKit/537.36 (KHTML, like Gecko; compatible; GPTBot/1.3; +https://openai.com/gptbot)"
74.7.227.150 - - [05/Apr/2026:11:19:36 -0400] "GET /wp-content/plugins/elementor/assets/lib/dialog/?C=S;O=A HTTP/1.0" 200 415 "https://linguareachagency.com/wp-content/plugins/elementor/assets/lib/dialog/" "Mozilla/5.0 AppleWebKit/537.36 (KHTML, like Gecko; compatible; GPTBot/1.3; +https://openai.com/gptbot)"
167.99.125.188 - - [05/Apr/2026:11:20:01 -0400] "POST /wp-login.php HTTP/1.0" 200 6464 "-" "Mozilla/5.0"
74.7.227.150 - - [05/Apr/2026:11:20:21 -0400] "GET /wp-content/plugins/elementor/assets/lib/pickr/?C=N;O=D HTTP/1.0" 200 418 "https://linguareachagency.com/wp-content/plugins/elementor/assets/lib/pickr/" "Mozilla/5.0 AppleWebKit/537.36 (KHTML, like Gecko; compatible; GPTBot/1.3; +https://openai.com/gptbot)"
74.7.227.150 - - [05/Apr/2026:11:21:04 -0400] "GET /wp-content/plugins/elementor/assets/lib/hover/?C=M;O=A HTTP/1.0" 200 418 "https://linguareachagency.com/wp-content/plugins/elementor/assets/lib/hover/" "Mozilla/5.0 AppleWebKit/537.36 (KHTML, like Gecko; compatible; GPTBot/1.3; +https://openai.com/gptbot)"
74.7.227.150 - - [05/Apr/2026:11:21:45 -0400] "GET /wp-content/plugins/elementor/assets/lib/hover/?C=N;O=D HTTP/1.0" 200 415 "https://linguareachagency.com/wp-content/plugins/elementor/assets/lib/hover/" "Mozilla/5.0 AppleWebKit/537.36 (KHTML, like Gecko; compatible; GPTBot/1.3; +https://openai.com/gptbot)"
144.208.76.23 - - [05/Apr/2026:11:21:59 -0400] "POST /wp-cron.php?doing_wp_cron=1775402519.0840110778808593750000 HTTP/1.0" 200 - "-" "WordPress/6.9.4; https://linguareachagency.com"
170.64.178.144 - - [05/Apr/2026:11:21:58 -0400] "POST /wp-login.php HTTP/1.0" 200 6464 "-" "Mozilla/5.0"
161.178.3.105 - - [05/Apr/2026:11:22:09 -0400] "POST /wp-login.php HTTP/1.0" 200 6464 "-" "Mozilla/5.0"
74.7.227.150 - - [05/Apr/2026:11:22:13 -0400] "GET /wp-content/plugins/elementor/assets/lib/dialog/?C=N;O=D HTTP/1.0" 200 411 "https://linguareachagency.com/wp-content/plugins/elementor/assets/lib/dialog/" "Mozilla/5.0 AppleWebKit/537.36 (KHTML, like Gecko; compatible; GPTBot/1.3; +https://openai.com/gptbot)"
74.7.227.150 - - [05/Apr/2026:11:22:45 -0400] "GET /wp-content/plugins/elementor/assets/lib/hover/?C=D;O=A HTTP/1.0" 200 418 "https://linguareachagency.com/wp-content/plugins/elementor/assets/lib/hover/" "Mozilla/5.0 AppleWebKit/537.36 (KHTML, like Gecko; compatible; GPTBot/1.3; +https://openai.com/gptbot)"
74.7.227.150 - - [05/Apr/2026:11:23:10 -0400] "GET /wp-content/plugins/elementor/assets/lib/hover/?C=S;O=A HTTP/1.0" 200 417 "https://linguareachagency.com/wp-content/plugins/elementor/assets/lib/hover/" "Mozilla/5.0 AppleWebKit/537.36 (KHTML, like Gecko; compatible; GPTBot/1.3; +https://openai.com/gptbot)"
74.7.227.150 - - [05/Apr/2026:11:23:34 -0400] "GET /wp-content/plugins/elementor/assets/lib/pickr/?C=D;O=A HTTP/1.0" 200 422 "https://linguareachagency.com/wp-content/plugins/elementor/assets/lib/pickr/" "Mozilla/5.0 AppleWebKit/537.36 (KHTML, like Gecko; compatible; GPTBot/1.3; +https://openai.com/gptbot)"
74.7.227.150 - - [05/Apr/2026:11:23:56 -0400] "GET /wp-content/plugins/pro-elements/modules/payments/classes/?C=D;O=A HTTP/1.0" 200 434 "https://linguareachagency.com/wp-content/plugins/pro-elements/modules/payments/classes/" "Mozilla/5.0 AppleWebKit/537.36 (KHTML, like Gecko; compatible; GPTBot/1.3; +https://openai.com/gptbot)"
74.7.227.150 - - [05/Apr/2026:11:24:19 -0400] "GET /wp-content/plugins/elementor/assets/lib/pickr/?C=S;O=D HTTP/1.0" 200 422 "https://linguareachagency.com/wp-content/plugins/elementor/assets/lib/pickr/?C=S;O=A" "Mozilla/5.0 AppleWebKit/537.36 (KHTML, like Gecko; compatible; GPTBot/1.3; +https://openai.com/gptbot)"
74.7.227.150 - - [05/Apr/2026:11:24:38 -0400] "GET /wp-content/plugins/elementor/assets/lib/pickr/?C=M;O=D HTTP/1.0" 200 418 "https://linguareachagency.com/wp-content/plugins/elementor/assets/lib/pickr/?C=M;O=A" "Mozilla/5.0 AppleWebKit/537.36 (KHTML, like Gecko; compatible; GPTBot/1.3; +https://openai.com/gptbot)"
74.7.227.150 - - [05/Apr/2026:11:25:00 -0400] "GET /wp-content/plugins/elementor/assets/lib/dialog/?C=S;O=D HTTP/1.0" 200 413 "https://linguareachagency.com/wp-content/plugins/elementor/assets/lib/dialog/?C=S;O=A" "Mozilla/5.0 AppleWebKit/537.36 (KHTML, like Gecko; compatible; GPTBot/1.3; +https://openai.com/gptbot)"
74.7.227.150 - - [05/Apr/2026:11:25:05 -0400] "GET /wp-content/plugins/elementor/assets/lib/dialog/?C=D;O=A HTTP/1.0" 200 415 "https://linguareachagency.com/wp-content/plugins/elementor/assets/lib/dialog/?C=S;O=A" "Mozilla/5.0 AppleWebKit/537.36 (KHTML, like Gecko; compatible; GPTBot/1.3; +https://openai.com/gptbot)"
74.7.227.150 - - [05/Apr/2026:11:25:23 -0400] "GET /wp-content/plugins/elementor/assets/lib/hover/?C=N;O=A HTTP/1.0" 200 418 "https://linguareachagency.com/wp-content/plugins/elementor/assets/lib/hover/?C=M;O=A" "Mozilla/5.0 AppleWebKit/537.36 (KHTML, like Gecko; compatible; GPTBot/1.3; +https://openai.com/gptbot)"
74.7.227.150 - - [05/Apr/2026:11:25:30 -0400] "GET /wp-content/plugins/elementor/assets/lib/dialog/?C=M;O=A HTTP/1.0" 200 416 "https://linguareachagency.com/wp-content/plugins/elementor/assets/lib/dialog/?C=S;O=A" "Mozilla/5.0 AppleWebKit/537.36 (KHTML, like Gecko; compatible; GPTBot/1.3; +https://openai.com/gptbot)"
74.7.227.150 - - [05/Apr/2026:11:25:40 -0400] "GET /wp-content/plugins/elementor/assets/lib/hover/?C=M;O=D HTTP/1.0" 200 415 "https://linguareachagency.com/wp-content/plugins/elementor/assets/lib/hover/?C=M;O=A" "Mozilla/5.0 AppleWebKit/537.36 (KHTML, like Gecko; compatible; GPTBot/1.3; +https://openai.com/gptbot)"
74.7.227.150 - - [05/Apr/2026:11:25:49 -0400] "GET /wp-content/plugins/elementor/assets/lib/pickr/?C=N;O=A HTTP/1.0" 429 17 "https://linguareachagency.com/wp-content/plugins/elementor/assets/lib/pickr/?C=S;O=A" "Mozilla/5.0 AppleWebKit/537.36 (KHTML, like Gecko; compatible; GPTBot/1.3; +https://openai.com/gptbot)"
74.7.227.150 - - [05/Apr/2026:11:26:05 -0400] "GET /wp-content/plugins/elementor/assets/lib/hover/?C=S;O=D HTTP/1.0" 429 17 "https://linguareachagency.com/wp-content/plugins/elementor/assets/lib/hover/?C=S;O=A" "Mozilla/5.0 AppleWebKit/537.36 (KHTML, like Gecko; compatible; GPTBot/1.3; +https://openai.com/gptbot)"
