74.7.243.230 - - [05/Apr/2026:23:11:28 -0400] "GET /wp-content/plugins/pro-elements/modules/dynamic-tags/toolset/?C=N;O=D HTTP/1.0" 200 423 "https://linguareachagency.com/wp-content/plugins/pro-elements/modules/dynamic-tags/toolset/" "Mozilla/5.0 AppleWebKit/537.36 (KHTML, like Gecko; compatible; GPTBot/1.3; +https://openai.com/gptbot)"
161.178.132.46 - - [05/Apr/2026:23:11:52 -0400] "POST /wp-login.php HTTP/1.0" 200 6464 "-" "Mozilla/5.0"
74.7.243.230 - - [05/Apr/2026:23:12:10 -0400] "GET /wp-content/plugins/pro-elements/modules/dynamic-tags/toolset/?C=M;O=A HTTP/1.0" 200 426 "https://linguareachagency.com/wp-content/plugins/pro-elements/modules/dynamic-tags/toolset/" "Mozilla/5.0 AppleWebKit/537.36 (KHTML, like Gecko; compatible; GPTBot/1.3; +https://openai.com/gptbot)"
74.7.243.230 - - [05/Apr/2026:23:12:47 -0400] "GET /wp-content/plugins/pro-elements/modules/dynamic-tags/toolset/?C=S;O=A HTTP/1.0" 200 425 "https://linguareachagency.com/wp-content/plugins/pro-elements/modules/dynamic-tags/toolset/" "Mozilla/5.0 AppleWebKit/537.36 (KHTML, like Gecko; compatible; GPTBot/1.3; +https://openai.com/gptbot)"
74.7.243.230 - - [05/Apr/2026:23:13:21 -0400] "GET /wp-content/plugins/elementor/data/base/?C=D;O=A HTTP/1.0" 200 473 "https://linguareachagency.com/wp-content/plugins/elementor/data/base/" "Mozilla/5.0 AppleWebKit/537.36 (KHTML, like Gecko; compatible; GPTBot/1.3; +https://openai.com/gptbot)"
74.7.243.230 - - [05/Apr/2026:23:13:51 -0400] "GET /wp-content/plugins/pro-elements/data/base/?C=N;O=D HTTP/1.0" 200 397 "https://linguareachagency.com/wp-content/plugins/pro-elements/data/base/" "Mozilla/5.0 AppleWebKit/537.36 (KHTML, like Gecko; compatible; GPTBot/1.3; +https://openai.com/gptbot)"
74.7.243.230 - - [05/Apr/2026:23:14:19 -0400] "GET /wp-content/plugins/pro-elements/core/data/?C=D;O=A HTTP/1.0" 200 436 "https://linguareachagency.com/wp-content/plugins/pro-elements/core/data/" "Mozilla/5.0 AppleWebKit/537.36 (KHTML, like Gecko; compatible; GPTBot/1.3; +https://openai.com/gptbot)"
74.7.243.230 - - [05/Apr/2026:23:14:44 -0400] "GET /wp-content/plugins/pro-elements/data/base/?C=D;O=A HTTP/1.0" 200 399 "https://linguareachagency.com/wp-content/plugins/pro-elements/data/base/" "Mozilla/5.0 AppleWebKit/537.36 (KHTML, like Gecko; compatible; GPTBot/1.3; +https://openai.com/gptbot)"
74.7.243.230 - - [05/Apr/2026:23:15:05 -0400] "GET /wp-content/plugins/pro-elements/data/base/?C=M;O=A HTTP/1.0" 200 399 "https://linguareachagency.com/wp-content/plugins/pro-elements/data/base/" "Mozilla/5.0 AppleWebKit/537.36 (KHTML, like Gecko; compatible; GPTBot/1.3; +https://openai.com/gptbot)"
74.7.243.230 - - [05/Apr/2026:23:15:25 -0400] "GET /wp-content/plugins/elementor/data/base/?C=N;O=D HTTP/1.0" 200 468 "https://linguareachagency.com/wp-content/plugins/elementor/data/base/" "Mozilla/5.0 AppleWebKit/537.36 (KHTML, like Gecko; compatible; GPTBot/1.3; +https://openai.com/gptbot)"
74.7.243.230 - - [05/Apr/2026:23:15:43 -0400] "GET /wp-content/plugins/pro-elements/core/app/modules/import-export-customization/assets/js/hooks/use-custom-post-types.js HTTP/1.0" 200 379 "https://linguareachagency.com/wp-content/plugins/pro-elements/core/app/modules/import-export-customization/assets/js/hooks/?C=D;O=D" "Mozilla/5.0 AppleWebKit/537.36 (KHTML, like Gecko; compatible; GPTBot/1.3; +https://openai.com/gptbot)"
74.7.243.230 - - [05/Apr/2026:23:16:00 -0400] "GET /wp-content/plugins/pro-elements/core/app/modules/import-export-customization/assets/js/hooks/?C=N;O=A HTTP/1.0" 200 537 "https://linguareachagency.com/wp-content/plugins/pro-elements/core/app/modules/import-export-customization/assets/js/hooks/?C=D;O=D" "Mozilla/5.0 AppleWebKit/537.36 (KHTML, like Gecko; compatible; GPTBot/1.3; +https://openai.com/gptbot)"
15.181.97.95 - - [05/Apr/2026:23:16:10 -0400] "POST /wp-login.php HTTP/1.0" 200 6464 "-" "Mozilla/5.0"
74.7.243.230 - - [05/Apr/2026:23:16:15 -0400] "GET /wp-content/plugins/pro-elements/modules/dynamic-tags/toolset/?C=D;O=D HTTP/1.0" 200 423 "https://linguareachagency.com/wp-content/plugins/pro-elements/modules/dynamic-tags/toolset/?C=D;O=A" "Mozilla/5.0 AppleWebKit/537.36 (KHTML, like Gecko; compatible; GPTBot/1.3; +https://openai.com/gptbot)"
74.7.243.230 - - [05/Apr/2026:23:16:28 -0400] "GET /wp-content/plugins/pro-elements/modules/dynamic-tags/toolset/?C=M;O=D HTTP/1.0" 200 423 "https://linguareachagency.com/wp-content/plugins/pro-elements/modules/dynamic-tags/toolset/?C=M;O=A" "Mozilla/5.0 AppleWebKit/537.36 (KHTML, like Gecko; compatible; GPTBot/1.3; +https://openai.com/gptbot)"
74.7.243.230 - - [05/Apr/2026:23:16:39 -0400] "GET /wp-content/plugins/pro-elements/modules/dynamic-tags/toolset/?C=S;O=D HTTP/1.0" 200 424 "https://linguareachagency.com/wp-content/plugins/pro-elements/modules/dynamic-tags/toolset/?C=S;O=A" "Mozilla/5.0 AppleWebKit/537.36 (KHTML, like Gecko; compatible; GPTBot/1.3; +https://openai.com/gptbot)"
74.7.243.230 - - [05/Apr/2026:23:16:50 -0400] "GET /wp-content/plugins/elementor/data/base/controller.php HTTP/1.0" 500 - "https://linguareachagency.com/wp-content/plugins/elementor/data/base/?C=D;O=A" "Mozilla/5.0 AppleWebKit/537.36 (KHTML, like Gecko; compatible; GPTBot/1.3; +https://openai.com/gptbot)"
74.7.243.230 - - [05/Apr/2026:23:16:59 -0400] "GET /wp-content/plugins/pro-elements/data/base/controller.php HTTP/1.0" 429 17 "https://linguareachagency.com/wp-content/plugins/pro-elements/data/base/?C=N;O=D" "Mozilla/5.0 AppleWebKit/537.36 (KHTML, like Gecko; compatible; GPTBot/1.3; +https://openai.com/gptbot)"
142.111.152.74 - - [05/Apr/2026:23:17:25 -0400] "POST /wp-login.php HTTP/1.0" 200 6464 "-" "Mozilla/5.0"
74.7.243.230 - - [05/Apr/2026:23:17:28 -0400] "GET /wp-content/plugins/elementor/data/base/sub-endpoint.php HTTP/1.0" 429 17 "https://linguareachagency.com/wp-content/plugins/elementor/data/base/?C=D;O=A" "Mozilla/5.0 AppleWebKit/537.36 (KHTML, like Gecko; compatible; GPTBot/1.3; +https://openai.com/gptbot)"
74.7.243.230 - - [05/Apr/2026:23:18:33 -0400] "GET /wp-content/plugins/pro-elements/modules/dynamic-tags/toolset/?C=N;O=A HTTP/1.0" 200 426 "https://linguareachagency.com/wp-content/plugins/pro-elements/modules/dynamic-tags/toolset/?C=D;O=A" "Mozilla/5.0 AppleWebKit/537.36 (KHTML, like Gecko; compatible; GPTBot/1.3; +https://openai.com/gptbot)"
74.7.243.230 - - [05/Apr/2026:23:19:36 -0400] "GET /wp-content/plugins/pro-elements/data/base/?C=N;O=A HTTP/1.0" 200 399 "https://linguareachagency.com/wp-content/plugins/pro-elements/data/base/?C=N;O=D" "Mozilla/5.0 AppleWebKit/537.36 (KHTML, like Gecko; compatible; GPTBot/1.3; +https://openai.com/gptbot)"
74.7.243.230 - - [05/Apr/2026:23:20:33 -0400] "GET /wp-content/plugins/pro-elements/data/base/?C=M;O=D HTTP/1.0" 200 397 "https://linguareachagency.com/wp-content/plugins/pro-elements/data/base/?C=M;O=A" "Mozilla/5.0 AppleWebKit/537.36 (KHTML, like Gecko; compatible; GPTBot/1.3; +https://openai.com/gptbot)"
74.7.243.230 - - [05/Apr/2026:23:21:25 -0400] "GET /wp-content/plugins/pro-elements/core/data/?C=S;O=A HTTP/1.0" 200 438 "https://linguareachagency.com/wp-content/plugins/pro-elements/core/data/" "Mozilla/5.0 AppleWebKit/537.36 (KHTML, like Gecko; compatible; GPTBot/1.3; +https://openai.com/gptbot)"
74.7.243.230 - - [05/Apr/2026:23:22:10 -0400] "GET /wp-content/plugins/pro-elements/data/base/?C=S;O=A HTTP/1.0" 200 399 "https://linguareachagency.com/wp-content/plugins/pro-elements/data/base/" "Mozilla/5.0 AppleWebKit/537.36 (KHTML, like Gecko; compatible; GPTBot/1.3; +https://openai.com/gptbot)"
74.7.243.230 - - [05/Apr/2026:23:22:52 -0400] "GET /wp-content/plugins/pro-elements/core/data/?C=N;O=D HTTP/1.0" 200 434 "https://linguareachagency.com/wp-content/plugins/pro-elements/core/data/" "Mozilla/5.0 AppleWebKit/537.36 (KHTML, like Gecko; compatible; GPTBot/1.3; +https://openai.com/gptbot)"
74.7.243.230 - - [05/Apr/2026:23:23:27 -0400] "GET /wp-content/plugins/pro-elements/core/data/?C=N;O=A HTTP/1.0" 200 436 "https://linguareachagency.com/wp-content/plugins/pro-elements/core/data/?C=D;O=A" "Mozilla/5.0 AppleWebKit/537.36 (KHTML, like Gecko; compatible; GPTBot/1.3; +https://openai.com/gptbot)"
74.7.243.230 - - [05/Apr/2026:23:23:59 -0400] "GET /wp-content/plugins/pro-elements/core/data/?C=M;O=A HTTP/1.0" 200 437 "https://linguareachagency.com/wp-content/plugins/pro-elements/core/data/" "Mozilla/5.0 AppleWebKit/537.36 (KHTML, like Gecko; compatible; GPTBot/1.3; +https://openai.com/gptbot)"
74.7.243.230 - - [05/Apr/2026:23:24:30 -0400] "GET /wp-content/plugins/elementor/data/base/?C=M;O=A HTTP/1.0" 200 474 "https://linguareachagency.com/wp-content/plugins/elementor/data/base/" "Mozilla/5.0 AppleWebKit/537.36 (KHTML, like Gecko; compatible; GPTBot/1.3; +https://openai.com/gptbot)"
144.208.76.23 - - [05/Apr/2026:23:24:49 -0400] "POST /wp-cron.php?doing_wp_cron=1775445889.3439528942108154296875 HTTP/1.0" 200 - "-" "WordPress/6.9.4; https://linguareachagency.com"
136.144.35.240 - - [05/Apr/2026:23:24:48 -0400] "POST /wp-login.php HTTP/1.0" 200 6464 "-" "Mozilla/5.0"
74.7.243.230 - - [05/Apr/2026:23:24:56 -0400] "GET /wp-content/plugins/elementor/data/base/?C=S;O=A HTTP/1.0" 200 471 "https://linguareachagency.com/wp-content/plugins/elementor/data/base/" "Mozilla/5.0 AppleWebKit/537.36 (KHTML, like Gecko; compatible; GPTBot/1.3; +https://openai.com/gptbot)"
74.7.243.230 - - [05/Apr/2026:23:25:20 -0400] "GET /wp-content/plugins/elementor/data/base/?C=N;O=A HTTP/1.0" 200 473 "https://linguareachagency.com/wp-content/plugins/elementor/data/base/?C=D;O=A" "Mozilla/5.0 AppleWebKit/537.36 (KHTML, like Gecko; compatible; GPTBot/1.3; +https://openai.com/gptbot)"
74.7.243.230 - - [05/Apr/2026:23:25:42 -0400] "GET /wp-includes/js/wp-emoji-release.min.js?ver=6.9.4 HTTP/1.0" 200 5375 "https://linguareachagency.com/" "Mozilla/5.0 AppleWebKit/537.36 (KHTML, like Gecko; compatible; GPTBot/1.3; +https://openai.com/gptbot)"
74.7.243.230 - - [05/Apr/2026:23:26:02 -0400] "GET /wp-content/plugins/pro-elements/data/base/controller.php HTTP/1.0" 500 - "https://linguareachagency.com/wp-content/plugins/pro-elements/data/base/?C=N;O=A" "Mozilla/5.0 AppleWebKit/537.36 (KHTML, like Gecko; compatible; GPTBot/1.3; +https://openai.com/gptbot)"
74.7.243.230 - - [05/Apr/2026:23:26:19 -0400] "GET /wp-content/plugins/elementor/assets/lib/animations/styles/e-animation-bob.min.css HTTP/1.0" 200 236 "https://linguareachagency.com/wp-content/plugins/elementor/assets/lib/animations/styles/" "Mozilla/5.0 AppleWebKit/537.36 (KHTML, like Gecko; compatible; GPTBot/1.3; +https://openai.com/gptbot)"
15.181.97.95 - - [05/Apr/2026:23:26:36 -0400] "POST /wp-login.php HTTP/1.0" 200 6464 "-" "Mozilla/5.0"
74.7.243.230 - - [05/Apr/2026:23:27:14 -0400] "GET /wp-content/plugins/pro-elements/core/data/?C=S;O=D HTTP/1.0" 200 433 "https://linguareachagency.com/wp-content/plugins/pro-elements/core/data/?C=S;O=A" "Mozilla/5.0 AppleWebKit/537.36 (KHTML, like Gecko; compatible; GPTBot/1.3; +https://openai.com/gptbot)"
74.7.243.230 - - [05/Apr/2026:23:28:04 -0400] "GET /wp-content/plugins/pro-elements/data/base/?C=S;O=D HTTP/1.0" 200 397 "https://linguareachagency.com/wp-content/plugins/pro-elements/data/base/?C=S;O=A" "Mozilla/5.0 AppleWebKit/537.36 (KHTML, like Gecko; compatible; GPTBot/1.3; +https://openai.com/gptbot)"
74.7.243.230 - - [05/Apr/2026:23:28:46 -0400] "GET /wp-content/plugins/elementor/assets/lib/animations/styles/e-animation-pop.min.css HTTP/1.0" 200 154 "https://linguareachagency.com/wp-content/plugins/elementor/assets/lib/animations/styles/" "Mozilla/5.0 AppleWebKit/537.36 (KHTML, like Gecko; compatible; GPTBot/1.3; +https://openai.com/gptbot)"
74.7.243.230 - - [05/Apr/2026:23:29:25 -0400] "GET /wp-content/plugins/elementor/app/modules/import-export/runners/?C=N;O=D HTTP/1.0" 200 449 "https://linguareachagency.com/wp-content/plugins/elementor/app/modules/import-export/runners/" "Mozilla/5.0 AppleWebKit/537.36 (KHTML, like Gecko; compatible; GPTBot/1.3; +https://openai.com/gptbot)"
74.7.243.230 - - [05/Apr/2026:23:30:00 -0400] "GET /wp-content/plugins/pro-elements/core/data/?C=M;O=D HTTP/1.0" 200 434 "https://linguareachagency.com/wp-content/plugins/pro-elements/core/data/?C=M;O=A" "Mozilla/5.0 AppleWebKit/537.36 (KHTML, like Gecko; compatible; GPTBot/1.3; +https://openai.com/gptbot)"
74.7.243.230 - - [05/Apr/2026:23:30:33 -0400] "GET /wp-content/plugins/elementor/data/base/sub-endpoint.php HTTP/1.0" 500 - "https://linguareachagency.com/wp-content/plugins/elementor/data/base/?C=M;O=A" "Mozilla/5.0 AppleWebKit/537.36 (KHTML, like Gecko; compatible; GPTBot/1.3; +https://openai.com/gptbot)"
74.7.243.230 - - [05/Apr/2026:23:31:01 -0400] "GET /wp-content/plugins/elementor/data/base/?C=M;O=D HTTP/1.0" 200 468 "https://linguareachagency.com/wp-content/plugins/elementor/data/base/?C=M;O=A" "Mozilla/5.0 AppleWebKit/537.36 (KHTML, like Gecko; compatible; GPTBot/1.3; +https://openai.com/gptbot)"
155.2.215.99 - - [05/Apr/2026:23:31:18 -0400] "POST /wp-login.php HTTP/1.0" 200 6464 "-" "Mozilla/5.0"
74.7.243.230 - - [05/Apr/2026:23:32:05 -0400] "GET /wp-content/plugins/elementor/data/base/?C=S;O=D HTTP/1.0" 200 471 "https://linguareachagency.com/wp-content/plugins/elementor/data/base/?C=S;O=A" "Mozilla/5.0 AppleWebKit/537.36 (KHTML, like Gecko; compatible; GPTBot/1.3; +https://openai.com/gptbot)"
74.7.243.230 - - [05/Apr/2026:23:33:02 -0400] "GET /wp-includes/js/',b,' HTTP/1.0" 301 - "https://linguareachagency.com/wp-includes/js/wp-emoji-release.min.js?ver=6.9.4" "Mozilla/5.0 AppleWebKit/537.36 (KHTML, like Gecko; compatible; GPTBot/1.3; +https://openai.com/gptbot)"
74.7.243.230 - - [05/Apr/2026:23:33:02 -0400] "GET /wp-includes/js/,b, HTTP/1.0" 301 - "https://linguareachagency.com/wp-includes/js/',b,'" "Mozilla/5.0 AppleWebKit/537.36 (KHTML, like Gecko; compatible; GPTBot/1.3; +https://openai.com/gptbot)"
74.7.243.230 - - [05/Apr/2026:23:33:02 -0400] "GET /book-a-call/ HTTP/1.0" 200 31141 "https://linguareachagency.com/wp-includes/js/,b," "Mozilla/5.0 AppleWebKit/537.36 (KHTML, like Gecko; compatible; GPTBot/1.3; +https://openai.com/gptbot)"
74.7.243.230 - - [05/Apr/2026:23:33:51 -0400] "GET /wp-content/plugins/elementor/app/modules/import-export/runners/?C=D;O=A HTTP/1.0" 200 449 "https://linguareachagency.com/wp-content/plugins/elementor/app/modules/import-export/runners/" "Mozilla/5.0 AppleWebKit/537.36 (KHTML, like Gecko; compatible; GPTBot/1.3; +https://openai.com/gptbot)"
74.7.243.230 - - [05/Apr/2026:23:34:36 -0400] "GET /wp-content/plugins/elementor/app/modules/import-export/runners/?C=S;O=A HTTP/1.0" 200 450 "https://linguareachagency.com/wp-content/plugins/elementor/app/modules/import-export/runners/" "Mozilla/5.0 AppleWebKit/537.36 (KHTML, like Gecko; compatible; GPTBot/1.3; +https://openai.com/gptbot)"
74.7.243.230 - - [05/Apr/2026:23:35:18 -0400] "GET /wp-content/plugins/elementor/app/modules/import-export/runners/?C=M;O=A HTTP/1.0" 200 450 "https://linguareachagency.com/wp-content/plugins/elementor/app/modules/import-export/runners/" "Mozilla/5.0 AppleWebKit/537.36 (KHTML, like Gecko; compatible; GPTBot/1.3; +https://openai.com/gptbot)"
74.7.243.230 - - [05/Apr/2026:23:35:55 -0400] "GET /wp-content/plugins/elementor/assets/js/?C=N;O=D HTTP/1.0" 200 4134 "https://linguareachagency.com/wp-content/plugins/elementor/assets/js/" "Mozilla/5.0 AppleWebKit/537.36 (KHTML, like Gecko; compatible; GPTBot/1.3; +https://openai.com/gptbot)"
74.7.243.230 - - [05/Apr/2026:23:36:29 -0400] "GET /wp-content/plugins/pro-elements/core/app/?C=S;O=A HTTP/1.0" 200 425 "https://linguareachagency.com/wp-content/plugins/pro-elements/core/app/" "Mozilla/5.0 AppleWebKit/537.36 (KHTML, like Gecko; compatible; GPTBot/1.3; +https://openai.com/gptbot)"
74.7.243.230 - - [05/Apr/2026:23:36:58 -0400] "GET /wp-content/plugins/elementor/app/modules/import-export/runners/?C=N;O=A HTTP/1.0" 200 449 "https://linguareachagency.com/wp-content/plugins/elementor/app/modules/import-export/runners/?C=N;O=D" "Mozilla/5.0 AppleWebKit/537.36 (KHTML, like Gecko; compatible; GPTBot/1.3; +https://openai.com/gptbot)"
144.208.76.23 - - [05/Apr/2026:23:37:20 -0400] "POST /wp-cron.php?doing_wp_cron=1775446640.6205201148986816406250 HTTP/1.0" 200 - "-" "WordPress/6.9.4; https://linguareachagency.com"
161.178.132.46 - - [05/Apr/2026:23:37:20 -0400] "POST /wp-login.php HTTP/1.0" 200 6464 "-" "Mozilla/5.0"
15.181.97.95 - - [05/Apr/2026:23:37:21 -0400] "POST /wp-login.php HTTP/1.0" 200 6464 "-" "Mozilla/5.0"
74.7.243.230 - - [05/Apr/2026:23:37:24 -0400] "GET /wp-content/plugins/elementor/core/base/?C=M;O=A HTTP/1.0" 200 601 "https://linguareachagency.com/wp-content/plugins/elementor/core/base/" "Mozilla/5.0 AppleWebKit/537.36 (KHTML, like Gecko; compatible; GPTBot/1.3; +https://openai.com/gptbot)"
74.7.243.230 - - [05/Apr/2026:23:37:49 -0400] "GET /wp-content/plugins/elementor/assets/js/?C=D;O=A HTTP/1.0" 200 4240 "https://linguareachagency.com/wp-content/plugins/elementor/assets/js/" "Mozilla/5.0 AppleWebKit/537.36 (KHTML, like Gecko; compatible; GPTBot/1.3; +https://openai.com/gptbot)"
74.7.243.230 - - [05/Apr/2026:23:38:12 -0400] "GET /wp-content/plugins/pro-elements/assets/js/?C=S;O=A HTTP/1.0" 200 3692 "https://linguareachagency.com/wp-content/plugins/pro-elements/assets/js/" "Mozilla/5.0 AppleWebKit/537.36 (KHTML, like Gecko; compatible; GPTBot/1.3; +https://openai.com/gptbot)"
74.7.243.230 - - [05/Apr/2026:23:38:33 -0400] "GET /wp-content/plugins/elementor/core/kits/?C=D;O=A HTTP/1.0" 200 442 "https://linguareachagency.com/wp-content/plugins/elementor/core/kits/" "Mozilla/5.0 AppleWebKit/537.36 (KHTML, like Gecko; compatible; GPTBot/1.3; +https://openai.com/gptbot)"
74.7.243.230 - - [05/Apr/2026:23:38:49 -0400] "GET /?p=57 HTTP/1.0" 301 - "https://linguareachagency.com/wp-includes/js/',b,'" "Mozilla/5.0 AppleWebKit/537.36 (KHTML, like Gecko; compatible; GPTBot/1.3; +https://openai.com/gptbot)"
74.7.243.230 - - [05/Apr/2026:23:39:06 -0400] "GET /wp-json/wp/v2/pages/57 HTTP/1.0" 200 2374 "https://linguareachagency.com/wp-includes/js/',b,'" "Mozilla/5.0 AppleWebKit/537.36 (KHTML, like Gecko; compatible; GPTBot/1.3; +https://openai.com/gptbot)"
74.7.243.230 - - [05/Apr/2026:23:39:19 -0400] "GET /wp-json/oembed/1.0/embed?url=https%3A%2F%2Flinguareachagency.com%2Fbook-a-call%2F HTTP/1.0" 200 1071 "https://linguareachagency.com/wp-includes/js/',b,'" "Mozilla/5.0 AppleWebKit/537.36 (KHTML, like Gecko; compatible; GPTBot/1.3; +https://openai.com/gptbot)"
74.7.243.230 - - [05/Apr/2026:23:39:32 -0400] "GET /wp-json/oembed/1.0/embed?format=xml&url=https%3A%2F%2Flinguareachagency.com%2Fbook-a-call%2F HTTP/1.0" 200 1100 "https://linguareachagency.com/wp-includes/js/',b,'" "Mozilla/5.0 AppleWebKit/537.36 (KHTML, like Gecko; compatible; GPTBot/1.3; +https://openai.com/gptbot)"
74.7.243.230 - - [05/Apr/2026:23:39:44 -0400] "GET /wp-content/plugins/elementor/assets/js/ai-unify-product-images.js HTTP/1.0" 200 356191 "https://linguareachagency.com/wp-content/plugins/elementor/assets/js/?C=N;O=D" "Mozilla/5.0 AppleWebKit/537.36 (KHTML, like Gecko; compatible; GPTBot/1.3; +https://openai.com/gptbot)"
74.7.243.230 - - [05/Apr/2026:23:39:54 -0400] "GET /wp-content/plugins/elementor/assets/js/frontend-modules.js HTTP/1.0" 200 43522 "https://linguareachagency.com/wp-content/plugins/elementor/assets/js/?C=N;O=D" "Mozilla/5.0 AppleWebKit/537.36 (KHTML, like Gecko; compatible; GPTBot/1.3; +https://openai.com/gptbot)"
74.7.243.230 - - [05/Apr/2026:23:40:04 -0400] "GET /wp-content/plugins/elementor/assets/js/container-converter.js HTTP/1.0" 200 8444 "https://linguareachagency.com/wp-content/plugins/elementor/assets/js/?C=N;O=D" "Mozilla/5.0 AppleWebKit/537.36 (KHTML, like Gecko; compatible; GPTBot/1.3; +https://openai.com/gptbot)"
74.7.243.230 - - [05/Apr/2026:23:40:12 -0400] "GET /wp-content/plugins/elementor/assets/js/app.min.js.LICENSE.txt HTTP/1.0" 200 156 "https://linguareachagency.com/wp-content/plugins/elementor/assets/js/?C=N;O=D" "Mozilla/5.0 AppleWebKit/537.36 (KHTML, like Gecko; compatible; GPTBot/1.3; +https://openai.com/gptbot)"
74.7.243.230 - - [05/Apr/2026:23:40:20 -0400] "GET /wp-content/plugins/elementor/app/modules/import-export/runners/?C=D;O=D HTTP/1.0" 200 449 "https://linguareachagency.com/wp-content/plugins/elementor/app/modules/import-export/runners/?C=D;O=A" "Mozilla/5.0 AppleWebKit/537.36 (KHTML, like Gecko; compatible; GPTBot/1.3; +https://openai.com/gptbot)"
74.7.243.230 - - [05/Apr/2026:23:40:27 -0400] "GET /wp-content/plugins/pro-elements/assets/js/code-highlight.b9addbc842a50347c9ab.bundle.min.js HTTP/1.0" 200 305 "https://linguareachagency.com/wp-content/plugins/pro-elements/assets/js/?C=S;O=A" "Mozilla/5.0 AppleWebKit/537.36 (KHTML, like Gecko; compatible; GPTBot/1.3; +https://openai.com/gptbot)"
74.7.243.230 - - [05/Apr/2026:23:40:34 -0400] "GET /wp-content/plugins/pro-elements/assets/js/nested-carousel.ce414a51f188ccf670ee.bundle.js HTTP/1.0" 429 17 "https://linguareachagency.com/wp-content/plugins/pro-elements/assets/js/?C=S;O=A" "Mozilla/5.0 AppleWebKit/537.36 (KHTML, like Gecko; compatible; GPTBot/1.3; +https://openai.com/gptbot)"
74.7.243.230 - - [05/Apr/2026:23:40:39 -0400] "GET /wp-content/plugins/pro-elements/assets/js/woocommerce-purchase-summary.2ebf26dca7d446fdd128.bundle.js HTTP/1.0" 429 17 "https://linguareachagency.com/wp-content/plugins/pro-elements/assets/js/?C=S;O=A" "Mozilla/5.0 AppleWebKit/537.36 (KHTML, like Gecko; compatible; GPTBot/1.3; +https://openai.com/gptbot)"
74.7.243.230 - - [05/Apr/2026:23:40:55 -0400] "GET /wp-content/plugins/pro-elements/assets/js/mega-menu-stretch-content.480e081cebe071d683e8.bundle.min.js HTTP/1.0" 429 17 "https://linguareachagency.com/wp-content/plugins/pro-elements/assets/js/?C=S;O=A" "Mozilla/5.0 AppleWebKit/537.36 (KHTML, like Gecko; compatible; GPTBot/1.3; +https://openai.com/gptbot)"
74.7.243.230 - - [05/Apr/2026:23:41:47 -0400] "GET /wp-content/plugins/pro-elements/assets/js/webpack-pro.runtime.min.js HTTP/1.0" 429 17 "https://linguareachagency.com/wp-content/plugins/pro-elements/assets/js/?C=S;O=A" "Mozilla/5.0 AppleWebKit/537.36 (KHTML, like Gecko; compatible; GPTBot/1.3; +https://openai.com/gptbot)"
74.7.243.230 - - [05/Apr/2026:23:42:47 -0400] "GET /wp-content/plugins/pro-elements/assets/js/media-carousel.8f7b71d582be9d9410fe.bundle.js HTTP/1.0" 200 3050 "https://linguareachagency.com/wp-content/plugins/pro-elements/assets/js/?C=S;O=A" "Mozilla/5.0 AppleWebKit/537.36 (KHTML, like Gecko; compatible; GPTBot/1.3; +https://openai.com/gptbot)"
74.7.243.230 - - [05/Apr/2026:23:43:52 -0400] "GET /wp-content/plugins/elementor/assets/js/ai-unify-product-images.js.map HTTP/1.0" 404 29729 "https://linguareachagency.com/wp-content/plugins/elementor/assets/js/ai-unify-product-images.js" "Mozilla/5.0 AppleWebKit/537.36 (KHTML, like Gecko; compatible; GPTBot/1.3; +https://openai.com/gptbot)"
74.7.243.230 - - [05/Apr/2026:23:44:49 -0400] "GET /wp-content/plugins/elementor/assets/js/frontend-modules.js.map HTTP/1.0" 404 29729 "https://linguareachagency.com/wp-content/plugins/elementor/assets/js/frontend-modules.js" "Mozilla/5.0 AppleWebKit/537.36 (KHTML, like Gecko; compatible; GPTBot/1.3; +https://openai.com/gptbot)"
142.111.152.186 - - [05/Apr/2026:23:45:09 -0400] "POST /wp-login.php HTTP/1.0" 200 6464 "-" "Mozilla/5.0"
74.7.243.230 - - [05/Apr/2026:23:45:48 -0400] "GET /wp-content/plugins/elementor/assets/js/container-converter.js.map HTTP/1.0" 404 29729 "https://linguareachagency.com/wp-content/plugins/elementor/assets/js/container-converter.js" "Mozilla/5.0 AppleWebKit/537.36 (KHTML, like Gecko; compatible; GPTBot/1.3; +https://openai.com/gptbot)"
136.144.35.233 - - [05/Apr/2026:23:46:16 -0400] "POST /wp-login.php HTTP/1.0" 200 6464 "-" "Mozilla/5.0"
74.7.243.230 - - [05/Apr/2026:23:46:47 -0400] "GET /wp-content/plugins/pro-elements/assets/js/off-canvas.137463f629e2b7cbaf02.bundle.min.js HTTP/1.0" 200 2138 "https://linguareachagency.com/wp-content/plugins/pro-elements/assets/js/?C=S;O=A" "Mozilla/5.0 AppleWebKit/537.36 (KHTML, like Gecko; compatible; GPTBot/1.3; +https://openai.com/gptbot)"
74.7.243.230 - - [05/Apr/2026:23:47:43 -0400] "GET /wp-content/plugins/pro-elements/assets/js/portfolio.5727b56368be256d0893.bundle.js HTTP/1.0" 200 3079 "https://linguareachagency.com/wp-content/plugins/pro-elements/assets/js/?C=S;O=A" "Mozilla/5.0 AppleWebKit/537.36 (KHTML, like Gecko; compatible; GPTBot/1.3; +https://openai.com/gptbot)"
15.181.97.95 - - [05/Apr/2026:23:48:15 -0400] "POST /wp-login.php HTTP/1.0" 200 6464 "-" "Mozilla/5.0"
161.178.132.46 - - [05/Apr/2026:23:48:35 -0400] "POST /wp-login.php HTTP/1.0" 200 6464 "-" "Mozilla/5.0"
74.7.243.230 - - [05/Apr/2026:23:48:36 -0400] "GET /wp-content/plugins/pro-elements/assets/js/form.71055747203b48a65a24.bundle.min.js HTTP/1.0" 200 5189 "https://linguareachagency.com/wp-content/plugins/pro-elements/assets/js/?C=S;O=A" "Mozilla/5.0 AppleWebKit/537.36 (KHTML, like Gecko; compatible; GPTBot/1.3; +https://openai.com/gptbot)"
74.7.243.230 - - [05/Apr/2026:23:49:22 -0400] "GET /wp-content/plugins/elementor/app/modules/import-export/runners/?C=M;O=D HTTP/1.0" 200 449 "https://linguareachagency.com/wp-content/plugins/elementor/app/modules/import-export/runners/?C=M;O=A" "Mozilla/5.0 AppleWebKit/537.36 (KHTML, like Gecko; compatible; GPTBot/1.3; +https://openai.com/gptbot)"
74.7.243.230 - - [05/Apr/2026:23:50:04 -0400] "GET /wp-content/plugins/elementor/app/modules/import-export/runners/?C=S;O=D HTTP/1.0" 200 449 "https://linguareachagency.com/wp-content/plugins/elementor/app/modules/import-export/runners/?C=S;O=A" "Mozilla/5.0 AppleWebKit/537.36 (KHTML, like Gecko; compatible; GPTBot/1.3; +https://openai.com/gptbot)"
74.7.243.230 - - [05/Apr/2026:23:50:43 -0400] "GET /wp-content/plugins/elementor/assets/js/?C=N;O=A HTTP/1.0" 200 4240 "https://linguareachagency.com/wp-content/plugins/elementor/assets/js/?C=N;O=D" "Mozilla/5.0 AppleWebKit/537.36 (KHTML, like Gecko; compatible; GPTBot/1.3; +https://openai.com/gptbot)"
74.7.243.230 - - [05/Apr/2026:23:51:15 -0400] "GET /wp-content/plugins/pro-elements/core/app/?C=S;O=D HTTP/1.0" 200 429 "https://linguareachagency.com/wp-content/plugins/pro-elements/core/app/?C=S;O=A" "Mozilla/5.0 AppleWebKit/537.36 (KHTML, like Gecko; compatible; GPTBot/1.3; +https://openai.com/gptbot)"
74.7.243.230 - - [05/Apr/2026:23:51:45 -0400] "GET /wp-content/plugins/pro-elements/assets/js/media-carousel.8f7b71d582be9d9410fe.bundle.js.map HTTP/1.0" 404 29729 "https://linguareachagency.com/wp-content/plugins/pro-elements/assets/js/media-carousel.8f7b71d582be9d9410fe.bundle.js" "Mozilla/5.0 AppleWebKit/537.36 (KHTML, like Gecko; compatible; GPTBot/1.3; +https://openai.com/gptbot)"
74.7.243.230 - - [05/Apr/2026:23:52:14 -0400] "GET /wp-content/plugins/pro-elements/assets/js/?C=N;O=A HTTP/1.0" 200 3687 "https://linguareachagency.com/wp-content/plugins/pro-elements/assets/js/?C=S;O=A" "Mozilla/5.0 AppleWebKit/537.36 (KHTML, like Gecko; compatible; GPTBot/1.3; +https://openai.com/gptbot)"
74.7.243.230 - - [05/Apr/2026:23:52:41 -0400] "GET /wp-content/plugins/pro-elements/assets/js/?C=S;O=D HTTP/1.0" 200 3711 "https://linguareachagency.com/wp-content/plugins/pro-elements/assets/js/?C=S;O=A" "Mozilla/5.0 AppleWebKit/537.36 (KHTML, like Gecko; compatible; GPTBot/1.3; +https://openai.com/gptbot)"
74.7.243.230 - - [05/Apr/2026:23:53:04 -0400] "GET /wp-content/plugins/elementor/core/base/?C=M;O=D HTTP/1.0" 200 589 "https://linguareachagency.com/wp-content/plugins/elementor/core/base/?C=M;O=A" "Mozilla/5.0 AppleWebKit/537.36 (KHTML, like Gecko; compatible; GPTBot/1.3; +https://openai.com/gptbot)"
74.7.243.230 - - [05/Apr/2026:23:53:25 -0400] "GET /wp-content/plugins/pro-elements/assets/js/?C=N;O=D HTTP/1.0" 200 3659 "https://linguareachagency.com/wp-content/plugins/pro-elements/assets/js/" "Mozilla/5.0 AppleWebKit/537.36 (KHTML, like Gecko; compatible; GPTBot/1.3; +https://openai.com/gptbot)"
74.7.243.230 - - [05/Apr/2026:23:53:45 -0400] "GET /wp-content/plugins/pro-elements/assets/js/portfolio.5727b56368be256d0893.bundle.js.map HTTP/1.0" 404 29729 "https://linguareachagency.com/wp-content/plugins/pro-elements/assets/js/portfolio.5727b56368be256d0893.bundle.js" "Mozilla/5.0 AppleWebKit/537.36 (KHTML, like Gecko; compatible; GPTBot/1.3; +https://openai.com/gptbot)"
74.7.243.230 - - [05/Apr/2026:23:54:03 -0400] "GET /wp-content/plugins/pro-elements/assets/js/$%7Be.iconUrl%7D HTTP/1.0" 301 - "https://linguareachagency.com/wp-content/plugins/pro-elements/assets/js/form.71055747203b48a65a24.bundle.min.js" "Mozilla/5.0 AppleWebKit/537.36 (KHTML, like Gecko; compatible; GPTBot/1.3; +https://openai.com/gptbot)"
74.7.243.230 - - [05/Apr/2026:23:54:03 -0400] "GET /wp-content/plugins/pro-elements/assets/js/%7Be.iconUrl HTTP/1.0" 404 29729 "https://linguareachagency.com/wp-content/plugins/pro-elements/assets/js/$%7Be.iconUrl%7D" "Mozilla/5.0 AppleWebKit/537.36 (KHTML, like Gecko; compatible; GPTBot/1.3; +https://openai.com/gptbot)"
74.7.243.230 - - [05/Apr/2026:23:54:20 -0400] "GET /wp-content/plugins/elementor/core/kits/?C=N;O=D HTTP/1.0" 200 445 "https://linguareachagency.com/wp-content/plugins/elementor/core/kits/" "Mozilla/5.0 AppleWebKit/537.36 (KHTML, like Gecko; compatible; GPTBot/1.3; +https://openai.com/gptbot)"
74.7.243.230 - - [05/Apr/2026:23:54:38 -0400] "GET /wp-content/plugins/pro-elements/assets/js/?C=M;O=A HTTP/1.0" 200 3683 "https://linguareachagency.com/wp-content/plugins/pro-elements/assets/js/" "Mozilla/5.0 AppleWebKit/537.36 (KHTML, like Gecko; compatible; GPTBot/1.3; +https://openai.com/gptbot)"
74.7.243.230 - - [05/Apr/2026:23:54:54 -0400] "GET /wp-content/plugins/elementor/core/kits/?C=N;O=A HTTP/1.0" 200 442 "https://linguareachagency.com/wp-content/plugins/elementor/core/kits/?C=D;O=A" "Mozilla/5.0 AppleWebKit/537.36 (KHTML, like Gecko; compatible; GPTBot/1.3; +https://openai.com/gptbot)"
74.7.243.230 - - [05/Apr/2026:23:55:08 -0400] "GET /wp-content/plugins/elementor/core/kits/?C=S;O=A HTTP/1.0" 200 443 "https://linguareachagency.com/wp-content/plugins/elementor/core/kits/" "Mozilla/5.0 AppleWebKit/537.36 (KHTML, like Gecko; compatible; GPTBot/1.3; +https://openai.com/gptbot)"
69.63.189.24 - - [05/Apr/2026:23:55:12 -0400] "GET /robots.txt HTTP/1.0" 200 120 "-" "facebookexternalhit/1.1 (+http://www.facebook.com/externalhit_uatext.php)"
74.7.243.230 - - [05/Apr/2026:23:55:21 -0400] "GET /wp-content/plugins/elementor/core/base/?C=S;O=A HTTP/1.0" 200 591 "https://linguareachagency.com/wp-content/plugins/elementor/core/base/" "Mozilla/5.0 AppleWebKit/537.36 (KHTML, like Gecko; compatible; GPTBot/1.3; +https://openai.com/gptbot)"
74.7.243.230 - - [05/Apr/2026:23:55:32 -0400] "GET /wp-content/plugins/pro-elements/assets/js/nested-carousel.ce414a51f188ccf670ee.bundle.js HTTP/1.0" 200 2139 "https://linguareachagency.com/wp-content/plugins/pro-elements/assets/js/?C=N;O=A" "Mozilla/5.0 AppleWebKit/537.36 (KHTML, like Gecko; compatible; GPTBot/1.3; +https://openai.com/gptbot)"
74.7.243.230 - - [05/Apr/2026:23:55:43 -0400] "GET /wp-content/plugins/pro-elements/assets/js/woocommerce-purchase-summary.2ebf26dca7d446fdd128.bundle.js HTTP/1.0" 200 2327 "https://linguareachagency.com/wp-content/plugins/pro-elements/assets/js/?C=N;O=A" "Mozilla/5.0 AppleWebKit/537.36 (KHTML, like Gecko; compatible; GPTBot/1.3; +https://openai.com/gptbot)"
74.7.243.230 - - [05/Apr/2026:23:55:52 -0400] "GET /wp-content/plugins/pro-elements/assets/js/mega-menu-stretch-content.480e081cebe071d683e8.bundle.min.js HTTP/1.0" 200 506 "https://linguareachagency.com/wp-content/plugins/pro-elements/assets/js/?C=N;O=A" "Mozilla/5.0 AppleWebKit/537.36 (KHTML, like Gecko; compatible; GPTBot/1.3; +https://openai.com/gptbot)"
74.7.243.230 - - [05/Apr/2026:23:56:01 -0400] "GET /wp-content/plugins/pro-elements/assets/js/webpack-pro.runtime.min.js HTTP/1.0" 429 17 "https://linguareachagency.com/wp-content/plugins/pro-elements/assets/js/?C=N;O=A" "Mozilla/5.0 AppleWebKit/537.36 (KHTML, like Gecko; compatible; GPTBot/1.3; +https://openai.com/gptbot)"
74.7.243.230 - - [05/Apr/2026:23:56:09 -0400] "GET /wp-content/plugins/elementor/core/base/?C=D;O=A HTTP/1.0" 429 17 "https://linguareachagency.com/wp-content/plugins/elementor/core/base/" "Mozilla/5.0 AppleWebKit/537.36 (KHTML, like Gecko; compatible; GPTBot/1.3; +https://openai.com/gptbot)"
74.7.243.230 - - [05/Apr/2026:23:56:32 -0400] "GET /wp-content/plugins/elementor/core/base/?C=N;O=A HTTP/1.0" 429 17 "https://linguareachagency.com/wp-content/plugins/elementor/core/base/?C=M;O=A" "Mozilla/5.0 AppleWebKit/537.36 (KHTML, like Gecko; compatible; GPTBot/1.3; +https://openai.com/gptbot)"
74.7.243.230 - - [05/Apr/2026:23:57:35 -0400] "GET /wp-content/plugins/elementor/core/base/?C=N;O=D HTTP/1.0" 429 17 "https://linguareachagency.com/wp-content/plugins/elementor/core/base/" "Mozilla/5.0 AppleWebKit/537.36 (KHTML, like Gecko; compatible; GPTBot/1.3; +https://openai.com/gptbot)"
3.229.248.49 - - [05/Apr/2026:23:58:32 -0400] "GET /wp-login.php HTTP/1.0" 200 1925 "-" "Mozilla/5.0 (Windows NT 6.1) AppleWebKit/537.36 (KHTML, like Gecko) Chrome/66.0.3359.170 Safari/537.36"
3.229.248.49 - - [05/Apr/2026:23:58:33 -0400] "POST /wp-login.php HTTP/1.0" 200 2061 "https://linguareachagency.com/wp-login.php" "Mozilla/5.0 (Windows NT 6.1) AppleWebKit/537.36 (KHTML, like Gecko) Chrome/66.0.3359.170 Safari/537.36"
15.181.97.95 - - [05/Apr/2026:23:58:35 -0400] "POST /wp-login.php HTTP/1.0" 200 6464 "-" "Mozilla/5.0"
74.7.243.230 - - [05/Apr/2026:23:58:39 -0400] "GET /wp-content/plugins/pro-elements/assets/js/?C=M;O=D HTTP/1.0" 200 3662 "https://linguareachagency.com/wp-content/plugins/pro-elements/assets/js/?C=M;O=A" "Mozilla/5.0 AppleWebKit/537.36 (KHTML, like Gecko; compatible; GPTBot/1.3; +https://openai.com/gptbot)"
155.2.215.96 - - [05/Apr/2026:23:58:59 -0400] "POST /wp-login.php HTTP/1.0" 200 6464 "-" "Mozilla/5.0"
161.178.132.46 - - [05/Apr/2026:23:59:33 -0400] "POST /wp-login.php HTTP/1.0" 200 6464 "-" "Mozilla/5.0"
74.7.243.230 - - [05/Apr/2026:23:59:45 -0400] "GET /wp-content/plugins/pro-elements/core/app/?C=N;O=A HTTP/1.0" 200 425 "https://linguareachagency.com/wp-content/plugins/pro-elements/core/app/?C=S;O=A" "Mozilla/5.0 AppleWebKit/537.36 (KHTML, like Gecko; compatible; GPTBot/1.3; +https://openai.com/gptbot)"
74.7.243.230 - - [06/Apr/2026:00:00:42 -0400] "GET /wp-content/plugins/elementor/core/kits/?C=S;O=D HTTP/1.0" 200 446 "https://linguareachagency.com/wp-content/plugins/elementor/core/kits/?C=S;O=A" "Mozilla/5.0 AppleWebKit/537.36 (KHTML, like Gecko; compatible; GPTBot/1.3; +https://openai.com/gptbot)"
74.7.243.230 - - [06/Apr/2026:00:01:31 -0400] "GET /wp-content/plugins/elementor/core/base/?C=S;O=D HTTP/1.0" 200 596 "https://linguareachagency.com/wp-content/plugins/elementor/core/base/?C=S;O=A" "Mozilla/5.0 AppleWebKit/537.36 (KHTML, like Gecko; compatible; GPTBot/1.3; +https://openai.com/gptbot)"
74.7.243.230 - - [06/Apr/2026:00:02:16 -0400] "GET /wp-content/plugins/pro-elements/assets/js/nested-carousel.ce414a51f188ccf670ee.bundle.js.map HTTP/1.0" 404 29729 "https://linguareachagency.com/wp-content/plugins/pro-elements/assets/js/nested-carousel.ce414a51f188ccf670ee.bundle.js" "Mozilla/5.0 AppleWebKit/537.36 (KHTML, like Gecko; compatible; GPTBot/1.3; +https://openai.com/gptbot)"
74.7.243.230 - - [06/Apr/2026:00:02:58 -0400] "GET /wp-content/plugins/pro-elements/assets/js/woocommerce-purchase-summary.2ebf26dca7d446fdd128.bundle.js.map HTTP/1.0" 404 29729 "https://linguareachagency.com/wp-content/plugins/pro-elements/assets/js/woocommerce-purchase-summary.2ebf26dca7d446fdd128.bundle.js" "Mozilla/5.0 AppleWebKit/537.36 (KHTML, like Gecko; compatible; GPTBot/1.3; +https://openai.com/gptbot)"
74.7.243.230 - - [06/Apr/2026:00:03:39 -0400] "GET /wp-content/plugins/pro-elements/core/app/?C=N;O=D HTTP/1.0" 200 426 "https://linguareachagency.com/wp-content/plugins/pro-elements/core/app/" "Mozilla/5.0 AppleWebKit/537.36 (KHTML, like Gecko; compatible; GPTBot/1.3; +https://openai.com/gptbot)"
74.7.243.230 - - [06/Apr/2026:00:04:20 -0400] "GET /wp-content/plugins/pro-elements/core/app/?C=M;O=A HTTP/1.0" 200 425 "https://linguareachagency.com/wp-content/plugins/pro-elements/core/app/" "Mozilla/5.0 AppleWebKit/537.36 (KHTML, like Gecko; compatible; GPTBot/1.3; +https://openai.com/gptbot)"
74.7.243.230 - - [06/Apr/2026:00:04:58 -0400] "GET /wp-content/plugins/elementor/assets/js/?C=S;O=A HTTP/1.0" 200 4225 "https://linguareachagency.com/wp-content/plugins/elementor/assets/js/" "Mozilla/5.0 AppleWebKit/537.36 (KHTML, like Gecko; compatible; GPTBot/1.3; +https://openai.com/gptbot)"
74.7.243.230 - - [06/Apr/2026:00:05:33 -0400] "GET /wp-content/plugins/pro-elements/core/app/?C=D;O=A HTTP/1.0" 200 425 "https://linguareachagency.com/wp-content/plugins/pro-elements/core/app/" "Mozilla/5.0 AppleWebKit/537.36 (KHTML, like Gecko; compatible; GPTBot/1.3; +https://openai.com/gptbot)"
74.7.243.230 - - [06/Apr/2026:00:06:02 -0400] "GET /wp-content/plugins/elementor/core/kits/?C=M;O=A HTTP/1.0" 200 442 "https://linguareachagency.com/wp-content/plugins/elementor/core/kits/" "Mozilla/5.0 AppleWebKit/537.36 (KHTML, like Gecko; compatible; GPTBot/1.3; +https://openai.com/gptbot)"
74.7.243.230 - - [06/Apr/2026:00:06:29 -0400] "GET /wp-content/plugins/pro-elements/assets/js/webpack-pro.runtime.min.js HTTP/1.0" 200 2857 "https://linguareachagency.com/wp-content/plugins/pro-elements/assets/js/?C=M;O=D" "Mozilla/5.0 AppleWebKit/537.36 (KHTML, like Gecko; compatible; GPTBot/1.3; +https://openai.com/gptbot)"
74.7.243.230 - - [06/Apr/2026:00:06:53 -0400] "GET /wp-content/plugins/pro-elements/core/data/?C=D;O=D HTTP/1.0" 200 434 "https://linguareachagency.com/wp-content/plugins/pro-elements/core/data/?C=D;O=A" "Mozilla/5.0 AppleWebKit/537.36 (KHTML, like Gecko; compatible; GPTBot/1.3; +https://openai.com/gptbot)"
74.7.243.230 - - [06/Apr/2026:00:07:15 -0400] "GET /wp-content/plugins/pro-elements/data/base/?C=D;O=D HTTP/1.0" 200 397 "https://linguareachagency.com/wp-content/plugins/pro-elements/data/base/?C=D;O=A" "Mozilla/5.0 AppleWebKit/537.36 (KHTML, like Gecko; compatible; GPTBot/1.3; +https://openai.com/gptbot)"
74.7.243.230 - - [06/Apr/2026:00:07:34 -0400] "GET /wp-content/plugins/elementor/core/base/?C=N;O=A HTTP/1.0" 200 601 "https://linguareachagency.com/wp-content/plugins/elementor/core/base/?C=S;O=D" "Mozilla/5.0 AppleWebKit/537.36 (KHTML, like Gecko; compatible; GPTBot/1.3; +https://openai.com/gptbot)"
136.144.35.234 - - [06/Apr/2026:00:07:49 -0400] "POST /wp-login.php HTTP/1.0" 200 6464 "-" "Mozilla/5.0"
74.7.243.230 - - [06/Apr/2026:00:07:51 -0400] "GET /wp-content/plugins/elementor/core/base/?C=D;O=A HTTP/1.0" 200 601 "https://linguareachagency.com/wp-content/plugins/elementor/core/base/?C=S;O=D" "Mozilla/5.0 AppleWebKit/537.36 (KHTML, like Gecko; compatible; GPTBot/1.3; +https://openai.com/gptbot)"
74.7.243.230 - - [06/Apr/2026:00:08:08 -0400] "GET /wp-content/plugins/elementor/data/base/?C=D;O=D HTTP/1.0" 200 468 "https://linguareachagency.com/wp-content/plugins/elementor/data/base/?C=D;O=A" "Mozilla/5.0 AppleWebKit/537.36 (KHTML, like Gecko; compatible; GPTBot/1.3; +https://openai.com/gptbot)"
74.7.243.230 - - [06/Apr/2026:00:08:22 -0400] "GET /wp-content/plugins/pro-elements/assets/js/?C=D;O=A HTTP/1.0" 200 3687 "https://linguareachagency.com/wp-content/plugins/pro-elements/assets/js/" "Mozilla/5.0 AppleWebKit/537.36 (KHTML, like Gecko; compatible; GPTBot/1.3; +https://openai.com/gptbot)"
74.7.243.230 - - [06/Apr/2026:00:08:34 -0400] "GET /wp-content/plugins/elementor/assets/js/?C=M;O=A HTTP/1.0" 200 4247 "https://linguareachagency.com/wp-content/plugins/elementor/assets/js/" "Mozilla/5.0 AppleWebKit/537.36 (KHTML, like Gecko; compatible; GPTBot/1.3; +https://openai.com/gptbot)"
74.7.243.230 - - [06/Apr/2026:00:08:46 -0400] "GET /wp-content/plugins/elementor/assets/js/?C=S;O=D HTTP/1.0" 200 4350 "https://linguareachagency.com/wp-content/plugins/elementor/assets/js/?C=S;O=A" "Mozilla/5.0 AppleWebKit/537.36 (KHTML, like Gecko; compatible; GPTBot/1.3; +https://openai.com/gptbot)"
74.7.243.230 - - [06/Apr/2026:00:08:57 -0400] "GET /wp-content/plugins/pro-elements/core/app/?C=D;O=D HTTP/1.0" 200 426 "https://linguareachagency.com/wp-content/plugins/pro-elements/core/app/?C=D;O=A" "Mozilla/5.0 AppleWebKit/537.36 (KHTML, like Gecko; compatible; GPTBot/1.3; +https://openai.com/gptbot)"
74.7.243.230 - - [06/Apr/2026:00:09:06 -0400] "GET /wp-content/plugins/elementor/core/kits/?C=M;O=D HTTP/1.0" 200 445 "https://linguareachagency.com/wp-content/plugins/elementor/core/kits/?C=M;O=A" "Mozilla/5.0 AppleWebKit/537.36 (KHTML, like Gecko; compatible; GPTBot/1.3; +https://openai.com/gptbot)"
74.7.243.230 - - [06/Apr/2026:00:09:15 -0400] "GET /wp-content/plugins/pro-elements/core/app/?C=M;O=D HTTP/1.0" 200 429 "https://linguareachagency.com/wp-content/plugins/pro-elements/core/app/?C=M;O=A" "Mozilla/5.0 AppleWebKit/537.36 (KHTML, like Gecko; compatible; GPTBot/1.3; +https://openai.com/gptbot)"
15.181.97.95 - - [06/Apr/2026:00:09:18 -0400] "POST /wp-login.php HTTP/1.0" 200 6464 "-" "Mozilla/5.0"
74.7.243.230 - - [06/Apr/2026:00:09:22 -0400] "GET /wp-content/plugins/elementor/core/kits/?C=D;O=D HTTP/1.0" 429 17 "https://linguareachagency.com/wp-content/plugins/elementor/core/kits/?C=D;O=A" "Mozilla/5.0 AppleWebKit/537.36 (KHTML, like Gecko; compatible; GPTBot/1.3; +https://openai.com/gptbot)"
74.7.243.230 - - [06/Apr/2026:00:09:29 -0400] "GET /wp-content/plugins/elementor/assets/js/?C=D;O=D HTTP/1.0" 429 17 "https://linguareachagency.com/wp-content/plugins/elementor/assets/js/?C=D;O=A" "Mozilla/5.0 AppleWebKit/537.36 (KHTML, like Gecko; compatible; GPTBot/1.3; +https://openai.com/gptbot)"
74.7.243.230 - - [06/Apr/2026:00:09:50 -0400] "GET /wp-content/plugins/elementor/core/base/?C=N;O=D HTTP/1.0" 429 17 "https://linguareachagency.com/wp-content/plugins/elementor/core/base/?C=N;O=A" "Mozilla/5.0 AppleWebKit/537.36 (KHTML, like Gecko; compatible; GPTBot/1.3; +https://openai.com/gptbot)"
161.178.132.46 - - [06/Apr/2026:00:10:46 -0400] "POST /wp-login.php HTTP/1.0" 200 6464 "-" "Mozilla/5.0"
74.7.243.230 - - [06/Apr/2026:00:10:53 -0400] "GET /wp-content/plugins/elementor/core/base/?C=D;O=D HTTP/1.0" 429 17 "https://linguareachagency.com/wp-content/plugins/elementor/core/base/?C=D;O=A" "Mozilla/5.0 AppleWebKit/537.36 (KHTML, like Gecko; compatible; GPTBot/1.3; +https://openai.com/gptbot)"
209.141.43.172 - - [06/Apr/2026:00:11:42 -0400] "GET /wp-login.php HTTP/1.0" 200 1925 "-" "Mozilla/5.0 (Windows NT 10.0; Win64; x64) AppleWebKit/537.36 (KHTML, like Gecko) Chrome/134.0.0.0 Safari/537.36"
209.141.43.172 - - [06/Apr/2026:00:11:43 -0400] "POST /wp-login.php HTTP/1.0" 200 2065 "https://mail.linguareachagency.com/wp-admin/" "Mozilla/5.0 (Windows NT 10.0; Win64; x64) AppleWebKit/537.36 (KHTML, like Gecko) Chrome/134.0.0.0 Safari/537.36"
74.7.243.230 - - [06/Apr/2026:00:11:57 -0400] "GET /wp-content/plugins/elementor/assets/lib/animations/styles/e-animation-sink.min.css HTTP/1.0" 200 138 "https://linguareachagency.com/wp-content/plugins/elementor/assets/lib/animations/styles/" "Mozilla/5.0 AppleWebKit/537.36 (KHTML, like Gecko; compatible; GPTBot/1.3; +https://openai.com/gptbot)"
74.7.243.230 - - [06/Apr/2026:00:12:57 -0400] "GET /wp-content/plugins/pro-elements/assets/js/?C=D;O=D HTTP/1.0" 200 3659 "https://linguareachagency.com/wp-content/plugins/pro-elements/assets/js/?C=D;O=A" "Mozilla/5.0 AppleWebKit/537.36 (KHTML, like Gecko; compatible; GPTBot/1.3; +https://openai.com/gptbot)"
155.2.215.105 - - [06/Apr/2026:00:13:00 -0400] "POST /wp-login.php HTTP/1.0" 200 6464 "-" "Mozilla/5.0"
74.7.243.230 - - [06/Apr/2026:00:13:51 -0400] "GET /wp-content/plugins/elementor/assets/js/?C=M;O=D HTTP/1.0" 200 4129 "https://linguareachagency.com/wp-content/plugins/elementor/assets/js/?C=M;O=A" "Mozilla/5.0 AppleWebKit/537.36 (KHTML, like Gecko; compatible; GPTBot/1.3; +https://openai.com/gptbot)"
74.7.243.230 - - [06/Apr/2026:00:14:41 -0400] "GET /wp-content/plugins/elementor/assets/lib/animations/styles/e-animation-hang.min.css HTTP/1.0" 200 234 "https://linguareachagency.com/wp-content/plugins/elementor/assets/lib/animations/styles/" "Mozilla/5.0 AppleWebKit/537.36 (KHTML, like Gecko; compatible; GPTBot/1.3; +https://openai.com/gptbot)"
74.7.243.230 - - [06/Apr/2026:00:15:28 -0400] "GET /wp-content/plugins/elementor/assets/lib/animations/styles/e-animation-grow.min.css HTTP/1.0" 200 118 "https://linguareachagency.com/wp-content/plugins/elementor/assets/lib/animations/styles/" "Mozilla/5.0 AppleWebKit/537.36 (KHTML, like Gecko; compatible; GPTBot/1.3; +https://openai.com/gptbot)"
74.7.243.230 - - [06/Apr/2026:00:16:08 -0400] "GET /wp-content/plugins/elementor/assets/lib/animations/styles/e-animation-skew.min.css HTTP/1.0" 200 119 "https://linguareachagency.com/wp-content/plugins/elementor/assets/lib/animations/styles/" "Mozilla/5.0 AppleWebKit/537.36 (KHTML, like Gecko; compatible; GPTBot/1.3; +https://openai.com/gptbot)"
74.7.243.230 - - [06/Apr/2026:00:16:44 -0400] "GET /wp-content/plugins/elementor/assets/lib/animations/styles/e-animation-push.min.css HTTP/1.0" 200 161 "https://linguareachagency.com/wp-content/plugins/elementor/assets/lib/animations/styles/" "Mozilla/5.0 AppleWebKit/537.36 (KHTML, like Gecko; compatible; GPTBot/1.3; +https://openai.com/gptbot)"
74.7.243.230 - - [06/Apr/2026:00:17:16 -0400] "GET /wp-content/plugins/elementor/app/modules/import-export/compatibility/?C=S;O=A HTTP/1.0" 200 463 "https://linguareachagency.com/wp-content/plugins/elementor/app/modules/import-export/compatibility/" "Mozilla/5.0 AppleWebKit/537.36 (KHTML, like Gecko; compatible; GPTBot/1.3; +https://openai.com/gptbot)"
74.7.243.230 - - [06/Apr/2026:00:17:46 -0400] "GET /wp-content/plugins/elementor/app/modules/import-export/compatibility/?C=M;O=A HTTP/1.0" 200 462 "https://linguareachagency.com/wp-content/plugins/elementor/app/modules/import-export/compatibility/" "Mozilla/5.0 AppleWebKit/537.36 (KHTML, like Gecko; compatible; GPTBot/1.3; +https://openai.com/gptbot)"
74.7.243.230 - - [06/Apr/2026:00:18:13 -0400] "GET /wp-content/plugins/elementor/app/modules/import-export/compatibility/?C=D;O=A HTTP/1.0" 200 462 "https://linguareachagency.com/wp-content/plugins/elementor/app/modules/import-export/compatibility/" "Mozilla/5.0 AppleWebKit/537.36 (KHTML, like Gecko; compatible; GPTBot/1.3; +https://openai.com/gptbot)"
74.7.243.230 - - [06/Apr/2026:00:18:37 -0400] "GET /wp-content/plugins/elementor/app/modules/import-export/compatibility/?C=N;O=D HTTP/1.0" 200 463 "https://linguareachagency.com/wp-content/plugins/elementor/app/modules/import-export/compatibility/" "Mozilla/5.0 AppleWebKit/537.36 (KHTML, like Gecko; compatible; GPTBot/1.3; +https://openai.com/gptbot)"
74.7.243.230 - - [06/Apr/2026:00:18:59 -0400] "GET /wp-content/plugins/elementor/modules/shapes/widgets/?C=N;O=D HTTP/1.0" 200 407 "https://linguareachagency.com/wp-content/plugins/elementor/modules/shapes/widgets/" "Mozilla/5.0 AppleWebKit/537.36 (KHTML, like Gecko; compatible; GPTBot/1.3; +https://openai.com/gptbot)"
74.7.243.230 - - [06/Apr/2026:00:19:19 -0400] "GET /wp-content/plugins/elementor/app/modules/onboarding/?C=M;O=A HTTP/1.0" 200 446 "https://linguareachagency.com/wp-content/plugins/elementor/app/modules/onboarding/" "Mozilla/5.0 AppleWebKit/537.36 (KHTML, like Gecko; compatible; GPTBot/1.3; +https://openai.com/gptbot)"
74.7.243.230 - - [06/Apr/2026:00:19:37 -0400] "GET /wp-content/plugins/elementor/modules/shapes/widgets/?C=S;O=A HTTP/1.0" 200 409 "https://linguareachagency.com/wp-content/plugins/elementor/modules/shapes/widgets/" "Mozilla/5.0 AppleWebKit/537.36 (KHTML, like Gecko; compatible; GPTBot/1.3; +https://openai.com/gptbot)"
74.7.243.230 - - [06/Apr/2026:00:19:52 -0400] "GET /wp-content/plugins/elementor/app/modules/onboarding/?C=S;O=A HTTP/1.0" 200 445 "https://linguareachagency.com/wp-content/plugins/elementor/app/modules/onboarding/" "Mozilla/5.0 AppleWebKit/537.36 (KHTML, like Gecko; compatible; GPTBot/1.3; +https://openai.com/gptbot)"
74.7.243.230 - - [06/Apr/2026:00:20:06 -0400] "GET /wp-content/plugins/elementor/app/modules/onboarding/?C=D;O=A HTTP/1.0" 200 446 "https://linguareachagency.com/wp-content/plugins/elementor/app/modules/onboarding/" "Mozilla/5.0 AppleWebKit/537.36 (KHTML, like Gecko; compatible; GPTBot/1.3; +https://openai.com/gptbot)"
74.7.243.230 - - [06/Apr/2026:00:20:19 -0400] "GET /wp-content/plugins/elementor/modules/shapes/widgets/?C=M;O=A HTTP/1.0" 200 409 "https://linguareachagency.com/wp-content/plugins/elementor/modules/shapes/widgets/" "Mozilla/5.0 AppleWebKit/537.36 (KHTML, like Gecko; compatible; GPTBot/1.3; +https://openai.com/gptbot)"
74.7.243.230 - - [06/Apr/2026:00:20:30 -0400] "GET /wp-content/plugins/elementor/app/modules/onboarding/?C=N;O=D HTTP/1.0" 200 443 "https://linguareachagency.com/wp-content/plugins/elementor/app/modules/onboarding/" "Mozilla/5.0 AppleWebKit/537.36 (KHTML, like Gecko; compatible; GPTBot/1.3; +https://openai.com/gptbot)"
74.7.243.230 - - [06/Apr/2026:00:20:40 -0400] "GET /wp-content/plugins/elementor/app/modules/import-export/compatibility/?C=N;O=A HTTP/1.0" 200 462 "https://linguareachagency.com/wp-content/plugins/elementor/app/modules/import-export/compatibility/?C=S;O=A" "Mozilla/5.0 AppleWebKit/537.36 (KHTML, like Gecko; compatible; GPTBot/1.3; +https://openai.com/gptbot)"
74.7.243.230 - - [06/Apr/2026:00:20:50 -0400] "GET /wp-content/plugins/elementor/app/modules/import-export/compatibility/?C=M;O=D HTTP/1.0" 429 17 "https://linguareachagency.com/wp-content/plugins/elementor/app/modules/import-export/compatibility/?C=M;O=A" "Mozilla/5.0 AppleWebKit/537.36 (KHTML, like Gecko; compatible; GPTBot/1.3; +https://openai.com/gptbot)"
74.7.243.230 - - [06/Apr/2026:00:21:02 -0400] "GET /wp-content/plugins/elementor/app/modules/import-export/compatibility/?C=S;O=D HTTP/1.0" 429 17 "https://linguareachagency.com/wp-content/plugins/elementor/app/modules/import-export/compatibility/?C=S;O=A" "Mozilla/5.0 AppleWebKit/537.36 (KHTML, like Gecko; compatible; GPTBot/1.3; +https://openai.com/gptbot)"
