74.7.227.150 - - [05/Apr/2026:13:24:14 -0400] "GET /wp-content/plugins/pro-elements/modules/notes/data/?C=N;O=A HTTP/1.0" 200 429 "https://linguareachagency.com/wp-content/plugins/pro-elements/modules/notes/data/?C=M;O=A" "Mozilla/5.0 AppleWebKit/537.36 (KHTML, like Gecko; compatible; GPTBot/1.3; +https://openai.com/gptbot)"
74.7.227.150 - - [05/Apr/2026:13:25:18 -0400] "GET /wp-content/plugins/pro-elements/assets/js/packages/?C=N;O=D HTTP/1.0" 200 492 "https://linguareachagency.com/wp-content/plugins/pro-elements/assets/js/packages/" "Mozilla/5.0 AppleWebKit/537.36 (KHTML, like Gecko; compatible; GPTBot/1.3; +https://openai.com/gptbot)"
144.208.76.23 - - [05/Apr/2026:13:26:00 -0400] "POST /wp-cron.php?doing_wp_cron=1775409960.3317730426788330078125 HTTP/1.0" 200 - "-" "WordPress/6.9.4; https://linguareachagency.com"
15.253.24.82 - - [05/Apr/2026:13:25:59 -0400] "POST /wp-login.php HTTP/1.0" 200 6464 "-" "Mozilla/5.0"
170.64.178.144 - - [05/Apr/2026:13:26:14 -0400] "POST /wp-login.php HTTP/1.0" 200 6464 "-" "Mozilla/5.0"
74.7.227.150 - - [05/Apr/2026:13:26:16 -0400] "GET /wp-content/plugins/pro-elements/modules/posts/data/?C=S;O=A HTTP/1.0" 200 409 "https://linguareachagency.com/wp-content/plugins/pro-elements/modules/posts/data/" "Mozilla/5.0 AppleWebKit/537.36 (KHTML, like Gecko; compatible; GPTBot/1.3; +https://openai.com/gptbot)"
161.178.132.46 - - [05/Apr/2026:13:26:40 -0400] "POST /wp-login.php HTTP/1.0" 200 6464 "-" "Mozilla/5.0"
74.7.227.150 - - [05/Apr/2026:13:27:05 -0400] "GET /wp-content/plugins/elementor/core/kits/views/?C=D;O=A HTTP/1.0" 200 434 "https://linguareachagency.com/wp-content/plugins/elementor/core/kits/views/" "Mozilla/5.0 AppleWebKit/537.36 (KHTML, like Gecko; compatible; GPTBot/1.3; +https://openai.com/gptbot)"
74.7.227.150 - - [05/Apr/2026:13:27:50 -0400] "GET /wp-content/plugins/elementor/core/base/traits/?C=N;O=D HTTP/1.0" 200 416 "https://linguareachagency.com/wp-content/plugins/elementor/core/base/traits/" "Mozilla/5.0 AppleWebKit/537.36 (KHTML, like Gecko; compatible; GPTBot/1.3; +https://openai.com/gptbot)"
74.7.227.150 - - [05/Apr/2026:13:28:33 -0400] "GET /wp-content/plugins/pro-elements/core/app/modules/?C=D;O=A HTTP/1.0" 200 477 "https://linguareachagency.com/wp-content/plugins/pro-elements/core/app/modules/" "Mozilla/5.0 AppleWebKit/537.36 (KHTML, like Gecko; compatible; GPTBot/1.3; +https://openai.com/gptbot)"
74.7.227.150 - - [05/Apr/2026:13:29:10 -0400] "GET /wp-content/plugins/elementor/assets/lib/tipsy/?C=N;O=D HTTP/1.0" 200 418 "https://linguareachagency.com/wp-content/plugins/elementor/assets/lib/tipsy/" "Mozilla/5.0 AppleWebKit/537.36 (KHTML, like Gecko; compatible; GPTBot/1.3; +https://openai.com/gptbot)"
167.99.125.188 - - [05/Apr/2026:13:29:31 -0400] "POST /wp-login.php HTTP/1.0" 200 6464 "-" "Mozilla/5.0"
74.7.227.150 - - [05/Apr/2026:13:29:47 -0400] "GET /wp-content/plugins/pro-elements/assets/js/packages/?C=M;O=A HTTP/1.0" 200 492 "https://linguareachagency.com/wp-content/plugins/pro-elements/assets/js/packages/" "Mozilla/5.0 AppleWebKit/537.36 (KHTML, like Gecko; compatible; GPTBot/1.3; +https://openai.com/gptbot)"
74.7.227.150 - - [05/Apr/2026:13:30:15 -0400] "GET /wp-content/plugins/elementor/core/files/assets/?C=D;O=D HTTP/1.0" 200 463 "https://linguareachagency.com/wp-content/plugins/elementor/core/files/assets/?C=D;O=A" "Mozilla/5.0 AppleWebKit/537.36 (KHTML, like Gecko; compatible; GPTBot/1.3; +https://openai.com/gptbot)"
161.178.3.105 - - [05/Apr/2026:13:30:19 -0400] "POST /wp-login.php HTTP/1.0" 200 6464 "-" "Mozilla/5.0"
74.7.227.150 - - [05/Apr/2026:13:30:42 -0400] "GET /wp-content/plugins/elementor/core/files/assets/?C=S;O=A HTTP/1.0" 200 464 "https://linguareachagency.com/wp-content/plugins/elementor/core/files/assets/" "Mozilla/5.0 AppleWebKit/537.36 (KHTML, like Gecko; compatible; GPTBot/1.3; +https://openai.com/gptbot)"
74.7.227.150 - - [05/Apr/2026:13:31:11 -0400] "GET /wp-content/plugins/pro-elements/core/app/modules/?C=N;O=D HTTP/1.0" 200 476 "https://linguareachagency.com/wp-content/plugins/pro-elements/core/app/modules/" "Mozilla/5.0 AppleWebKit/537.36 (KHTML, like Gecko; compatible; GPTBot/1.3; +https://openai.com/gptbot)"
74.7.227.150 - - [05/Apr/2026:13:31:28 -0400] "GET /wp-content/plugins/elementor/core/app/modules/?C=D;O=A HTTP/1.0" 200 438 "https://linguareachagency.com/wp-content/plugins/elementor/core/app/modules/" "Mozilla/5.0 AppleWebKit/537.36 (KHTML, like Gecko; compatible; GPTBot/1.3; +https://openai.com/gptbot)"
74.7.227.150 - - [05/Apr/2026:13:31:49 -0400] "GET /wp-content/plugins/pro-elements/assets/js/packages/?C=D;O=A HTTP/1.0" 200 492 "https://linguareachagency.com/wp-content/plugins/pro-elements/assets/js/packages/?C=N;O=D" "Mozilla/5.0 AppleWebKit/537.36 (KHTML, like Gecko; compatible; GPTBot/1.3; +https://openai.com/gptbot)"
74.7.227.150 - - [05/Apr/2026:13:32:16 -0400] "GET /wp-content/plugins/pro-elements/modules/posts/data/controller.php HTTP/1.0" 200 - "https://linguareachagency.com/wp-content/plugins/pro-elements/modules/posts/data/?C=S;O=A" "Mozilla/5.0 AppleWebKit/537.36 (KHTML, like Gecko; compatible; GPTBot/1.3; +https://openai.com/gptbot)"
74.7.227.150 - - [05/Apr/2026:13:32:29 -0400] "GET /wp-content/plugins/elementor/core/kits/views/?C=D;O=D HTTP/1.0" 200 435 "https://linguareachagency.com/wp-content/plugins/elementor/core/kits/views/?C=D;O=A" "Mozilla/5.0 AppleWebKit/537.36 (KHTML, like Gecko; compatible; GPTBot/1.3; +https://openai.com/gptbot)"
74.7.227.150 - - [05/Apr/2026:13:32:39 -0400] "GET /wp-content/plugins/elementor/core/base/traits/shared-widget-controls-trait.php HTTP/1.0" 200 - "https://linguareachagency.com/wp-content/plugins/elementor/core/base/traits/?C=N;O=D" "Mozilla/5.0 AppleWebKit/537.36 (KHTML, like Gecko; compatible; GPTBot/1.3; +https://openai.com/gptbot)"
74.7.227.150 - - [05/Apr/2026:13:32:51 -0400] "GET /wp-content/plugins/elementor/core/base/traits/?C=N;O=A HTTP/1.0" 200 418 "https://linguareachagency.com/wp-content/plugins/elementor/core/base/traits/?C=N;O=D" "Mozilla/5.0 AppleWebKit/537.36 (KHTML, like Gecko; compatible; GPTBot/1.3; +https://openai.com/gptbot)"
74.7.227.150 - - [05/Apr/2026:13:33:03 -0400] "GET /wp-content/plugins/pro-elements/core/app/modules/?C=D;O=D HTTP/1.0" 200 476 "https://linguareachagency.com/wp-content/plugins/pro-elements/core/app/modules/?C=D;O=A" "Mozilla/5.0 AppleWebKit/537.36 (KHTML, like Gecko; compatible; GPTBot/1.3; +https://openai.com/gptbot)"
74.7.227.150 - - [05/Apr/2026:13:33:18 -0400] "GET /wp-content/plugins/pro-elements/assets/js/packages/?C=M;O=D HTTP/1.0" 200 492 "https://linguareachagency.com/wp-content/plugins/pro-elements/assets/js/packages/?C=M;O=A" "Mozilla/5.0 AppleWebKit/537.36 (KHTML, like Gecko; compatible; GPTBot/1.3; +https://openai.com/gptbot)"
74.7.227.150 - - [05/Apr/2026:13:33:23 -0400] "GET /wp-content/plugins/pro-elements/modules/notes/data/?C=M;O=D HTTP/1.0" 429 17 "https://linguareachagency.com/wp-content/plugins/pro-elements/modules/notes/data/?C=M;O=A" "Mozilla/5.0 AppleWebKit/537.36 (KHTML, like Gecko; compatible; GPTBot/1.3; +https://openai.com/gptbot)"
74.7.227.150 - - [05/Apr/2026:13:33:39 -0400] "GET /wp-content/plugins/elementor/core/files/assets/?C=S;O=D HTTP/1.0" 429 17 "https://linguareachagency.com/wp-content/plugins/elementor/core/files/assets/?C=S;O=A" "Mozilla/5.0 AppleWebKit/537.36 (KHTML, like Gecko; compatible; GPTBot/1.3; +https://openai.com/gptbot)"
74.7.227.150 - - [05/Apr/2026:13:33:58 -0400] "GET /wp-content/plugins/elementor/core/app/modules/?C=S;O=D HTTP/1.0" 429 17 "https://linguareachagency.com/wp-content/plugins/elementor/core/app/modules/?C=S;O=A" "Mozilla/5.0 AppleWebKit/537.36 (KHTML, like Gecko; compatible; GPTBot/1.3; +https://openai.com/gptbot)"
74.7.227.150 - - [05/Apr/2026:13:35:06 -0400] "GET /wp-content/plugins/elementor/core/app/modules/?C=D;O=D HTTP/1.0" 429 17 "https://linguareachagency.com/wp-content/plugins/elementor/core/app/modules/?C=D;O=A" "Mozilla/5.0 AppleWebKit/537.36 (KHTML, like Gecko; compatible; GPTBot/1.3; +https://openai.com/gptbot)"
161.178.132.46 - - [05/Apr/2026:13:35:54 -0400] "POST /wp-login.php HTTP/1.0" 200 6464 "-" "Mozilla/5.0"
74.7.227.150 - - [05/Apr/2026:13:36:10 -0400] "GET /wp-content/plugins/elementor/core/settings/base/?C=S;O=A HTTP/1.0" 200 452 "https://linguareachagency.com/wp-content/plugins/elementor/core/settings/base/" "Mozilla/5.0 AppleWebKit/537.36 (KHTML, like Gecko; compatible; GPTBot/1.3; +https://openai.com/gptbot)"
74.7.227.150 - - [05/Apr/2026:13:37:09 -0400] "GET /wp-content/plugins/pro-elements/assets/js/packages/?C=D;O=D HTTP/1.0" 200 492 "https://linguareachagency.com/wp-content/plugins/pro-elements/assets/js/packages/?C=D;O=A" "Mozilla/5.0 AppleWebKit/537.36 (KHTML, like Gecko; compatible; GPTBot/1.3; +https://openai.com/gptbot)"
74.7.227.150 - - [05/Apr/2026:13:38:09 -0400] "GET /wp-content/plugins/elementor/modules/ai/connect/?C=S;O=D HTTP/1.0" 200 396 "https://linguareachagency.com/wp-content/plugins/elementor/modules/ai/connect/?C=S;O=A" "Mozilla/5.0 AppleWebKit/537.36 (KHTML, like Gecko; compatible; GPTBot/1.3; +https://openai.com/gptbot)"
74.7.227.150 - - [05/Apr/2026:13:39:04 -0400] "GET /wp-content/plugins/elementor/modules/ai/connect/?C=N;O=D HTTP/1.0" 200 396 "https://linguareachagency.com/wp-content/plugins/elementor/modules/ai/connect/" "Mozilla/5.0 AppleWebKit/537.36 (KHTML, like Gecko; compatible; GPTBot/1.3; +https://openai.com/gptbot)"
170.64.178.144 - - [05/Apr/2026:13:39:37 -0400] "POST /wp-login.php HTTP/1.0" 200 6464 "-" "Mozilla/5.0"
74.7.227.150 - - [05/Apr/2026:13:39:43 -0400] "GET /wp-content/plugins/elementor/assets/lib/eicons/?C=M;O=A HTTP/1.0" 200 429 "https://linguareachagency.com/wp-content/plugins/elementor/assets/lib/eicons/" "Mozilla/5.0 AppleWebKit/537.36 (KHTML, like Gecko; compatible; GPTBot/1.3; +https://openai.com/gptbot)"
74.7.227.150 - - [05/Apr/2026:13:40:27 -0400] "GET /wp-content/plugins/pro-elements/modules/posts/data/?C=N;O=D HTTP/1.0" 200 407 "https://linguareachagency.com/wp-content/plugins/pro-elements/modules/posts/data/" "Mozilla/5.0 AppleWebKit/537.36 (KHTML, like Gecko; compatible; GPTBot/1.3; +https://openai.com/gptbot)"
74.7.227.150 - - [05/Apr/2026:13:41:04 -0400] "GET /wp-content/plugins/elementor/core/base/traits/?C=M;O=A HTTP/1.0" 200 418 "https://linguareachagency.com/wp-content/plugins/elementor/core/base/traits/?C=N;O=D" "Mozilla/5.0 AppleWebKit/537.36 (KHTML, like Gecko; compatible; GPTBot/1.3; +https://openai.com/gptbot)"
167.99.125.188 - - [05/Apr/2026:13:41:07 -0400] "POST /wp-login.php HTTP/1.0" 200 6464 "-" "Mozilla/5.0"
74.7.227.150 - - [05/Apr/2026:13:41:38 -0400] "GET /wp-content/plugins/elementor/assets/lib/tipsy/?C=N;O=A HTTP/1.0" 200 422 "https://linguareachagency.com/wp-content/plugins/elementor/assets/lib/tipsy/?C=S;O=A" "Mozilla/5.0 AppleWebKit/537.36 (KHTML, like Gecko; compatible; GPTBot/1.3; +https://openai.com/gptbot)"
74.7.227.150 - - [05/Apr/2026:13:42:09 -0400] "GET /wp-content/plugins/elementor/assets/lib/pickr/?C=D;O=D HTTP/1.0" 200 418 "https://linguareachagency.com/wp-content/plugins/elementor/assets/lib/pickr/?C=D;O=A" "Mozilla/5.0 AppleWebKit/537.36 (KHTML, like Gecko; compatible; GPTBot/1.3; +https://openai.com/gptbot)"
74.7.227.150 - - [05/Apr/2026:13:42:37 -0400] "GET /wp-content/plugins/pro-elements/core/app/modules/?C=M;O=A HTTP/1.0" 200 477 "https://linguareachagency.com/wp-content/plugins/pro-elements/core/app/modules/" "Mozilla/5.0 AppleWebKit/537.36 (KHTML, like Gecko; compatible; GPTBot/1.3; +https://openai.com/gptbot)"
66.249.79.67 - - [05/Apr/2026:13:42:47 -0400] "GET /robots.txt HTTP/1.0" 301 - "-" "Mozilla/5.0 (compatible; Googlebot/2.1; +http://www.google.com/bot.html)"
66.249.68.3 - - [05/Apr/2026:13:42:48 -0400] "GET /robots.txt HTTP/1.0" 200 114 "-" "Mozilla/5.0 (compatible; Googlebot/2.1; +http://www.google.com/bot.html)"
74.7.227.150 - - [05/Apr/2026:13:43:07 -0400] "GET /wp-content/plugins/pro-elements/modules/posts/data/?C=S;O=D HTTP/1.0" 200 407 "https://linguareachagency.com/wp-content/plugins/pro-elements/modules/posts/data/?C=S;O=A" "Mozilla/5.0 AppleWebKit/537.36 (KHTML, like Gecko; compatible; GPTBot/1.3; +https://openai.com/gptbot)"
161.178.3.105 - - [05/Apr/2026:13:43:15 -0400] "POST /wp-login.php HTTP/1.0" 200 6464 "-" "Mozilla/5.0"
74.7.227.150 - - [05/Apr/2026:13:43:30 -0400] "GET /wp-content/plugins/elementor/assets/js/packages/?C=N;O=A HTTP/1.0" 200 836 "https://linguareachagency.com/wp-content/plugins/elementor/assets/js/packages/?C=S;O=A" "Mozilla/5.0 AppleWebKit/537.36 (KHTML, like Gecko; compatible; GPTBot/1.3; +https://openai.com/gptbot)"
74.7.227.150 - - [05/Apr/2026:13:43:43 -0400] "GET /wp-content/plugins/elementor/core/base/traits/?C=D;O=A HTTP/1.0" 200 418 "https://linguareachagency.com/wp-content/plugins/elementor/core/base/traits/" "Mozilla/5.0 AppleWebKit/537.36 (KHTML, like Gecko; compatible; GPTBot/1.3; +https://openai.com/gptbot)"
74.7.227.150 - - [05/Apr/2026:13:44:01 -0400] "GET /wp-content/plugins/elementor/modules/ai/connect/?C=M;O=A HTTP/1.0" 200 398 "https://linguareachagency.com/wp-content/plugins/elementor/modules/ai/connect/" "Mozilla/5.0 AppleWebKit/537.36 (KHTML, like Gecko; compatible; GPTBot/1.3; +https://openai.com/gptbot)"
74.7.227.150 - - [05/Apr/2026:13:44:19 -0400] "GET /wp-content/plugins/elementor/core/app/modules/?C=M;O=D HTTP/1.0" 200 436 "https://linguareachagency.com/wp-content/plugins/elementor/core/app/modules/?C=M;O=A" "Mozilla/5.0 AppleWebKit/537.36 (KHTML, like Gecko; compatible; GPTBot/1.3; +https://openai.com/gptbot)"
74.7.227.150 - - [05/Apr/2026:13:44:37 -0400] "GET /wp-content/plugins/elementor/assets/lib/eicons/?C=M;O=D HTTP/1.0" 200 426 "https://linguareachagency.com/wp-content/plugins/elementor/assets/lib/eicons/?C=M;O=A" "Mozilla/5.0 AppleWebKit/537.36 (KHTML, like Gecko; compatible; GPTBot/1.3; +https://openai.com/gptbot)"
74.7.227.150 - - [05/Apr/2026:13:44:47 -0400] "GET /wp-content/plugins/elementor/modules/ai/connect/?C=D;O=A HTTP/1.0" 200 398 "https://linguareachagency.com/wp-content/plugins/elementor/modules/ai/connect/" "Mozilla/5.0 AppleWebKit/537.36 (KHTML, like Gecko; compatible; GPTBot/1.3; +https://openai.com/gptbot)"
74.7.227.150 - - [05/Apr/2026:13:44:58 -0400] "GET /wp-content/plugins/elementor/core/base/traits/?C=M;O=D HTTP/1.0" 200 416 "https://linguareachagency.com/wp-content/plugins/elementor/core/base/traits/?C=M;O=A" "Mozilla/5.0 AppleWebKit/537.36 (KHTML, like Gecko; compatible; GPTBot/1.3; +https://openai.com/gptbot)"
161.178.132.46 - - [05/Apr/2026:13:45:05 -0400] "POST /wp-login.php HTTP/1.0" 200 6464 "-" "Mozilla/5.0"
74.7.227.150 - - [05/Apr/2026:13:45:16 -0400] "GET /wp-content/plugins/pro-elements/modules/notes/data/?C=S;O=D HTTP/1.0" 200 427 "https://linguareachagency.com/wp-content/plugins/pro-elements/modules/notes/data/?C=S;O=A" "Mozilla/5.0 AppleWebKit/537.36 (KHTML, like Gecko; compatible; GPTBot/1.3; +https://openai.com/gptbot)"
74.7.227.150 - - [05/Apr/2026:13:45:19 -0400] "GET /wp-content/plugins/elementor/assets/lib/pickr/?C=N;O=A HTTP/1.0" 200 422 "https://linguareachagency.com/wp-content/plugins/elementor/assets/lib/pickr/?C=D;O=D" "Mozilla/5.0 AppleWebKit/537.36 (KHTML, like Gecko; compatible; GPTBot/1.3; +https://openai.com/gptbot)"
74.7.227.150 - - [05/Apr/2026:13:45:26 -0400] "GET /wp-content/plugins/elementor/core/base/traits/?C=S;O=A HTTP/1.0" 429 17 "https://linguareachagency.com/wp-content/plugins/elementor/core/base/traits/" "Mozilla/5.0 AppleWebKit/537.36 (KHTML, like Gecko; compatible; GPTBot/1.3; +https://openai.com/gptbot)"
74.7.227.150 - - [05/Apr/2026:13:45:34 -0400] "GET /wp-content/plugins/pro-elements/core/app/modules/?C=M;O=D HTTP/1.0" 429 17 "https://linguareachagency.com/wp-content/plugins/pro-elements/core/app/modules/?C=M;O=A" "Mozilla/5.0 AppleWebKit/537.36 (KHTML, like Gecko; compatible; GPTBot/1.3; +https://openai.com/gptbot)"
57.129.6.170 - - [05/Apr/2026:13:45:42 -0400] "POST /xmlrpc.php HTTP/1.0" 200 206 "-" "Mozilla/5.0 (Windows NT 10.0) AppleWebKit/537.43 (KHTML, like Gecko) Chrome/134.0.0.0 Safari/537.36 OPR/119.0.0.0"
74.7.227.150 - - [05/Apr/2026:13:46:00 -0400] "GET /wp-content/plugins/elementor/assets/js/packages/ui/ HTTP/1.0" 429 17 "https://linguareachagency.com/wp-content/plugins/elementor/assets/js/packages/?C=N;O=A" "Mozilla/5.0 AppleWebKit/537.36 (KHTML, like Gecko; compatible; GPTBot/1.3; +https://openai.com/gptbot)"
74.7.227.150 - - [05/Apr/2026:13:47:02 -0400] "GET /wp-content/plugins/elementor/assets/js/packages/?C=D;O=A HTTP/1.0" 429 17 "https://linguareachagency.com/wp-content/plugins/elementor/assets/js/packages/?C=N;O=A" "Mozilla/5.0 AppleWebKit/537.36 (KHTML, like Gecko; compatible; GPTBot/1.3; +https://openai.com/gptbot)"
74.7.227.150 - - [05/Apr/2026:13:48:00 -0400] "GET /wp-content/plugins/elementor/assets/js/packages/?C=M;O=A HTTP/1.0" 200 844 "https://linguareachagency.com/wp-content/plugins/elementor/assets/js/packages/?C=N;O=A" "Mozilla/5.0 AppleWebKit/537.36 (KHTML, like Gecko; compatible; GPTBot/1.3; +https://openai.com/gptbot)"
74.7.227.150 - - [05/Apr/2026:13:49:12 -0400] "GET /wp-content/plugins/elementor/modules/ai/connect/?C=M;O=D HTTP/1.0" 200 396 "https://linguareachagency.com/wp-content/plugins/elementor/modules/ai/connect/?C=M;O=A" "Mozilla/5.0 AppleWebKit/537.36 (KHTML, like Gecko; compatible; GPTBot/1.3; +https://openai.com/gptbot)"
74.7.227.150 - - [05/Apr/2026:13:50:00 -0400] "GET /wp-content/plugins/pro-elements/modules/posts/data/?C=M;O=A HTTP/1.0" 200 409 "https://linguareachagency.com/wp-content/plugins/pro-elements/modules/posts/data/" "Mozilla/5.0 AppleWebKit/537.36 (KHTML, like Gecko; compatible; GPTBot/1.3; +https://openai.com/gptbot)"
74.7.227.150 - - [05/Apr/2026:13:50:58 -0400] "GET /wp-content/plugins/pro-elements/core/app/modules/?C=S;O=D HTTP/1.0" 200 476 "https://linguareachagency.com/wp-content/plugins/pro-elements/core/app/modules/?C=S;O=A" "Mozilla/5.0 AppleWebKit/537.36 (KHTML, like Gecko; compatible; GPTBot/1.3; +https://openai.com/gptbot)"
107.170.74.222 - - [05/Apr/2026:13:51:17 -0400] "POST /xmlrpc.php HTTP/1.0" 200 206 "-" "Mozilla/5.0 (Windows NT 10.0; Win64; x64) AppleWebKit/537.36 (KHTML, like Gecko) Chrome/139.0.0.0 Safari/537.36 Edg/139.0.0.0"
74.7.227.150 - - [05/Apr/2026:13:51:38 -0400] "GET /wp-content/plugins/elementor/core/base/traits/?C=D;O=D HTTP/1.0" 200 416 "https://linguareachagency.com/wp-content/plugins/elementor/core/base/traits/?C=D;O=A" "Mozilla/5.0 AppleWebKit/537.36 (KHTML, like Gecko; compatible; GPTBot/1.3; +https://openai.com/gptbot)"
74.7.227.150 - - [05/Apr/2026:13:52:17 -0400] "GET /wp-content/plugins/elementor/modules/ai/connect/?C=D;O=D HTTP/1.0" 200 396 "https://linguareachagency.com/wp-content/plugins/elementor/modules/ai/connect/?C=D;O=A" "Mozilla/5.0 AppleWebKit/537.36 (KHTML, like Gecko; compatible; GPTBot/1.3; +https://openai.com/gptbot)"
167.99.125.188 - - [05/Apr/2026:13:52:40 -0400] "POST /wp-login.php HTTP/1.0" 200 6464 "-" "Mozilla/5.0"
170.64.178.144 - - [05/Apr/2026:13:52:54 -0400] "POST /wp-login.php HTTP/1.0" 200 6464 "-" "Mozilla/5.0"
74.7.227.150 - - [05/Apr/2026:13:52:56 -0400] "GET /wp-content/plugins/elementor/core/settings/base/?C=S;O=D HTTP/1.0" 200 458 "https://linguareachagency.com/wp-content/plugins/elementor/core/settings/base/?C=S;O=A" "Mozilla/5.0 AppleWebKit/537.36 (KHTML, like Gecko; compatible; GPTBot/1.3; +https://openai.com/gptbot)"
47.128.36.221 - - [05/Apr/2026:13:53:25 -0400] "GET / HTTP/1.0" 200 33241 "-" "Mozilla/5.0 (Linux; Android 5.0) AppleWebKit/537.36 (KHTML, like Gecko) Mobile Safari/537.36 (compatible; Bytespider; spider-feedback@bytedance.com)"
47.128.36.221 - - [05/Apr/2026:13:53:26 -0400] "GET /wp-content/themes/hello-biz/assets/css/theme.css?ver=1.2.0 HTTP/1.0" 200 3181 "https://linguareachagency.com/" "Mozilla/5.0 (Linux; Android 5.0) AppleWebKit/537.36 (KHTML, like Gecko) Mobile Safari/537.36 (compatible; Bytespider; spider-feedback@bytedance.com)"
47.128.36.221 - - [05/Apr/2026:13:53:26 -0400] "GET /wp-content/plugins/cookieadmin/assets/css/consent.css?ver=1.1.4 HTTP/1.0" 200 2637 "https://linguareachagency.com/" "Mozilla/5.0 (Linux; Android 5.0) AppleWebKit/537.36 (KHTML, like Gecko) Mobile Safari/537.36 (compatible; Bytespider; spider-feedback@bytedance.com)"
47.128.36.221 - - [05/Apr/2026:13:53:26 -0400] "GET /wp-content/themes/hello-biz/assets/css/header-footer.css?ver=1.2.0 HTTP/1.0" 200 1423 "https://linguareachagency.com/" "Mozilla/5.0 (Linux; Android 5.0) AppleWebKit/537.36 (KHTML, like Gecko) Mobile Safari/537.36 (compatible; Bytespider; spider-feedback@bytedance.com)"
47.128.36.221 - - [05/Apr/2026:13:53:26 -0400] "GET /wp-content/plugins/elementor/assets/css/frontend.min.css?ver=3.33.3 HTTP/1.0" 200 7190 "https://linguareachagency.com/" "Mozilla/5.0 (Linux; Android 5.0) AppleWebKit/537.36 (KHTML, like Gecko) Mobile Safari/537.36 (compatible; Bytespider; spider-feedback@bytedance.com)"
47.128.36.221 - - [05/Apr/2026:13:53:27 -0400] "GET /wp-content/plugins/cookieadmin/assets/images/cookieadmin_icon.svg HTTP/1.0" 200 738 "https://linguareachagency.com/" "Mozilla/5.0 (Linux; Android 5.0) AppleWebKit/537.36 (KHTML, like Gecko) Mobile Safari/537.36 (compatible; Bytespider; spider-feedback@bytedance.com)"
47.128.36.221 - - [05/Apr/2026:13:53:27 -0400] "GET /wp-content/plugins/cookieadmin/assets/images/cookieadmin_icon.svg HTTP/1.0" 200 322 "https://linguareachagency.com/" "Mozilla/5.0 (Linux; Android 5.0) AppleWebKit/537.36 (KHTML, like Gecko) Mobile Safari/537.36 (compatible; Bytespider; spider-feedback@bytedance.com)"
74.7.227.150 - - [05/Apr/2026:13:53:30 -0400] "GET /wp-content/plugins/elementor/assets/lib/hover/?C=D;O=D HTTP/1.0" 200 415 "https://linguareachagency.com/wp-content/plugins/elementor/assets/lib/hover/?C=D;O=A" "Mozilla/5.0 AppleWebKit/537.36 (KHTML, like Gecko; compatible; GPTBot/1.3; +https://openai.com/gptbot)"
74.7.227.150 - - [05/Apr/2026:13:54:02 -0400] "GET /wp-content/plugins/elementor/assets/lib/swiper/?C=N;O=A HTTP/1.0" 200 395 "https://linguareachagency.com/wp-content/plugins/elementor/assets/lib/swiper/?C=S;O=A" "Mozilla/5.0 AppleWebKit/537.36 (KHTML, like Gecko; compatible; GPTBot/1.3; +https://openai.com/gptbot)"
161.178.132.46 - - [05/Apr/2026:13:54:17 -0400] "POST /wp-login.php HTTP/1.0" 200 6464 "-" "Mozilla/5.0"
74.7.227.150 - - [05/Apr/2026:13:54:34 -0400] "GET /wp-content/plugins/elementor/core/app/modules/?C=S;O=D HTTP/1.0" 200 436 "https://linguareachagency.com/wp-content/plugins/elementor/core/app/modules/?C=S;O=A" "Mozilla/5.0 AppleWebKit/537.36 (KHTML, like Gecko; compatible; GPTBot/1.3; +https://openai.com/gptbot)"
74.7.227.150 - - [05/Apr/2026:13:54:49 -0400] "GET /wp-content/plugins/pro-elements/modules/payments/widgets/?C=D;O=A HTTP/1.0" 200 427 "https://linguareachagency.com/wp-content/plugins/pro-elements/modules/payments/widgets/" "Mozilla/5.0 AppleWebKit/537.36 (KHTML, like Gecko; compatible; GPTBot/1.3; +https://openai.com/gptbot)"
74.7.227.150 - - [05/Apr/2026:13:55:16 -0400] "GET /wp-content/plugins/elementor/assets/js/packages/ui/ HTTP/1.0" 200 497 "https://linguareachagency.com/wp-content/plugins/elementor/assets/js/packages/?C=M;O=A" "Mozilla/5.0 AppleWebKit/537.36 (KHTML, like Gecko; compatible; GPTBot/1.3; +https://openai.com/gptbot)"
74.7.227.150 - - [05/Apr/2026:13:55:34 -0400] "GET /wp-content/plugins/elementor/assets/js/packages/?C=D;O=A HTTP/1.0" 200 836 "https://linguareachagency.com/wp-content/plugins/elementor/assets/js/packages/?C=M;O=A" "Mozilla/5.0 AppleWebKit/537.36 (KHTML, like Gecko; compatible; GPTBot/1.3; +https://openai.com/gptbot)"
161.178.3.105 - - [05/Apr/2026:13:55:44 -0400] "POST /wp-login.php HTTP/1.0" 200 6464 "-" "Mozilla/5.0"
74.7.227.150 - - [05/Apr/2026:13:55:52 -0400] "GET /wp-content/plugins/pro-elements/modules/posts/data/?C=M;O=D HTTP/1.0" 200 407 "https://linguareachagency.com/wp-content/plugins/pro-elements/modules/posts/data/?C=M;O=A" "Mozilla/5.0 AppleWebKit/537.36 (KHTML, like Gecko; compatible; GPTBot/1.3; +https://openai.com/gptbot)"
74.7.227.150 - - [05/Apr/2026:13:56:10 -0400] "GET /wp-content/plugins/elementor/assets/js/packages/?C=M;O=D HTTP/1.0" 200 842 "https://linguareachagency.com/wp-content/plugins/elementor/assets/js/packages/?C=M;O=A" "Mozilla/5.0 AppleWebKit/537.36 (KHTML, like Gecko; compatible; GPTBot/1.3; +https://openai.com/gptbot)"
104.210.140.131 - - [05/Apr/2026:13:56:16 -0400] "GET /robots.txt HTTP/1.0" 200 114 "-" "Mozilla/5.0 (Macintosh; Intel Mac OS X 10_15_7) AppleWebKit/537.36 (KHTML, like Gecko) Chrome/131.0.0.0 Safari/537.36; compatible; OAI-SearchBot/1.0; +https://openai.com/searchbot"
74.7.227.150 - - [05/Apr/2026:13:56:25 -0400] "GET /wp-content/plugins/elementor/core/base/traits/?C=S;O=A HTTP/1.0" 200 418 "https://linguareachagency.com/wp-content/plugins/elementor/core/base/traits/?C=D;O=D" "Mozilla/5.0 AppleWebKit/537.36 (KHTML, like Gecko; compatible; GPTBot/1.3; +https://openai.com/gptbot)"
74.7.227.150 - - [05/Apr/2026:13:56:34 -0400] "GET /wp-content/plugins/pro-elements/modules/payments/widgets/?C=N;O=D HTTP/1.0" 200 426 "https://linguareachagency.com/wp-content/plugins/pro-elements/modules/payments/widgets/" "Mozilla/5.0 AppleWebKit/537.36 (KHTML, like Gecko; compatible; GPTBot/1.3; +https://openai.com/gptbot)"
185.30.32.214 - - [05/Apr/2026:13:56:42 -0400] "GET /wp-login.php HTTP/1.0" 200 1925 "-" "Mozilla/4.0 (compatible; MSIE 7.0; Windows NT 6.1; Trident/7.0; SLCC2; .NET CLR 2.0.50727; .NET CLR 3.5.30729; .NET CLR 3.0.30729; Media Center PC 6.0; .NET4.0C; .NET4.0E; GWX:QUALIFIED)"
185.30.32.214 - - [05/Apr/2026:13:56:45 -0400] "POST /wp-login.php HTTP/1.0" 200 2060 "https://linguareachagency.com/wp-login.php" "Mozilla/4.0 (compatible; MSIE 7.0; Windows NT 6.1; Trident/7.0; SLCC2; .NET CLR 2.0.50727; .NET CLR 3.5.30729; .NET CLR 3.0.30729; Media Center PC 6.0; .NET4.0C; .NET4.0E; GWX:QUALIFIED)"
74.7.227.150 - - [05/Apr/2026:13:56:51 -0400] "GET /wp-content/plugins/pro-elements/modules/payments/widgets/?C=M;O=A HTTP/1.0" 200 427 "https://linguareachagency.com/wp-content/plugins/pro-elements/modules/payments/widgets/" "Mozilla/5.0 AppleWebKit/537.36 (KHTML, like Gecko; compatible; GPTBot/1.3; +https://openai.com/gptbot)"
74.7.227.150 - - [05/Apr/2026:13:56:59 -0400] "GET /wp-content/plugins/pro-elements/modules/payments/widgets/?C=S;O=A HTTP/1.0" 200 427 "https://linguareachagency.com/wp-content/plugins/pro-elements/modules/payments/widgets/" "Mozilla/5.0 AppleWebKit/537.36 (KHTML, like Gecko; compatible; GPTBot/1.3; +https://openai.com/gptbot)"
74.7.227.150 - - [05/Apr/2026:13:57:11 -0400] "GET /wp-content/plugins/elementor/assets/lib/swiper/?C=M;O=A HTTP/1.0" 200 395 "https://linguareachagency.com/wp-content/plugins/elementor/assets/lib/swiper/?C=N;O=A" "Mozilla/5.0 AppleWebKit/537.36 (KHTML, like Gecko; compatible; GPTBot/1.3; +https://openai.com/gptbot)"
74.7.227.150 - - [05/Apr/2026:13:57:15 -0400] "GET /wp-content/plugins/elementor/core/base/providers/?C=D;O=A HTTP/1.0" 429 17 "https://linguareachagency.com/wp-content/plugins/elementor/core/base/providers/" "Mozilla/5.0 AppleWebKit/537.36 (KHTML, like Gecko; compatible; GPTBot/1.3; +https://openai.com/gptbot)"
74.7.227.150 - - [05/Apr/2026:13:57:26 -0400] "GET /wp-content/plugins/elementor/core/debug/classes/?C=M;O=A HTTP/1.0" 429 17 "https://linguareachagency.com/wp-content/plugins/elementor/core/debug/classes/" "Mozilla/5.0 AppleWebKit/537.36 (KHTML, like Gecko; compatible; GPTBot/1.3; +https://openai.com/gptbot)"
74.7.227.150 - - [05/Apr/2026:13:57:50 -0400] "GET /wp-content/plugins/elementor/assets/js/packages/ui/ui.min.js HTTP/1.0" 429 17 "https://linguareachagency.com/wp-content/plugins/elementor/assets/js/packages/ui/" "Mozilla/5.0 AppleWebKit/537.36 (KHTML, like Gecko; compatible; GPTBot/1.3; +https://openai.com/gptbot)"
47.128.36.185 - - [05/Apr/2026:13:57:49 -0400] "GET /robots.txt HTTP/1.0" 200 114 "-" "Mozilla/5.0 (Linux; Android 5.0) AppleWebKit/537.36 (KHTML, like Gecko) Mobile Safari/537.36 (compatible; Bytespider; spider-feedback@bytedance.com)"
74.7.227.150 - - [05/Apr/2026:13:58:58 -0400] "GET /wp-content/plugins/elementor/assets/js/packages/ui/ui.strings.js HTTP/1.0" 429 17 "https://linguareachagency.com/wp-content/plugins/elementor/assets/js/packages/ui/" "Mozilla/5.0 AppleWebKit/537.36 (KHTML, like Gecko; compatible; GPTBot/1.3; +https://openai.com/gptbot)"
85.209.9.49 - - [05/Apr/2026:13:59:42 -0400] "POST /xmlrpc.php HTTP/1.0" 200 206 "-" "Mozilla/5.0 (Windows NT 10.0) AppleWebKit/537.43 (KHTML, like Gecko) Chrome/137.0.0.0 Safari/537.36 OPR/121.0.0.0"
74.7.227.150 - - [05/Apr/2026:13:59:54 -0400] "GET /wp-content/plugins/elementor/assets/js/packages/ui/ui.asset.php HTTP/1.0" 200 - "https://linguareachagency.com/wp-content/plugins/elementor/assets/js/packages/ui/" "Mozilla/5.0 AppleWebKit/537.36 (KHTML, like Gecko; compatible; GPTBot/1.3; +https://openai.com/gptbot)"
74.7.227.150 - - [05/Apr/2026:14:00:52 -0400] "GET /wp-content/plugins/elementor/assets/js/packages/ui/ui.js HTTP/1.0" 200 387469 "https://linguareachagency.com/wp-content/plugins/elementor/assets/js/packages/ui/" "Mozilla/5.0 AppleWebKit/537.36 (KHTML, like Gecko; compatible; GPTBot/1.3; +https://openai.com/gptbot)"
74.7.227.150 - - [05/Apr/2026:14:01:49 -0400] "GET /wp-content/plugins/elementor/assets/js/packages/ui/ui.min.js.LICENSE.txt HTTP/1.0" 200 595 "https://linguareachagency.com/wp-content/plugins/elementor/assets/js/packages/ui/" "Mozilla/5.0 AppleWebKit/537.36 (KHTML, like Gecko; compatible; GPTBot/1.3; +https://openai.com/gptbot)"
74.7.227.150 - - [05/Apr/2026:14:02:39 -0400] "GET /wp-content/plugins/elementor/assets/js/packages/ui/ui.js.LICENSE.txt HTTP/1.0" 200 19981 "https://linguareachagency.com/wp-content/plugins/elementor/assets/js/packages/ui/" "Mozilla/5.0 AppleWebKit/537.36 (KHTML, like Gecko; compatible; GPTBot/1.3; +https://openai.com/gptbot)"
161.178.132.46 - - [05/Apr/2026:14:03:19 -0400] "POST /wp-login.php HTTP/1.0" 200 6464 "-" "Mozilla/5.0"
74.7.227.150 - - [05/Apr/2026:14:03:29 -0400] "GET /wp-content/plugins/pro-elements/modules/payments/widgets/?C=D;O=D HTTP/1.0" 200 426 "https://linguareachagency.com/wp-content/plugins/pro-elements/modules/payments/widgets/?C=D;O=A" "Mozilla/5.0 AppleWebKit/537.36 (KHTML, like Gecko; compatible; GPTBot/1.3; +https://openai.com/gptbot)"
74.7.227.150 - - [05/Apr/2026:14:04:08 -0400] "GET /wp-content/plugins/elementor/assets/js/packages/?C=D;O=D HTTP/1.0" 200 842 "https://linguareachagency.com/wp-content/plugins/elementor/assets/js/packages/?C=D;O=A" "Mozilla/5.0 AppleWebKit/537.36 (KHTML, like Gecko; compatible; GPTBot/1.3; +https://openai.com/gptbot)"
167.99.125.188 - - [05/Apr/2026:14:04:16 -0400] "POST /wp-login.php HTTP/1.0" 200 6464 "-" "Mozilla/5.0"
74.7.227.150 - - [05/Apr/2026:14:04:44 -0400] "GET /wp-content/plugins/elementor/core/base/traits/?C=S;O=D HTTP/1.0" 200 416 "https://linguareachagency.com/wp-content/plugins/elementor/core/base/traits/?C=S;O=A" "Mozilla/5.0 AppleWebKit/537.36 (KHTML, like Gecko; compatible; GPTBot/1.3; +https://openai.com/gptbot)"
74.7.227.150 - - [05/Apr/2026:14:05:23 -0400] "GET /wp-content/plugins/pro-elements/modules/payments/widgets/?C=N;O=A HTTP/1.0" 200 427 "https://linguareachagency.com/wp-content/plugins/pro-elements/modules/payments/widgets/?C=D;O=A" "Mozilla/5.0 AppleWebKit/537.36 (KHTML, like Gecko; compatible; GPTBot/1.3; +https://openai.com/gptbot)"
74.7.227.150 - - [05/Apr/2026:14:05:54 -0400] "GET /wp-content/plugins/elementor/assets/lib/swiper/?C=M;O=D HTTP/1.0" 200 393 "https://linguareachagency.com/wp-content/plugins/elementor/assets/lib/swiper/?C=M;O=A" "Mozilla/5.0 AppleWebKit/537.36 (KHTML, like Gecko; compatible; GPTBot/1.3; +https://openai.com/gptbot)"
170.64.178.144 - - [05/Apr/2026:14:06:15 -0400] "POST /wp-login.php HTTP/1.0" 200 6464 "-" "Mozilla/5.0"
74.7.227.150 - - [05/Apr/2026:14:06:23 -0400] "GET /wp-content/plugins/pro-elements/modules/payments/widgets/?C=M;O=D HTTP/1.0" 200 426 "https://linguareachagency.com/wp-content/plugins/pro-elements/modules/payments/widgets/?C=M;O=A" "Mozilla/5.0 AppleWebKit/537.36 (KHTML, like Gecko; compatible; GPTBot/1.3; +https://openai.com/gptbot)"
74.7.227.150 - - [05/Apr/2026:14:06:46 -0400] "GET /wp-content/plugins/pro-elements/modules/payments/widgets/?C=S;O=D HTTP/1.0" 200 426 "https://linguareachagency.com/wp-content/plugins/pro-elements/modules/payments/widgets/?C=S;O=A" "Mozilla/5.0 AppleWebKit/537.36 (KHTML, like Gecko; compatible; GPTBot/1.3; +https://openai.com/gptbot)"
74.7.227.150 - - [05/Apr/2026:14:07:12 -0400] "GET /wp-content/plugins/pro-elements/assets/lib/sticky/?C=S;O=A HTTP/1.0" 200 430 "https://linguareachagency.com/wp-content/plugins/pro-elements/assets/lib/sticky/" "Mozilla/5.0 AppleWebKit/537.36 (KHTML, like Gecko; compatible; GPTBot/1.3; +https://openai.com/gptbot)"
207.154.197.201 - - [05/Apr/2026:14:07:22 -0400] "POST /xmlrpc.php HTTP/1.0" 406 300 "-" "Mozilla/5.0 (Windows NT 10.0; Win64; x64; rv:140.0) Gecko/20100101 Firefox/140.0"
74.7.227.150 - - [05/Apr/2026:14:07:26 -0400] "GET /wp-content/plugins/elementor/assets/js/packages/ui/ui.js.map HTTP/1.0" 404 29729 "https://linguareachagency.com/wp-content/plugins/elementor/assets/js/packages/ui/ui.js" "Mozilla/5.0 AppleWebKit/537.36 (KHTML, like Gecko; compatible; GPTBot/1.3; +https://openai.com/gptbot)"
74.7.227.150 - - [05/Apr/2026:14:07:44 -0400] "GET /wp-content/plugins/elementor/assets/lib/backbone/?C=S;O=A HTTP/1.0" 200 465 "https://linguareachagency.com/wp-content/plugins/elementor/assets/lib/backbone/" "Mozilla/5.0 AppleWebKit/537.36 (KHTML, like Gecko; compatible; GPTBot/1.3; +https://openai.com/gptbot)"
161.178.3.105 - - [05/Apr/2026:14:07:57 -0400] "POST /wp-login.php HTTP/1.0" 200 6464 "-" "Mozilla/5.0"
74.7.227.150 - - [05/Apr/2026:14:07:59 -0400] "GET /wp-content/plugins/elementor/assets/lib/backbone/?C=M;O=A HTTP/1.0" 200 466 "https://linguareachagency.com/wp-content/plugins/elementor/assets/lib/backbone/" "Mozilla/5.0 AppleWebKit/537.36 (KHTML, like Gecko; compatible; GPTBot/1.3; +https://openai.com/gptbot)"
74.7.227.150 - - [05/Apr/2026:14:08:15 -0400] "GET /wp-content/plugins/elementor/assets/lib/backbone/?C=D;O=A HTTP/1.0" 200 466 "https://linguareachagency.com/wp-content/plugins/elementor/assets/lib/backbone/" "Mozilla/5.0 AppleWebKit/537.36 (KHTML, like Gecko; compatible; GPTBot/1.3; +https://openai.com/gptbot)"
74.7.227.150 - - [05/Apr/2026:14:08:36 -0400] "GET /wp-content/plugins/pro-elements/assets/lib/sticky/?C=M;O=A HTTP/1.0" 200 425 "https://linguareachagency.com/wp-content/plugins/pro-elements/assets/lib/sticky/" "Mozilla/5.0 AppleWebKit/537.36 (KHTML, like Gecko; compatible; GPTBot/1.3; +https://openai.com/gptbot)"
74.7.227.150 - - [05/Apr/2026:14:08:48 -0400] "GET /wp-content/plugins/elementor/assets/lib/backbone/?C=N;O=D HTTP/1.0" 200 463 "https://linguareachagency.com/wp-content/plugins/elementor/assets/lib/backbone/" "Mozilla/5.0 AppleWebKit/537.36 (KHTML, like Gecko; compatible; GPTBot/1.3; +https://openai.com/gptbot)"
74.7.227.150 - - [05/Apr/2026:14:08:53 -0400] "GET /wp-content/plugins/elementor/core/base/providers/?C=M;O=A HTTP/1.0" 200 422 "https://linguareachagency.com/wp-content/plugins/elementor/core/base/providers/" "Mozilla/5.0 AppleWebKit/537.36 (KHTML, like Gecko; compatible; GPTBot/1.3; +https://openai.com/gptbot)"
74.7.227.150 - - [05/Apr/2026:14:09:06 -0400] "GET /wp-content/plugins/elementor/core/base/providers/?C=N;O=D HTTP/1.0" 429 17 "https://linguareachagency.com/wp-content/plugins/elementor/core/base/providers/" "Mozilla/5.0 AppleWebKit/537.36 (KHTML, like Gecko; compatible; GPTBot/1.3; +https://openai.com/gptbot)"
74.7.227.150 - - [05/Apr/2026:14:09:17 -0400] "GET /wp-content/plugins/elementor/core/debug/classes/?C=N;O=D HTTP/1.0" 429 17 "https://linguareachagency.com/wp-content/plugins/elementor/core/debug/classes/" "Mozilla/5.0 AppleWebKit/537.36 (KHTML, like Gecko; compatible; GPTBot/1.3; +https://openai.com/gptbot)"
74.7.227.150 - - [05/Apr/2026:14:09:42 -0400] "GET /wp-content/plugins/pro-elements/assets/lib/sticky/?C=N;O=D HTTP/1.0" 429 17 "https://linguareachagency.com/wp-content/plugins/pro-elements/assets/lib/sticky/" "Mozilla/5.0 AppleWebKit/537.36 (KHTML, like Gecko; compatible; GPTBot/1.3; +https://openai.com/gptbot)"
188.212.159.69 - - [05/Apr/2026:14:10:06 -0400] "POST /xmlrpc.php HTTP/1.0" 200 206 "-" "Mozilla/5.0 (Windows NT 10.0; WOW64) AppleWebKit/537.43 (KHTML, like Gecko) Chrome/138.0.0.0 Safari/537.36 OPR/122.0.0.0"
74.7.227.150 - - [05/Apr/2026:14:10:43 -0400] "GET /wp-content/plugins/elementor/core/debug/classes/?C=S;O=A HTTP/1.0" 200 477 "https://linguareachagency.com/wp-content/plugins/elementor/core/debug/classes/" "Mozilla/5.0 AppleWebKit/537.36 (KHTML, like Gecko; compatible; GPTBot/1.3; +https://openai.com/gptbot)"
74.7.227.150 - - [05/Apr/2026:14:11:56 -0400] "GET /wp-content/plugins/pro-elements/assets/lib/sticky/jquery.sticky.js HTTP/1.0" 200 2507 "https://linguareachagency.com/wp-content/plugins/pro-elements/assets/lib/sticky/?C=S;O=A" "Mozilla/5.0 AppleWebKit/537.36 (KHTML, like Gecko; compatible; GPTBot/1.3; +https://openai.com/gptbot)"
161.178.132.46 - - [05/Apr/2026:14:12:43 -0400] "POST /wp-login.php HTTP/1.0" 200 6464 "-" "Mozilla/5.0"
74.7.227.150 - - [05/Apr/2026:14:12:48 -0400] "GET /wp-content/plugins/pro-elements/assets/lib/sticky/jquery.sticky.min.js HTTP/1.0" 200 1542 "https://linguareachagency.com/wp-content/plugins/pro-elements/assets/lib/sticky/?C=S;O=A" "Mozilla/5.0 AppleWebKit/537.36 (KHTML, like Gecko; compatible; GPTBot/1.3; +https://openai.com/gptbot)"
74.7.227.150 - - [05/Apr/2026:14:13:35 -0400] "GET /wp-content/plugins/elementor/assets/lib/backbone/backbone.marionette.min.js HTTP/1.0" 200 11502 "https://linguareachagency.com/wp-content/plugins/elementor/assets/lib/backbone/?C=S;O=A" "Mozilla/5.0 AppleWebKit/537.36 (KHTML, like Gecko; compatible; GPTBot/1.3; +https://openai.com/gptbot)"
43.130.67.6 - - [05/Apr/2026:14:13:42 -0400] "GET / HTTP/1.0" 301 - "-" "Mozilla/5.0 (iPhone; CPU iPhone OS 13_2_3 like Mac OS X) AppleWebKit/605.1.15 (KHTML, like Gecko) Version/13.0.3 Mobile/15E148 Safari/604.1"
15.253.24.82 - - [05/Apr/2026:14:13:42 -0400] "POST /wp-login.php HTTP/1.0" 200 6464 "-" "Mozilla/5.0"
43.130.67.6 - - [05/Apr/2026:14:13:43 -0400] "GET / HTTP/1.0" 200 33241 "http://www.linguareachagency.com" "Mozilla/5.0 (iPhone; CPU iPhone OS 13_2_3 like Mac OS X) AppleWebKit/605.1.15 (KHTML, like Gecko) Version/13.0.3 Mobile/15E148 Safari/604.1"
74.7.227.150 - - [05/Apr/2026:14:14:21 -0400] "GET /wp-content/plugins/elementor/assets/lib/backbone/backbone.marionette.js HTTP/1.0" 200 30749 "https://linguareachagency.com/wp-content/plugins/elementor/assets/lib/backbone/?C=S;O=A" "Mozilla/5.0 AppleWebKit/537.36 (KHTML, like Gecko; compatible; GPTBot/1.3; +https://openai.com/gptbot)"
74.7.227.150 - - [05/Apr/2026:14:15:07 -0400] "GET /wp-content/plugins/elementor/assets/lib/backbone/backbone.radio.js HTTP/1.0" 200 3148 "https://linguareachagency.com/wp-content/plugins/elementor/assets/lib/backbone/?C=S;O=A" "Mozilla/5.0 AppleWebKit/537.36 (KHTML, like Gecko; compatible; GPTBot/1.3; +https://openai.com/gptbot)"
74.7.227.150 - - [05/Apr/2026:14:15:40 -0400] "GET /wp-content/plugins/elementor/assets/lib/backbone/?C=D;O=D HTTP/1.0" 200 463 "https://linguareachagency.com/wp-content/plugins/elementor/assets/lib/backbone/?C=D;O=A" "Mozilla/5.0 AppleWebKit/537.36 (KHTML, like Gecko; compatible; GPTBot/1.3; +https://openai.com/gptbot)"
167.99.125.188 - - [05/Apr/2026:14:15:56 -0400] "POST /wp-login.php HTTP/1.0" 200 6464 "-" "Mozilla/5.0"
74.7.227.150 - - [05/Apr/2026:14:16:10 -0400] "GET /wp-content/plugins/pro-elements/assets/lib/sticky/?C=N;O=A HTTP/1.0" 200 425 "https://linguareachagency.com/wp-content/plugins/pro-elements/assets/lib/sticky/?C=S;O=A" "Mozilla/5.0 AppleWebKit/537.36 (KHTML, like Gecko; compatible; GPTBot/1.3; +https://openai.com/gptbot)"
74.7.227.150 - - [05/Apr/2026:14:16:44 -0400] "GET /wp-content/plugins/elementor/assets/lib/backbone/?C=N;O=A HTTP/1.0" 200 466 "https://linguareachagency.com/wp-content/plugins/elementor/assets/lib/backbone/?C=S;O=A" "Mozilla/5.0 AppleWebKit/537.36 (KHTML, like Gecko; compatible; GPTBot/1.3; +https://openai.com/gptbot)"
74.7.227.150 - - [05/Apr/2026:14:17:07 -0400] "GET /wp-content/plugins/elementor/assets/lib/backbone/?C=S;O=D HTTP/1.0" 200 463 "https://linguareachagency.com/wp-content/plugins/elementor/assets/lib/backbone/?C=S;O=A" "Mozilla/5.0 AppleWebKit/537.36 (KHTML, like Gecko; compatible; GPTBot/1.3; +https://openai.com/gptbot)"
74.7.227.150 - - [05/Apr/2026:14:17:33 -0400] "GET /wp-content/plugins/elementor/core/base/providers/?C=D;O=A HTTP/1.0" 200 421 "https://linguareachagency.com/wp-content/plugins/elementor/core/base/providers/?C=M;O=A" "Mozilla/5.0 AppleWebKit/537.36 (KHTML, like Gecko; compatible; GPTBot/1.3; +https://openai.com/gptbot)"
74.7.227.150 - - [05/Apr/2026:14:17:56 -0400] "GET /wp-content/plugins/elementor/core/debug/classes/htaccess.php HTTP/1.0" 500 - "https://linguareachagency.com/wp-content/plugins/elementor/core/debug/classes/?C=S;O=A" "Mozilla/5.0 AppleWebKit/537.36 (KHTML, like Gecko; compatible; GPTBot/1.3; +https://openai.com/gptbot)"
74.7.227.150 - - [05/Apr/2026:14:18:16 -0400] "GET /wp-content/plugins/elementor/core/debug/classes/theme-missing.php HTTP/1.0" 500 - "https://linguareachagency.com/wp-content/plugins/elementor/core/debug/classes/?C=S;O=A" "Mozilla/5.0 AppleWebKit/537.36 (KHTML, like Gecko; compatible; GPTBot/1.3; +https://openai.com/gptbot)"
74.7.227.150 - - [05/Apr/2026:14:19:17 -0400] "GET /wp-content/plugins/elementor/core/debug/classes/shop-page-edit.php HTTP/1.0" 500 - "https://linguareachagency.com/wp-content/plugins/elementor/core/debug/classes/?C=S;O=A" "Mozilla/5.0 AppleWebKit/537.36 (KHTML, like Gecko; compatible; GPTBot/1.3; +https://openai.com/gptbot)"
170.64.178.144 - - [05/Apr/2026:14:19:31 -0400] "POST /wp-login.php HTTP/1.0" 200 6464 "-" "Mozilla/5.0"
161.178.3.105 - - [05/Apr/2026:14:20:18 -0400] "POST /wp-login.php HTTP/1.0" 200 6464 "-" "Mozilla/5.0"
74.7.227.150 - - [05/Apr/2026:14:20:27 -0400] "GET /wp-content/plugins/elementor/core/debug/classes/?C=N;O=A HTTP/1.0" 200 481 "https://linguareachagency.com/wp-content/plugins/elementor/core/debug/classes/?C=S;O=A" "Mozilla/5.0 AppleWebKit/537.36 (KHTML, like Gecko; compatible; GPTBot/1.3; +https://openai.com/gptbot)"
74.7.241.150 - - [05/Apr/2026:14:20:37 -0400] "GET /robots.txt HTTP/1.0" 404 555 "-" "Mozilla/5.0 (Macintosh; Intel Mac OS X 10_15_7) AppleWebKit/537.36 (KHTML, like Gecko) Chrome/131.0.0.0 Safari/537.36; compatible; OAI-SearchBot/1.3; robots.txt; +https://openai.com/searchbot"
74.7.227.150 - - [05/Apr/2026:14:21:31 -0400] "GET /wp-content/plugins/elementor/core/debug/classes/?C=M;O=A HTTP/1.0" 200 482 "https://linguareachagency.com/wp-content/plugins/elementor/core/debug/classes/?C=S;O=A" "Mozilla/5.0 AppleWebKit/537.36 (KHTML, like Gecko; compatible; GPTBot/1.3; +https://openai.com/gptbot)"
74.7.227.150 - - [05/Apr/2026:14:22:19 -0400] "GET /wp-content/plugins/elementor/assets/lib/backbone/?C=M;O=D HTTP/1.0" 200 463 "https://linguareachagency.com/wp-content/plugins/elementor/assets/lib/backbone/?C=M;O=A" "Mozilla/5.0 AppleWebKit/537.36 (KHTML, like Gecko; compatible; GPTBot/1.3; +https://openai.com/gptbot)"
144.208.76.23 - - [05/Apr/2026:14:22:21 -0400] "POST /wp-cron.php?doing_wp_cron=1775413341.2851140499114990234375 HTTP/1.0" 200 - "-" "WordPress/6.9.4; https://linguareachagency.com"
161.178.132.46 - - [05/Apr/2026:14:22:20 -0400] "POST /wp-login.php HTTP/1.0" 200 6464 "-" "Mozilla/5.0"
74.7.227.150 - - [05/Apr/2026:14:23:20 -0400] "GET /wp-content/plugins/pro-elements/assets/lib/sticky/?C=S;O=D HTTP/1.0" 200 423 "https://linguareachagency.com/wp-content/plugins/pro-elements/assets/lib/sticky/?C=S;O=A" "Mozilla/5.0 AppleWebKit/537.36 (KHTML, like Gecko; compatible; GPTBot/1.3; +https://openai.com/gptbot)"
74.7.227.150 - - [05/Apr/2026:14:24:04 -0400] "GET /wp-content/plugins/elementor/core/base/providers/?C=M;O=D HTTP/1.0" 200 419 "https://linguareachagency.com/wp-content/plugins/elementor/core/base/providers/?C=M;O=A" "Mozilla/5.0 AppleWebKit/537.36 (KHTML, like Gecko; compatible; GPTBot/1.3; +https://openai.com/gptbot)"
74.7.227.150 - - [05/Apr/2026:14:24:44 -0400] "GET /wp-content/plugins/pro-elements/assets/lib/sticky/?C=N;O=D HTTP/1.0" 200 427 "https://linguareachagency.com/wp-content/plugins/pro-elements/assets/lib/sticky/?C=N;O=A" "Mozilla/5.0 AppleWebKit/537.36 (KHTML, like Gecko; compatible; GPTBot/1.3; +https://openai.com/gptbot)"
74.7.227.150 - - [05/Apr/2026:14:25:16 -0400] "GET /wp-content/plugins/pro-elements/assets/lib/sticky/?C=M;O=D HTTP/1.0" 200 427 "https://linguareachagency.com/wp-content/plugins/pro-elements/assets/lib/sticky/?C=M;O=A" "Mozilla/5.0 AppleWebKit/537.36 (KHTML, like Gecko; compatible; GPTBot/1.3; +https://openai.com/gptbot)"
74.7.227.150 - - [05/Apr/2026:14:25:49 -0400] "GET /wp-content/plugins/elementor/core/base/providers/?C=D;O=D HTTP/1.0" 200 419 "https://linguareachagency.com/wp-content/plugins/elementor/core/base/providers/?C=D;O=A" "Mozilla/5.0 AppleWebKit/537.36 (KHTML, like Gecko; compatible; GPTBot/1.3; +https://openai.com/gptbot)"
74.7.227.150 - - [05/Apr/2026:14:26:22 -0400] "GET /wp-content/plugins/elementor/core/debug/classes/?C=S;O=D HTTP/1.0" 200 479 "https://linguareachagency.com/wp-content/plugins/elementor/core/debug/classes/?C=S;O=A" "Mozilla/5.0 AppleWebKit/537.36 (KHTML, like Gecko; compatible; GPTBot/1.3; +https://openai.com/gptbot)"
74.7.227.150 - - [05/Apr/2026:14:26:54 -0400] "GET /wp-content/plugins/elementor/core/debug/classes/?C=D;O=A HTTP/1.0" 200 481 "https://linguareachagency.com/wp-content/plugins/elementor/core/debug/classes/" "Mozilla/5.0 AppleWebKit/537.36 (KHTML, like Gecko; compatible; GPTBot/1.3; +https://openai.com/gptbot)"
74.7.227.150 - - [05/Apr/2026:14:27:07 -0400] "GET /wp-content/plugins/elementor/core/base/providers/?C=S;O=A HTTP/1.0" 200 422 "https://linguareachagency.com/wp-content/plugins/elementor/core/base/providers/" "Mozilla/5.0 AppleWebKit/537.36 (KHTML, like Gecko; compatible; GPTBot/1.3; +https://openai.com/gptbot)"
74.7.227.150 - - [05/Apr/2026:14:27:31 -0400] "GET /wp-content/plugins/elementor/core/debug/classes/?C=N;O=D HTTP/1.0" 200 475 "https://linguareachagency.com/wp-content/plugins/elementor/core/debug/classes/?C=N;O=A" "Mozilla/5.0 AppleWebKit/537.36 (KHTML, like Gecko; compatible; GPTBot/1.3; +https://openai.com/gptbot)"
167.99.125.188 - - [05/Apr/2026:14:27:41 -0400] "POST /wp-login.php HTTP/1.0" 200 6464 "-" "Mozilla/5.0"
74.7.227.150 - - [05/Apr/2026:14:27:48 -0400] "GET /wp-content/plugins/elementor/core/debug/classes/?C=M;O=D HTTP/1.0" 200 475 "https://linguareachagency.com/wp-content/plugins/elementor/core/debug/classes/?C=M;O=A" "Mozilla/5.0 AppleWebKit/537.36 (KHTML, like Gecko; compatible; GPTBot/1.3; +https://openai.com/gptbot)"
147.182.243.3 - - [05/Apr/2026:14:28:09 -0400] "POST /xmlrpc.php HTTP/1.0" 200 206 "-" "Mozilla/5.0 (Windows NT 10.0; WOW64) AppleWebKit/537.36 (KHTML, like Gecko) Chrome/142.0.0.0 Safari/537.36"
74.7.227.150 - - [05/Apr/2026:14:28:16 -0400] "GET /wp-content/plugins/pro-elements/assets/lib/sticky/?C=D;O=A HTTP/1.0" 200 425 "https://linguareachagency.com/wp-content/plugins/pro-elements/assets/lib/sticky/" "Mozilla/5.0 AppleWebKit/537.36 (KHTML, like Gecko; compatible; GPTBot/1.3; +https://openai.com/gptbot)"
74.7.227.150 - - [05/Apr/2026:14:28:21 -0400] "GET /wp-content/plugins/elementor/core/base/providers/?C=N;O=A HTTP/1.0" 200 421 "https://linguareachagency.com/wp-content/plugins/elementor/core/base/providers/?C=M;O=A" "Mozilla/5.0 AppleWebKit/537.36 (KHTML, like Gecko; compatible; GPTBot/1.3; +https://openai.com/gptbot)"
74.7.227.150 - - [05/Apr/2026:14:28:46 -0400] "GET /wp-content/plugins/pro-elements/modules/notes/database/migrations/?C=S;O=A HTTP/1.0" 200 520 "https://linguareachagency.com/wp-content/plugins/pro-elements/modules/notes/database/migrations/" "Mozilla/5.0 AppleWebKit/537.36 (KHTML, like Gecko; compatible; GPTBot/1.3; +https://openai.com/gptbot)"
74.7.227.150 - - [05/Apr/2026:14:28:50 -0400] "GET /wp-content/plugins/pro-elements/modules/notes/database/migrations/?C=N;O=D HTTP/1.0" 200 517 "https://linguareachagency.com/wp-content/plugins/pro-elements/modules/notes/database/migrations/" "Mozilla/5.0 AppleWebKit/537.36 (KHTML, like Gecko; compatible; GPTBot/1.3; +https://openai.com/gptbot)"
74.7.227.150 - - [05/Apr/2026:14:29:02 -0400] "GET /wp-content/plugins/elementor/core/common/modules/events-manager/?C=D;O=A HTTP/1.0" 200 409 "https://linguareachagency.com/wp-content/plugins/elementor/core/common/modules/events-manager/" "Mozilla/5.0 AppleWebKit/537.36 (KHTML, like Gecko; compatible; GPTBot/1.3; +https://openai.com/gptbot)"
74.7.227.150 - - [05/Apr/2026:14:29:11 -0400] "GET /wp-content/plugins/pro-elements/modules/forms/submissions/export/?C=M;O=A HTTP/1.0" 200 420 "https://linguareachagency.com/wp-content/plugins/pro-elements/modules/forms/submissions/export/" "Mozilla/5.0 AppleWebKit/537.36 (KHTML, like Gecko; compatible; GPTBot/1.3; +https://openai.com/gptbot)"
74.7.227.150 - - [05/Apr/2026:14:29:25 -0400] "GET /wp-content/plugins/pro-elements/modules/forms/submissions/export/?C=D;O=A HTTP/1.0" 200 420 "https://linguareachagency.com/wp-content/plugins/pro-elements/modules/forms/submissions/export/" "Mozilla/5.0 AppleWebKit/537.36 (KHTML, like Gecko; compatible; GPTBot/1.3; +https://openai.com/gptbot)"
74.7.227.150 - - [05/Apr/2026:14:29:31 -0400] "GET /wp-content/plugins/elementor/core/debug/classes/?C=D;O=D HTTP/1.0" 200 475 "https://linguareachagency.com/wp-content/plugins/elementor/core/debug/classes/?C=D;O=A" "Mozilla/5.0 AppleWebKit/537.36 (KHTML, like Gecko; compatible; GPTBot/1.3; +https://openai.com/gptbot)"
