74.7.227.150 - - [05/Apr/2026:15:26:15 -0400] "GET /wp-content/plugins/pro-elements/modules/dynamic-tags/tags/lightbox.php HTTP/1.0" 200 - "https://linguareachagency.com/wp-content/plugins/pro-elements/modules/dynamic-tags/tags/" "Mozilla/5.0 AppleWebKit/537.36 (KHTML, like Gecko; compatible; GPTBot/1.3; +https://openai.com/gptbot)"
74.7.227.150 - - [05/Apr/2026:15:26:33 -0400] "GET /wp-content/plugins/pro-elements/modules/dynamic-tags/tags/author-profile-picture.php HTTP/1.0" 200 - "https://linguareachagency.com/wp-content/plugins/pro-elements/modules/dynamic-tags/tags/" "Mozilla/5.0 AppleWebKit/537.36 (KHTML, like Gecko; compatible; GPTBot/1.3; +https://openai.com/gptbot)"
74.7.227.150 - - [05/Apr/2026:15:26:39 -0400] "GET /wp-content/plugins/pro-elements/modules/dynamic-tags/tags/base/data-tag.php HTTP/1.0" 200 - "https://linguareachagency.com/wp-content/plugins/pro-elements/modules/dynamic-tags/tags/base/" "Mozilla/5.0 AppleWebKit/537.36 (KHTML, like Gecko; compatible; GPTBot/1.3; +https://openai.com/gptbot)"
74.7.227.150 - - [05/Apr/2026:15:26:52 -0400] "GET /wp-content/plugins/pro-elements/modules/dynamic-tags/tags/base/tag-trait.php HTTP/1.0" 200 - "https://linguareachagency.com/wp-content/plugins/pro-elements/modules/dynamic-tags/tags/base/" "Mozilla/5.0 AppleWebKit/537.36 (KHTML, like Gecko; compatible; GPTBot/1.3; +https://openai.com/gptbot)"
170.64.178.144 - - [05/Apr/2026:15:26:52 -0400] "POST /wp-login.php HTTP/1.0" 200 6464 "-" "Mozilla/5.0"
74.7.227.150 - - [05/Apr/2026:15:27:01 -0400] "GET /wp-content/plugins/pro-elements/modules/dynamic-tags/tags/base/tag.php HTTP/1.0" 200 - "https://linguareachagency.com/wp-content/plugins/pro-elements/modules/dynamic-tags/tags/base/" "Mozilla/5.0 AppleWebKit/537.36 (KHTML, like Gecko; compatible; GPTBot/1.3; +https://openai.com/gptbot)"
74.7.227.150 - - [05/Apr/2026:15:27:10 -0400] "GET /wp-content/plugins/pro-elements/modules/dynamic-tags/tags/base/author-tag.php HTTP/1.0" 200 - "https://linguareachagency.com/wp-content/plugins/pro-elements/modules/dynamic-tags/tags/base/" "Mozilla/5.0 AppleWebKit/537.36 (KHTML, like Gecko; compatible; GPTBot/1.3; +https://openai.com/gptbot)"
74.7.227.150 - - [05/Apr/2026:15:27:26 -0400] "GET /wp-content/plugins/pro-elements/modules/dynamic-tags/tags/post-featured-image.php HTTP/1.0" 429 17 "https://linguareachagency.com/wp-content/plugins/pro-elements/modules/dynamic-tags/tags/" "Mozilla/5.0 AppleWebKit/537.36 (KHTML, like Gecko; compatible; GPTBot/1.3; +https://openai.com/gptbot)"
74.7.227.150 - - [05/Apr/2026:15:27:28 -0400] "GET /wp-content/plugins/pro-elements/modules/dynamic-tags/tags/post-custom-field.php HTTP/1.0" 429 17 "https://linguareachagency.com/wp-content/plugins/pro-elements/modules/dynamic-tags/tags/" "Mozilla/5.0 AppleWebKit/537.36 (KHTML, like Gecko; compatible; GPTBot/1.3; +https://openai.com/gptbot)"
74.7.227.150 - - [05/Apr/2026:15:27:49 -0400] "GET /wp-content/plugins/pro-elements/modules/dynamic-tags/tags/post-id.php HTTP/1.0" 429 17 "https://linguareachagency.com/wp-content/plugins/pro-elements/modules/dynamic-tags/tags/" "Mozilla/5.0 AppleWebKit/537.36 (KHTML, like Gecko; compatible; GPTBot/1.3; +https://openai.com/gptbot)"
74.7.227.150 - - [05/Apr/2026:15:28:59 -0400] "GET /wp-content/plugins/pro-elements/modules/dynamic-tags/tags/post-date.php HTTP/1.0" 429 17 "https://linguareachagency.com/wp-content/plugins/pro-elements/modules/dynamic-tags/tags/" "Mozilla/5.0 AppleWebKit/537.36 (KHTML, like Gecko; compatible; GPTBot/1.3; +https://openai.com/gptbot)"
74.7.227.150 - - [05/Apr/2026:15:29:58 -0400] "GET /wp-content/plugins/pro-elements/modules/dynamic-tags/tags/post-title.php HTTP/1.0" 200 - "https://linguareachagency.com/wp-content/plugins/pro-elements/modules/dynamic-tags/tags/" "Mozilla/5.0 AppleWebKit/537.36 (KHTML, like Gecko; compatible; GPTBot/1.3; +https://openai.com/gptbot)"
74.7.227.150 - - [05/Apr/2026:15:31:02 -0400] "GET /wp-content/plugins/pro-elements/modules/dynamic-tags/tags/post-time.php HTTP/1.0" 200 - "https://linguareachagency.com/wp-content/plugins/pro-elements/modules/dynamic-tags/tags/" "Mozilla/5.0 AppleWebKit/537.36 (KHTML, like Gecko; compatible; GPTBot/1.3; +https://openai.com/gptbot)"
74.7.227.150 - - [05/Apr/2026:15:32:02 -0400] "GET /wp-content/plugins/pro-elements/modules/dynamic-tags/tags/post-gallery.php HTTP/1.0" 200 - "https://linguareachagency.com/wp-content/plugins/pro-elements/modules/dynamic-tags/tags/" "Mozilla/5.0 AppleWebKit/537.36 (KHTML, like Gecko; compatible; GPTBot/1.3; +https://openai.com/gptbot)"
161.178.132.46 - - [05/Apr/2026:15:32:21 -0400] "POST /wp-login.php HTTP/1.0" 200 6464 "-" "Mozilla/5.0"
74.7.227.150 - - [05/Apr/2026:15:32:47 -0400] "GET /wp-content/plugins/elementor/assets/js/packages/editor-responsive/?C=N;O=A HTTP/1.0" 200 490 "https://linguareachagency.com/wp-content/plugins/elementor/assets/js/packages/editor-responsive/?C=M;O=A" "Mozilla/5.0 AppleWebKit/537.36 (KHTML, like Gecko; compatible; GPTBot/1.3; +https://openai.com/gptbot)"
74.7.227.150 - - [05/Apr/2026:15:33:37 -0400] "GET /wp-content/plugins/elementor/assets/js/packages/editor-responsive/?C=M;O=D HTTP/1.0" 200 490 "https://linguareachagency.com/wp-content/plugins/elementor/assets/js/packages/editor-responsive/?C=M;O=A" "Mozilla/5.0 AppleWebKit/537.36 (KHTML, like Gecko; compatible; GPTBot/1.3; +https://openai.com/gptbot)"
74.7.227.150 - - [05/Apr/2026:15:34:18 -0400] "GET /wp-content/plugins/elementor/modules/checklist/data/endpoints/?C=S;O=D HTTP/1.0" 200 435 "https://linguareachagency.com/wp-content/plugins/elementor/modules/checklist/data/endpoints/?C=S;O=A" "Mozilla/5.0 AppleWebKit/537.36 (KHTML, like Gecko; compatible; GPTBot/1.3; +https://openai.com/gptbot)"
62.169.19.61 - - [05/Apr/2026:15:34:40 -0400] "POST /xmlrpc.php HTTP/1.0" 200 206 "-" "Mozilla/5.0 (Windows NT 10.0) AppleWebKit/537.43 (KHTML, like Gecko) Chrome/140.0.0.0 Safari/537.36 OPR/124.0.0.0"
74.7.227.150 - - [05/Apr/2026:15:34:56 -0400] "GET /wp-content/plugins/pro-elements/modules/display-conditions/classes/?C=M;O=D HTTP/1.0" 200 534 "https://linguareachagency.com/wp-content/plugins/pro-elements/modules/display-conditions/classes/?C=M;O=A" "Mozilla/5.0 AppleWebKit/537.36 (KHTML, like Gecko; compatible; GPTBot/1.3; +https://openai.com/gptbot)"
74.7.227.150 - - [05/Apr/2026:15:35:29 -0400] "GET /wp-content/plugins/pro-elements/modules/display-conditions/classes/?C=N;O=D HTTP/1.0" 200 534 "https://linguareachagency.com/wp-content/plugins/pro-elements/modules/display-conditions/classes/" "Mozilla/5.0 AppleWebKit/537.36 (KHTML, like Gecko; compatible; GPTBot/1.3; +https://openai.com/gptbot)"
74.7.227.150 - - [05/Apr/2026:15:35:59 -0400] "GET /wp-content/plugins/pro-elements/modules/display-conditions/classes/?C=N;O=A HTTP/1.0" 200 545 "https://linguareachagency.com/wp-content/plugins/pro-elements/modules/display-conditions/classes/?C=M;O=A" "Mozilla/5.0 AppleWebKit/537.36 (KHTML, like Gecko; compatible; GPTBot/1.3; +https://openai.com/gptbot)"
74.7.227.150 - - [05/Apr/2026:15:36:24 -0400] "GET /wp-content/plugins/pro-elements/modules/display-conditions/classes/?C=S;O=A HTTP/1.0" 200 540 "https://linguareachagency.com/wp-content/plugins/pro-elements/modules/display-conditions/classes/" "Mozilla/5.0 AppleWebKit/537.36 (KHTML, like Gecko; compatible; GPTBot/1.3; +https://openai.com/gptbot)"
74.7.227.150 - - [05/Apr/2026:15:36:50 -0400] "GET /wp-content/plugins/pro-elements/modules/display-conditions/classes/?C=D;O=A HTTP/1.0" 200 545 "https://linguareachagency.com/wp-content/plugins/pro-elements/modules/display-conditions/classes/" "Mozilla/5.0 AppleWebKit/537.36 (KHTML, like Gecko; compatible; GPTBot/1.3; +https://openai.com/gptbot)"
74.7.227.150 - - [05/Apr/2026:15:37:09 -0400] "GET /wp-content/plugins/elementor/assets/lib/animations/styles/zoomInUp.css HTTP/1.0" 200 211 "https://linguareachagency.com/wp-content/plugins/elementor/assets/lib/animations/styles/" "Mozilla/5.0 AppleWebKit/537.36 (KHTML, like Gecko; compatible; GPTBot/1.3; +https://openai.com/gptbot)"
74.7.227.150 - - [05/Apr/2026:15:37:30 -0400] "GET /wp-content/plugins/elementor/assets/lib/animations/styles/slideInLeft.min.css HTTP/1.0" 200 123 "https://linguareachagency.com/wp-content/plugins/elementor/assets/lib/animations/styles/" "Mozilla/5.0 AppleWebKit/537.36 (KHTML, like Gecko; compatible; GPTBot/1.3; +https://openai.com/gptbot)"
167.99.125.188 - - [05/Apr/2026:15:37:46 -0400] "POST /wp-login.php HTTP/1.0" 200 6464 "-" "Mozilla/5.0"
74.7.227.150 - - [05/Apr/2026:15:38:03 -0400] "GET /wp-content/plugins/elementor/assets/lib/animations/styles/bounceInUp.min.css HTTP/1.0" 200 197 "https://linguareachagency.com/wp-content/plugins/elementor/assets/lib/animations/styles/" "Mozilla/5.0 AppleWebKit/537.36 (KHTML, like Gecko; compatible; GPTBot/1.3; +https://openai.com/gptbot)"
74.7.227.150 - - [05/Apr/2026:15:38:05 -0400] "GET /wp-content/plugins/elementor/assets/lib/animations/styles/bounceInDown.min.css HTTP/1.0" 200 197 "https://linguareachagency.com/wp-content/plugins/elementor/assets/lib/animations/styles/" "Mozilla/5.0 AppleWebKit/537.36 (KHTML, like Gecko; compatible; GPTBot/1.3; +https://openai.com/gptbot)"
74.7.227.150 - - [05/Apr/2026:15:38:24 -0400] "GET /wp-content/plugins/elementor/assets/lib/animations/styles/bounceInLeft.min.css HTTP/1.0" 200 197 "https://linguareachagency.com/wp-content/plugins/elementor/assets/lib/animations/styles/" "Mozilla/5.0 AppleWebKit/537.36 (KHTML, like Gecko; compatible; GPTBot/1.3; +https://openai.com/gptbot)"
74.7.227.150 - - [05/Apr/2026:15:38:36 -0400] "GET /wp-content/plugins/elementor/assets/lib/animations/styles/fadeIn.css HTTP/1.0" 200 94 "https://linguareachagency.com/wp-content/plugins/elementor/assets/lib/animations/styles/" "Mozilla/5.0 AppleWebKit/537.36 (KHTML, like Gecko; compatible; GPTBot/1.3; +https://openai.com/gptbot)"
74.7.227.150 - - [05/Apr/2026:15:38:47 -0400] "GET /wp-content/plugins/elementor/assets/lib/animations/styles/slideInRight.min.css HTTP/1.0" 200 123 "https://linguareachagency.com/wp-content/plugins/elementor/assets/lib/animations/styles/" "Mozilla/5.0 AppleWebKit/537.36 (KHTML, like Gecko; compatible; GPTBot/1.3; +https://openai.com/gptbot)"
74.7.227.150 - - [05/Apr/2026:15:38:54 -0400] "GET /wp-content/plugins/elementor/assets/lib/animations/styles/rubberBand.min.css HTTP/1.0" 200 147 "https://linguareachagency.com/wp-content/plugins/elementor/assets/lib/animations/styles/" "Mozilla/5.0 AppleWebKit/537.36 (KHTML, like Gecko; compatible; GPTBot/1.3; +https://openai.com/gptbot)"
74.7.227.150 - - [05/Apr/2026:15:39:07 -0400] "GET /wp-content/plugins/elementor/assets/lib/animations/styles/fadeInLeft.min.css HTTP/1.0" 429 17 "https://linguareachagency.com/wp-content/plugins/elementor/assets/lib/animations/styles/" "Mozilla/5.0 AppleWebKit/537.36 (KHTML, like Gecko; compatible; GPTBot/1.3; +https://openai.com/gptbot)"
74.7.227.150 - - [05/Apr/2026:15:39:12 -0400] "GET /wp-content/plugins/pro-elements/modules/display-conditions/classes/?C=S;O=D HTTP/1.0" 429 17 "https://linguareachagency.com/wp-content/plugins/pro-elements/modules/display-conditions/classes/?C=S;O=A" "Mozilla/5.0 AppleWebKit/537.36 (KHTML, like Gecko; compatible; GPTBot/1.3; +https://openai.com/gptbot)"
74.7.227.150 - - [05/Apr/2026:15:39:41 -0400] "GET /wp-content/plugins/pro-elements/modules/display-conditions/classes/?C=D;O=D HTTP/1.0" 429 17 "https://linguareachagency.com/wp-content/plugins/pro-elements/modules/display-conditions/classes/?C=D;O=A" "Mozilla/5.0 AppleWebKit/537.36 (KHTML, like Gecko; compatible; GPTBot/1.3; +https://openai.com/gptbot)"
170.64.178.144 - - [05/Apr/2026:15:40:11 -0400] "POST /wp-login.php HTTP/1.0" 200 6464 "-" "Mozilla/5.0"
74.7.227.150 - - [05/Apr/2026:15:40:45 -0400] "GET /wp-content/plugins/elementor/assets/lib/animations/styles/fadeInUp.css HTTP/1.0" 200 136 "https://linguareachagency.com/wp-content/plugins/elementor/assets/lib/animations/styles/" "Mozilla/5.0 AppleWebKit/537.36 (KHTML, like Gecko; compatible; GPTBot/1.3; +https://openai.com/gptbot)"
74.7.227.150 - - [05/Apr/2026:15:41:52 -0400] "GET /wp-content/plugins/elementor/assets/lib/animations/styles/zoomInDown.min.css HTTP/1.0" 200 194 "https://linguareachagency.com/wp-content/plugins/elementor/assets/lib/animations/styles/" "Mozilla/5.0 AppleWebKit/537.36 (KHTML, like Gecko; compatible; GPTBot/1.3; +https://openai.com/gptbot)"
152.42.181.146 - - [05/Apr/2026:15:42:17 -0400] "GET /wp-login.php HTTP/1.0" 200 1925 "-" "Mozilla/5.0 (compatible; MSIE 9.0; Windows NT 6.1; WOW64; Trident/7.0; Swinburne)"
152.42.181.146 - - [05/Apr/2026:15:42:20 -0400] "POST /wp-login.php HTTP/1.0" 200 2060 "https://linguareachagency.com/wp-login.php" "Mozilla/5.0 (compatible; MSIE 9.0; Windows NT 6.1; WOW64; Trident/7.0; Swinburne)"
74.7.227.150 - - [05/Apr/2026:15:42:45 -0400] "GET /wp-content/plugins/elementor/assets/lib/animations/styles/slideInUp.min.css HTTP/1.0" 200 119 "https://linguareachagency.com/wp-content/plugins/elementor/assets/lib/animations/styles/" "Mozilla/5.0 AppleWebKit/537.36 (KHTML, like Gecko; compatible; GPTBot/1.3; +https://openai.com/gptbot)"
161.178.132.46 - - [05/Apr/2026:15:43:30 -0400] "POST /wp-login.php HTTP/1.0" 200 6464 "-" "Mozilla/5.0"
74.7.227.150 - - [05/Apr/2026:15:43:50 -0400] "GET /wp-content/plugins/elementor/assets/lib/animations/styles/zoomInLeft.min.css HTTP/1.0" 200 193 "https://linguareachagency.com/wp-content/plugins/elementor/assets/lib/animations/styles/" "Mozilla/5.0 AppleWebKit/537.36 (KHTML, like Gecko; compatible; GPTBot/1.3; +https://openai.com/gptbot)"
74.7.227.150 - - [05/Apr/2026:15:44:28 -0400] "GET /wp-content/plugins/elementor/assets/lib/animations/styles/slideInDown.min.css HTTP/1.0" 200 122 "https://linguareachagency.com/wp-content/plugins/elementor/assets/lib/animations/styles/" "Mozilla/5.0 AppleWebKit/537.36 (KHTML, like Gecko; compatible; GPTBot/1.3; +https://openai.com/gptbot)"
74.7.227.150 - - [05/Apr/2026:15:45:09 -0400] "GET /wp-content/plugins/pro-elements/core/app/modules/import-export-customization/assets/js/?C=M;O=A HTTP/1.0" 200 471 "https://linguareachagency.com/wp-content/plugins/pro-elements/core/app/modules/import-export-customization/assets/js/" "Mozilla/5.0 AppleWebKit/537.36 (KHTML, like Gecko; compatible; GPTBot/1.3; +https://openai.com/gptbot)"
74.7.227.150 - - [05/Apr/2026:15:45:51 -0400] "GET /wp-content/plugins/pro-elements/core/app/modules/import-export-customization/assets/js/?C=D;O=A HTTP/1.0" 200 470 "https://linguareachagency.com/wp-content/plugins/pro-elements/core/app/modules/import-export-customization/assets/js/" "Mozilla/5.0 AppleWebKit/537.36 (KHTML, like Gecko; compatible; GPTBot/1.3; +https://openai.com/gptbot)"
74.7.227.150 - - [05/Apr/2026:15:46:24 -0400] "GET /wp-content/plugins/pro-elements/core/app/modules/import-export-customization/assets/js/?C=N;O=D HTTP/1.0" 200 469 "https://linguareachagency.com/wp-content/plugins/pro-elements/core/app/modules/import-export-customization/assets/js/" "Mozilla/5.0 AppleWebKit/537.36 (KHTML, like Gecko; compatible; GPTBot/1.3; +https://openai.com/gptbot)"
74.7.227.150 - - [05/Apr/2026:15:46:50 -0400] "GET /wp-content/plugins/pro-elements/modules/theme-builder/import-export-customization/?C=M;O=A HTTP/1.0" 200 454 "https://linguareachagency.com/wp-content/plugins/pro-elements/modules/theme-builder/import-export-customization/" "Mozilla/5.0 AppleWebKit/537.36 (KHTML, like Gecko; compatible; GPTBot/1.3; +https://openai.com/gptbot)"
74.7.227.150 - - [05/Apr/2026:15:47:24 -0400] "GET /wp-content/plugins/pro-elements/modules/theme-builder/import-export-customization/?C=D;O=A HTTP/1.0" 200 454 "https://linguareachagency.com/wp-content/plugins/pro-elements/modules/theme-builder/import-export-customization/" "Mozilla/5.0 AppleWebKit/537.36 (KHTML, like Gecko; compatible; GPTBot/1.3; +https://openai.com/gptbot)"
74.7.227.150 - - [05/Apr/2026:15:47:50 -0400] "GET /wp-content/plugins/pro-elements/modules/global-widget/import-export-customization/?C=M;O=A HTTP/1.0" 200 443 "https://linguareachagency.com/wp-content/plugins/pro-elements/modules/global-widget/import-export-customization/" "Mozilla/5.0 AppleWebKit/537.36 (KHTML, like Gecko; compatible; GPTBot/1.3; +https://openai.com/gptbot)"
74.7.227.150 - - [05/Apr/2026:15:48:03 -0400] "GET /wp-content/plugins/pro-elements/modules/global-widget/import-export-customization/?C=N;O=D HTTP/1.0" 200 441 "https://linguareachagency.com/wp-content/plugins/pro-elements/modules/global-widget/import-export-customization/" "Mozilla/5.0 AppleWebKit/537.36 (KHTML, like Gecko; compatible; GPTBot/1.3; +https://openai.com/gptbot)"
74.7.227.150 - - [05/Apr/2026:15:48:24 -0400] "GET /wp-content/plugins/pro-elements/modules/global-widget/import-export-customization/?C=S;O=A HTTP/1.0" 200 443 "https://linguareachagency.com/wp-content/plugins/pro-elements/modules/global-widget/import-export-customization/" "Mozilla/5.0 AppleWebKit/537.36 (KHTML, like Gecko; compatible; GPTBot/1.3; +https://openai.com/gptbot)"
74.7.227.150 - - [05/Apr/2026:15:48:37 -0400] "GET /wp-content/plugins/pro-elements/modules/theme-builder/import-export-customization/?C=N;O=D HTTP/1.0" 200 453 "https://linguareachagency.com/wp-content/plugins/pro-elements/modules/theme-builder/import-export-customization/" "Mozilla/5.0 AppleWebKit/537.36 (KHTML, like Gecko; compatible; GPTBot/1.3; +https://openai.com/gptbot)"
74.7.227.150 - - [05/Apr/2026:15:48:55 -0400] "GET /wp-content/plugins/pro-elements/modules/theme-builder/import-export-customization/?C=S;O=A HTTP/1.0" 200 455 "https://linguareachagency.com/wp-content/plugins/pro-elements/modules/theme-builder/import-export-customization/" "Mozilla/5.0 AppleWebKit/537.36 (KHTML, like Gecko; compatible; GPTBot/1.3; +https://openai.com/gptbot)"
74.7.227.150 - - [05/Apr/2026:15:49:13 -0400] "GET /wp-content/plugins/pro-elements/modules/global-widget/import-export-customization/?C=D;O=A HTTP/1.0" 200 443 "https://linguareachagency.com/wp-content/plugins/pro-elements/modules/global-widget/import-export-customization/" "Mozilla/5.0 AppleWebKit/537.36 (KHTML, like Gecko; compatible; GPTBot/1.3; +https://openai.com/gptbot)"
167.99.125.188 - - [05/Apr/2026:15:49:24 -0400] "POST /wp-login.php HTTP/1.0" 200 6464 "-" "Mozilla/5.0"
74.7.227.150 - - [05/Apr/2026:15:49:28 -0400] "GET /wp-content/plugins/pro-elements/core/app/modules/import-export-customization/assets/js/?C=N;O=A HTTP/1.0" 200 470 "https://linguareachagency.com/wp-content/plugins/pro-elements/core/app/modules/import-export-customization/assets/js/?C=M;O=A" "Mozilla/5.0 AppleWebKit/537.36 (KHTML, like Gecko; compatible; GPTBot/1.3; +https://openai.com/gptbot)"
74.7.227.150 - - [05/Apr/2026:15:49:39 -0400] "GET /wp-content/plugins/elementor/assets/js/packages/env/?C=S;O=A HTTP/1.0" 200 484 "https://linguareachagency.com/wp-content/plugins/elementor/assets/js/packages/env/" "Mozilla/5.0 AppleWebKit/537.36 (KHTML, like Gecko; compatible; GPTBot/1.3; +https://openai.com/gptbot)"
74.7.227.150 - - [05/Apr/2026:15:49:43 -0400] "GET /wp-content/plugins/pro-elements/core/app/modules/import-export-customization/assets/js/?C=D;O=D HTTP/1.0" 200 469 "https://linguareachagency.com/wp-content/plugins/pro-elements/core/app/modules/import-export-customization/assets/js/?C=D;O=A" "Mozilla/5.0 AppleWebKit/537.36 (KHTML, like Gecko; compatible; GPTBot/1.3; +https://openai.com/gptbot)"
74.7.227.150 - - [05/Apr/2026:15:50:12 -0400] "GET /wp-content/plugins/pro-elements/modules/theme-builder/import-export-customization/?C=N;O=A HTTP/1.0" 200 454 "https://linguareachagency.com/wp-content/plugins/pro-elements/modules/theme-builder/import-export-customization/?C=M;O=A" "Mozilla/5.0 AppleWebKit/537.36 (KHTML, like Gecko; compatible; GPTBot/1.3; +https://openai.com/gptbot)"
74.7.227.150 - - [05/Apr/2026:15:50:19 -0400] "GET /wp-content/plugins/pro-elements/modules/theme-builder/import-export-customization/?C=M;O=D HTTP/1.0" 429 17 "https://linguareachagency.com/wp-content/plugins/pro-elements/modules/theme-builder/import-export-customization/?C=M;O=A" "Mozilla/5.0 AppleWebKit/537.36 (KHTML, like Gecko; compatible; GPTBot/1.3; +https://openai.com/gptbot)"
74.7.227.150 - - [05/Apr/2026:15:50:20 -0400] "GET /wp-content/plugins/pro-elements/modules/theme-builder/import-export-customization/?C=D;O=D HTTP/1.0" 429 17 "https://linguareachagency.com/wp-content/plugins/pro-elements/modules/theme-builder/import-export-customization/?C=D;O=A" "Mozilla/5.0 AppleWebKit/537.36 (KHTML, like Gecko; compatible; GPTBot/1.3; +https://openai.com/gptbot)"
74.7.227.150 - - [05/Apr/2026:15:50:43 -0400] "GET /wp-content/plugins/elementor/assets/js/packages/env/?C=D;O=A HTTP/1.0" 429 17 "https://linguareachagency.com/wp-content/plugins/elementor/assets/js/packages/env/" "Mozilla/5.0 AppleWebKit/537.36 (KHTML, like Gecko; compatible; GPTBot/1.3; +https://openai.com/gptbot)"
15.253.24.82 - - [05/Apr/2026:15:51:11 -0400] "POST /wp-login.php HTTP/1.0" 200 6464 "-" "Mozilla/5.0"
74.7.227.150 - - [05/Apr/2026:15:51:48 -0400] "GET /wp-content/plugins/pro-elements/modules/global-widget/import-export-customization/?C=N;O=A HTTP/1.0" 429 17 "https://linguareachagency.com/wp-content/plugins/pro-elements/modules/global-widget/import-export-customization/?C=M;O=A" "Mozilla/5.0 AppleWebKit/537.36 (KHTML, like Gecko; compatible; GPTBot/1.3; +https://openai.com/gptbot)"
74.7.227.150 - - [05/Apr/2026:15:52:50 -0400] "GET /wp-content/plugins/pro-elements/modules/global-widget/import-export-customization/?C=S;O=D HTTP/1.0" 200 441 "https://linguareachagency.com/wp-content/plugins/pro-elements/modules/global-widget/import-export-customization/?C=S;O=A" "Mozilla/5.0 AppleWebKit/537.36 (KHTML, like Gecko; compatible; GPTBot/1.3; +https://openai.com/gptbot)"
161.178.132.46 - - [05/Apr/2026:15:53:22 -0400] "POST /wp-login.php HTTP/1.0" 200 6464 "-" "Mozilla/5.0"
170.64.178.144 - - [05/Apr/2026:15:53:28 -0400] "POST /wp-login.php HTTP/1.0" 200 6464 "-" "Mozilla/5.0"
74.7.227.150 - - [05/Apr/2026:15:53:50 -0400] "GET /wp-content/plugins/pro-elements/modules/theme-builder/import-export-customization/?C=S;O=D HTTP/1.0" 200 453 "https://linguareachagency.com/wp-content/plugins/pro-elements/modules/theme-builder/import-export-customization/?C=S;O=A" "Mozilla/5.0 AppleWebKit/537.36 (KHTML, like Gecko; compatible; GPTBot/1.3; +https://openai.com/gptbot)"
74.7.227.150 - - [05/Apr/2026:15:54:54 -0400] "GET /wp-content/plugins/pro-elements/modules/global-widget/import-export-customization/?C=M;O=D HTTP/1.0" 200 441 "https://linguareachagency.com/wp-content/plugins/pro-elements/modules/global-widget/import-export-customization/?C=M;O=A" "Mozilla/5.0 AppleWebKit/537.36 (KHTML, like Gecko; compatible; GPTBot/1.3; +https://openai.com/gptbot)"
74.7.227.150 - - [05/Apr/2026:15:55:46 -0400] "GET /wp-content/plugins/elementor/assets/js/packages/env/?C=M;O=A HTTP/1.0" 200 483 "https://linguareachagency.com/wp-content/plugins/elementor/assets/js/packages/env/" "Mozilla/5.0 AppleWebKit/537.36 (KHTML, like Gecko; compatible; GPTBot/1.3; +https://openai.com/gptbot)"
74.7.227.150 - - [05/Apr/2026:15:56:28 -0400] "GET /wp-content/plugins/pro-elements/modules/global-widget/import-export-customization/?C=D;O=D HTTP/1.0" 200 441 "https://linguareachagency.com/wp-content/plugins/pro-elements/modules/global-widget/import-export-customization/?C=D;O=A" "Mozilla/5.0 AppleWebKit/537.36 (KHTML, like Gecko; compatible; GPTBot/1.3; +https://openai.com/gptbot)"
74.7.227.150 - - [05/Apr/2026:15:57:08 -0400] "GET /wp-content/plugins/elementor/assets/js/packages/env/?C=N;O=D HTTP/1.0" 200 482 "https://linguareachagency.com/wp-content/plugins/elementor/assets/js/packages/env/" "Mozilla/5.0 AppleWebKit/537.36 (KHTML, like Gecko; compatible; GPTBot/1.3; +https://openai.com/gptbot)"
74.7.227.150 - - [05/Apr/2026:15:57:48 -0400] "GET /wp-content/plugins/elementor/assets/js/packages/env/env.js.LICENSE.txt HTTP/1.0" 200 78 "https://linguareachagency.com/wp-content/plugins/elementor/assets/js/packages/env/?C=S;O=A" "Mozilla/5.0 AppleWebKit/537.36 (KHTML, like Gecko; compatible; GPTBot/1.3; +https://openai.com/gptbot)"
74.7.227.150 - - [05/Apr/2026:15:58:20 -0400] "GET /wp-content/plugins/elementor/assets/js/packages/env/?C=N;O=A HTTP/1.0" 200 483 "https://linguareachagency.com/wp-content/plugins/elementor/assets/js/packages/env/?C=S;O=A" "Mozilla/5.0 AppleWebKit/537.36 (KHTML, like Gecko; compatible; GPTBot/1.3; +https://openai.com/gptbot)"
74.7.227.150 - - [05/Apr/2026:15:58:53 -0400] "GET /wp-content/plugins/elementor/assets/js/packages/env/?C=S;O=D HTTP/1.0" 200 480 "https://linguareachagency.com/wp-content/plugins/elementor/assets/js/packages/env/?C=S;O=A" "Mozilla/5.0 AppleWebKit/537.36 (KHTML, like Gecko; compatible; GPTBot/1.3; +https://openai.com/gptbot)"
74.7.227.150 - - [05/Apr/2026:15:59:23 -0400] "GET /wp-content/plugins/elementor/assets/lib/eicons/css/ HTTP/1.0" 200 419 "https://linguareachagency.com/wp-content/plugins/elementor/assets/lib/eicons/" "Mozilla/5.0 AppleWebKit/537.36 (KHTML, like Gecko; compatible; GPTBot/1.3; +https://openai.com/gptbot)"
43.153.49.151 - - [05/Apr/2026:15:59:36 -0400] "GET / HTTP/1.0" 301 - "-" "Mozilla/5.0 (iPhone; CPU iPhone OS 13_2_3 like Mac OS X) AppleWebKit/605.1.15 (KHTML, like Gecko) Version/13.0.3 Mobile/15E148 Safari/604.1"
43.153.49.151 - - [05/Apr/2026:15:59:38 -0400] "GET / HTTP/1.0" 200 33241 "http://linguareachagency.com" "Mozilla/5.0 (iPhone; CPU iPhone OS 13_2_3 like Mac OS X) AppleWebKit/605.1.15 (KHTML, like Gecko) Version/13.0.3 Mobile/15E148 Safari/604.1"
74.7.227.150 - - [05/Apr/2026:15:59:43 -0400] "GET /wp-content/plugins/elementor/modules/atomic-widgets/dynamic-tags/?C=M;O=A HTTP/1.0" 200 533 "https://linguareachagency.com/wp-content/plugins/elementor/modules/atomic-widgets/dynamic-tags/" "Mozilla/5.0 AppleWebKit/537.36 (KHTML, like Gecko; compatible; GPTBot/1.3; +https://openai.com/gptbot)"
74.7.227.150 - - [05/Apr/2026:16:00:07 -0400] "GET /wp-content/plugins/pro-elements/modules/global-widget/import-export-customization/?C=N;O=A HTTP/1.0" 200 443 "https://linguareachagency.com/wp-content/plugins/pro-elements/modules/global-widget/import-export-customization/?C=S;O=D" "Mozilla/5.0 AppleWebKit/537.36 (KHTML, like Gecko; compatible; GPTBot/1.3; +https://openai.com/gptbot)"
74.7.227.150 - - [05/Apr/2026:16:00:26 -0400] "GET /wp-content/plugins/elementor/modules/atomic-widgets/dynamic-tags/?C=D;O=A HTTP/1.0" 200 532 "https://linguareachagency.com/wp-content/plugins/elementor/modules/atomic-widgets/dynamic-tags/" "Mozilla/5.0 AppleWebKit/537.36 (KHTML, like Gecko; compatible; GPTBot/1.3; +https://openai.com/gptbot)"
74.7.227.150 - - [05/Apr/2026:16:00:53 -0400] "GET /wp-content/plugins/elementor/modules/atomic-widgets/dynamic-tags/?C=S;O=A HTTP/1.0" 200 537 "https://linguareachagency.com/wp-content/plugins/elementor/modules/atomic-widgets/dynamic-tags/" "Mozilla/5.0 AppleWebKit/537.36 (KHTML, like Gecko; compatible; GPTBot/1.3; +https://openai.com/gptbot)"
74.7.227.150 - - [05/Apr/2026:16:00:59 -0400] "GET /wp-content/plugins/elementor/assets/js/packages/env/?C=M;O=D HTTP/1.0" 200 482 "https://linguareachagency.com/wp-content/plugins/elementor/assets/js/packages/env/?C=M;O=A" "Mozilla/5.0 AppleWebKit/537.36 (KHTML, like Gecko; compatible; GPTBot/1.3; +https://openai.com/gptbot)"
167.99.125.188 - - [05/Apr/2026:16:01:08 -0400] "POST /wp-login.php HTTP/1.0" 200 6464 "-" "Mozilla/5.0"
74.7.227.150 - - [05/Apr/2026:16:01:16 -0400] "GET /wp-content/plugins/elementor/assets/js/packages/env/?C=D;O=A HTTP/1.0" 200 483 "https://linguareachagency.com/wp-content/plugins/elementor/assets/js/packages/env/?C=M;O=A" "Mozilla/5.0 AppleWebKit/537.36 (KHTML, like Gecko; compatible; GPTBot/1.3; +https://openai.com/gptbot)"
74.7.227.150 - - [05/Apr/2026:16:01:33 -0400] "GET /wp-content/plugins/elementor/modules/atomic-widgets/dynamic-tags/?C=N;O=D HTTP/1.0" 200 533 "https://linguareachagency.com/wp-content/plugins/elementor/modules/atomic-widgets/dynamic-tags/" "Mozilla/5.0 AppleWebKit/537.36 (KHTML, like Gecko; compatible; GPTBot/1.3; +https://openai.com/gptbot)"
74.7.227.150 - - [05/Apr/2026:16:01:40 -0400] "GET /wp-content/plugins/elementor/modules/home/classes/?C=D;O=A HTTP/1.0" 200 424 "https://linguareachagency.com/wp-content/plugins/elementor/modules/home/classes/" "Mozilla/5.0 AppleWebKit/537.36 (KHTML, like Gecko; compatible; GPTBot/1.3; +https://openai.com/gptbot)"
74.7.227.150 - - [05/Apr/2026:16:01:49 -0400] "GET /wp-content/plugins/elementor/modules/home/classes/?C=M;O=A HTTP/1.0" 200 425 "https://linguareachagency.com/wp-content/plugins/elementor/modules/home/classes/" "Mozilla/5.0 AppleWebKit/537.36 (KHTML, like Gecko; compatible; GPTBot/1.3; +https://openai.com/gptbot)"
74.7.227.150 - - [05/Apr/2026:16:01:59 -0400] "GET /wp-content/plugins/elementor/modules/home/classes/?C=N;O=D HTTP/1.0" 429 17 "https://linguareachagency.com/wp-content/plugins/elementor/modules/home/classes/" "Mozilla/5.0 AppleWebKit/537.36 (KHTML, like Gecko; compatible; GPTBot/1.3; +https://openai.com/gptbot)"
74.7.227.150 - - [05/Apr/2026:16:02:08 -0400] "GET /wp-content/plugins/elementor/modules/home/classes/?C=S;O=A HTTP/1.0" 429 17 "https://linguareachagency.com/wp-content/plugins/elementor/modules/home/classes/" "Mozilla/5.0 AppleWebKit/537.36 (KHTML, like Gecko; compatible; GPTBot/1.3; +https://openai.com/gptbot)"
74.7.227.150 - - [05/Apr/2026:16:02:33 -0400] "GET /wp-content/plugins/pro-elements/modules/custom-code/import-export-customization/?C=D;O=A HTTP/1.0" 429 17 "https://linguareachagency.com/wp-content/plugins/pro-elements/modules/custom-code/import-export-customization/" "Mozilla/5.0 AppleWebKit/537.36 (KHTML, like Gecko; compatible; GPTBot/1.3; +https://openai.com/gptbot)"
161.178.132.46 - - [05/Apr/2026:16:03:42 -0400] "POST /wp-login.php HTTP/1.0" 200 6464 "-" "Mozilla/5.0"
74.7.227.150 - - [05/Apr/2026:16:03:42 -0400] "GET /wp-content/plugins/elementor/modules/atomic-widgets/dynamic-tags/?C=N;O=A HTTP/1.0" 200 532 "https://linguareachagency.com/wp-content/plugins/elementor/modules/atomic-widgets/dynamic-tags/?C=M;O=A" "Mozilla/5.0 AppleWebKit/537.36 (KHTML, like Gecko; compatible; GPTBot/1.3; +https://openai.com/gptbot)"
74.7.227.150 - - [05/Apr/2026:16:04:39 -0400] "GET /wp-content/plugins/elementor/modules/atomic-widgets/dynamic-tags/?C=M;O=D HTTP/1.0" 200 533 "https://linguareachagency.com/wp-content/plugins/elementor/modules/atomic-widgets/dynamic-tags/?C=M;O=A" "Mozilla/5.0 AppleWebKit/537.36 (KHTML, like Gecko; compatible; GPTBot/1.3; +https://openai.com/gptbot)"
74.7.227.150 - - [05/Apr/2026:16:05:34 -0400] "GET /wp-content/plugins/elementor/modules/atomic-widgets/dynamic-tags/?C=S;O=D HTTP/1.0" 200 533 "https://linguareachagency.com/wp-content/plugins/elementor/modules/atomic-widgets/dynamic-tags/?C=S;O=A" "Mozilla/5.0 AppleWebKit/537.36 (KHTML, like Gecko; compatible; GPTBot/1.3; +https://openai.com/gptbot)"
74.7.227.150 - - [05/Apr/2026:16:06:24 -0400] "GET /sitemaps.xml HTTP/1.0" 200 270 "-" "Mozilla/5.0 AppleWebKit/537.36 (KHTML, like Gecko; compatible; GPTBot/1.3; +https://openai.com/gptbot)"
170.64.178.144 - - [05/Apr/2026:16:06:50 -0400] "POST /wp-login.php HTTP/1.0" 200 6464 "-" "Mozilla/5.0"
74.7.227.150 - - [05/Apr/2026:16:07:14 -0400] "GET /wp-content/plugins/elementor/modules/atomic-widgets/dynamic-tags/?C=D;O=D HTTP/1.0" 200 533 "https://linguareachagency.com/wp-content/plugins/elementor/modules/atomic-widgets/dynamic-tags/?C=D;O=A" "Mozilla/5.0 AppleWebKit/537.36 (KHTML, like Gecko; compatible; GPTBot/1.3; +https://openai.com/gptbot)"
74.7.227.150 - - [05/Apr/2026:16:07:53 -0400] "GET /wp-content/plugins/elementor/modules/home/transformations/base/?C=N;O=D HTTP/1.0" 200 423 "https://linguareachagency.com/wp-content/plugins/elementor/modules/home/transformations/base/" "Mozilla/5.0 AppleWebKit/537.36 (KHTML, like Gecko; compatible; GPTBot/1.3; +https://openai.com/gptbot)"
74.7.227.150 - - [05/Apr/2026:16:08:35 -0400] "GET /wp-content/plugins/elementor/assets/js/packages/env/?C=D;O=D HTTP/1.0" 200 482 "https://linguareachagency.com/wp-content/plugins/elementor/assets/js/packages/env/?C=D;O=A" "Mozilla/5.0 AppleWebKit/537.36 (KHTML, like Gecko; compatible; GPTBot/1.3; +https://openai.com/gptbot)"
74.7.227.150 - - [05/Apr/2026:16:09:03 -0400] "GET /wp-content/plugins/elementor/modules/home/classes/?C=N;O=A HTTP/1.0" 200 424 "https://linguareachagency.com/wp-content/plugins/elementor/modules/home/classes/?C=D;O=A" "Mozilla/5.0 AppleWebKit/537.36 (KHTML, like Gecko; compatible; GPTBot/1.3; +https://openai.com/gptbot)"
74.7.227.150 - - [05/Apr/2026:16:09:33 -0400] "GET /wp-content/plugins/elementor/modules/home/classes/?C=D;O=D HTTP/1.0" 200 422 "https://linguareachagency.com/wp-content/plugins/elementor/modules/home/classes/?C=D;O=A" "Mozilla/5.0 AppleWebKit/537.36 (KHTML, like Gecko; compatible; GPTBot/1.3; +https://openai.com/gptbot)"
74.7.227.150 - - [05/Apr/2026:16:10:00 -0400] "GET /wp-content/plugins/elementor/modules/home/classes/?C=M;O=D HTTP/1.0" 200 422 "https://linguareachagency.com/wp-content/plugins/elementor/modules/home/classes/?C=M;O=A" "Mozilla/5.0 AppleWebKit/537.36 (KHTML, like Gecko; compatible; GPTBot/1.3; +https://openai.com/gptbot)"
74.7.227.150 - - [05/Apr/2026:16:10:31 -0400] "GET /wp-content/plugins/elementor/modules/home/transformations/base/?C=D;O=A HTTP/1.0" 200 425 "https://linguareachagency.com/wp-content/plugins/elementor/modules/home/transformations/base/" "Mozilla/5.0 AppleWebKit/537.36 (KHTML, like Gecko; compatible; GPTBot/1.3; +https://openai.com/gptbot)"
74.7.227.150 - - [05/Apr/2026:16:10:46 -0400] "GET /wp-content/plugins/elementor/modules/home/transformations/base/?C=S;O=A HTTP/1.0" 200 425 "https://linguareachagency.com/wp-content/plugins/elementor/modules/home/transformations/base/" "Mozilla/5.0 AppleWebKit/537.36 (KHTML, like Gecko; compatible; GPTBot/1.3; +https://openai.com/gptbot)"
74.7.227.150 - - [05/Apr/2026:16:11:06 -0400] "GET /wp-content/plugins/elementor/modules/home/transformations/base/?C=M;O=A HTTP/1.0" 200 425 "https://linguareachagency.com/wp-content/plugins/elementor/modules/home/transformations/base/" "Mozilla/5.0 AppleWebKit/537.36 (KHTML, like Gecko; compatible; GPTBot/1.3; +https://openai.com/gptbot)"
74.7.227.150 - - [05/Apr/2026:16:11:24 -0400] "GET /wp-content/plugins/elementor/assets/lib/pickr/themes/?C=M;O=A HTTP/1.0" 200 412 "https://linguareachagency.com/wp-content/plugins/elementor/assets/lib/pickr/themes/" "Mozilla/5.0 AppleWebKit/537.36 (KHTML, like Gecko; compatible; GPTBot/1.3; +https://openai.com/gptbot)"
74.7.227.150 - - [05/Apr/2026:16:11:40 -0400] "GET /wp-content/plugins/elementor/assets/lib/pickr/themes/?C=S;O=A HTTP/1.0" 200 412 "https://linguareachagency.com/wp-content/plugins/elementor/assets/lib/pickr/themes/" "Mozilla/5.0 AppleWebKit/537.36 (KHTML, like Gecko; compatible; GPTBot/1.3; +https://openai.com/gptbot)"
74.7.227.150 - - [05/Apr/2026:16:12:03 -0400] "GET /wp-content/plugins/elementor/assets/lib/pickr/themes/?C=D;O=A HTTP/1.0" 200 412 "https://linguareachagency.com/wp-content/plugins/elementor/assets/lib/pickr/themes/" "Mozilla/5.0 AppleWebKit/537.36 (KHTML, like Gecko; compatible; GPTBot/1.3; +https://openai.com/gptbot)"
74.7.227.150 - - [05/Apr/2026:16:12:12 -0400] "GET /wp-content/plugins/elementor/modules/home/transformations/base/?C=N;O=A HTTP/1.0" 200 425 "https://linguareachagency.com/wp-content/plugins/elementor/modules/home/transformations/base/?C=N;O=D" "Mozilla/5.0 AppleWebKit/537.36 (KHTML, like Gecko; compatible; GPTBot/1.3; +https://openai.com/gptbot)"
74.7.227.150 - - [05/Apr/2026:16:12:18 -0400] "GET /wp-content/plugins/elementor/assets/lib/pickr/themes/?C=N;O=D HTTP/1.0" 200 410 "https://linguareachagency.com/wp-content/plugins/elementor/assets/lib/pickr/themes/" "Mozilla/5.0 AppleWebKit/537.36 (KHTML, like Gecko; compatible; GPTBot/1.3; +https://openai.com/gptbot)"
74.7.227.150 - - [05/Apr/2026:16:12:31 -0400] "GET /wp-content/plugins/elementor/modules/home/classes/?C=N;O=D HTTP/1.0" 429 17 "https://linguareachagency.com/wp-content/plugins/elementor/modules/home/classes/?C=N;O=A" "Mozilla/5.0 AppleWebKit/537.36 (KHTML, like Gecko; compatible; GPTBot/1.3; +https://openai.com/gptbot)"
74.7.227.150 - - [05/Apr/2026:16:12:41 -0400] "GET /wp-content/plugins/elementor/modules/home/classes/?C=S;O=A HTTP/1.0" 429 17 "https://linguareachagency.com/wp-content/plugins/elementor/modules/home/classes/?C=N;O=A" "Mozilla/5.0 AppleWebKit/537.36 (KHTML, like Gecko; compatible; GPTBot/1.3; +https://openai.com/gptbot)"
167.99.125.188 - - [05/Apr/2026:16:12:54 -0400] "POST /wp-login.php HTTP/1.0" 200 6464 "-" "Mozilla/5.0"
74.7.227.150 - - [05/Apr/2026:16:13:07 -0400] "GET /wp-content/plugins/elementor/core/dynamic-tags/?C=M;O=A HTTP/1.0" 429 17 "https://linguareachagency.com/wp-content/plugins/elementor/core/dynamic-tags/" "Mozilla/5.0 AppleWebKit/537.36 (KHTML, like Gecko; compatible; GPTBot/1.3; +https://openai.com/gptbot)"
161.178.132.46 - - [05/Apr/2026:16:13:55 -0400] "POST /wp-login.php HTTP/1.0" 200 6464 "-" "Mozilla/5.0"
74.7.227.150 - - [05/Apr/2026:16:14:07 -0400] "GET /wp-content/plugins/elementor/core/dynamic-tags/?C=D;O=A HTTP/1.0" 429 17 "https://linguareachagency.com/wp-content/plugins/elementor/core/dynamic-tags/" "Mozilla/5.0 AppleWebKit/537.36 (KHTML, like Gecko; compatible; GPTBot/1.3; +https://openai.com/gptbot)"
74.7.227.150 - - [05/Apr/2026:16:15:13 -0400] "GET /wp-content/plugins/elementor/modules/home/transformations/base/?C=D;O=D HTTP/1.0" 200 423 "https://linguareachagency.com/wp-content/plugins/elementor/modules/home/transformations/base/?C=D;O=A" "Mozilla/5.0 AppleWebKit/537.36 (KHTML, like Gecko; compatible; GPTBot/1.3; +https://openai.com/gptbot)"
74.7.227.150 - - [05/Apr/2026:16:16:22 -0400] "GET /wp-content/plugins/elementor/modules/home/transformations/base/?C=S;O=D HTTP/1.0" 200 423 "https://linguareachagency.com/wp-content/plugins/elementor/modules/home/transformations/base/?C=S;O=A" "Mozilla/5.0 AppleWebKit/537.36 (KHTML, like Gecko; compatible; GPTBot/1.3; +https://openai.com/gptbot)"
74.7.227.150 - - [05/Apr/2026:16:17:12 -0400] "GET /wp-content/plugins/elementor/modules/home/transformations/base/?C=M;O=D HTTP/1.0" 200 423 "https://linguareachagency.com/wp-content/plugins/elementor/modules/home/transformations/base/?C=M;O=A" "Mozilla/5.0 AppleWebKit/537.36 (KHTML, like Gecko; compatible; GPTBot/1.3; +https://openai.com/gptbot)"
74.7.227.150 - - [05/Apr/2026:16:18:06 -0400] "GET /wp-content/plugins/elementor/assets/lib/pickr/themes/?C=M;O=D HTTP/1.0" 200 410 "https://linguareachagency.com/wp-content/plugins/elementor/assets/lib/pickr/themes/?C=M;O=A" "Mozilla/5.0 AppleWebKit/537.36 (KHTML, like Gecko; compatible; GPTBot/1.3; +https://openai.com/gptbot)"
74.7.227.150 - - [05/Apr/2026:16:18:51 -0400] "GET /wp-content/plugins/elementor/assets/lib/pickr/themes/?C=S;O=D HTTP/1.0" 200 410 "https://linguareachagency.com/wp-content/plugins/elementor/assets/lib/pickr/themes/?C=S;O=A" "Mozilla/5.0 AppleWebKit/537.36 (KHTML, like Gecko; compatible; GPTBot/1.3; +https://openai.com/gptbot)"
74.7.227.150 - - [05/Apr/2026:16:19:31 -0400] "GET /wp-content/plugins/elementor/assets/lib/pickr/themes/?C=D;O=D HTTP/1.0" 200 410 "https://linguareachagency.com/wp-content/plugins/elementor/assets/lib/pickr/themes/?C=D;O=A" "Mozilla/5.0 AppleWebKit/537.36 (KHTML, like Gecko; compatible; GPTBot/1.3; +https://openai.com/gptbot)"
74.7.227.150 - - [05/Apr/2026:16:20:05 -0400] "GET /wp-content/plugins/elementor/assets/lib/pickr/themes/?C=N;O=A HTTP/1.0" 200 412 "https://linguareachagency.com/wp-content/plugins/elementor/assets/lib/pickr/themes/?C=M;O=A" "Mozilla/5.0 AppleWebKit/537.36 (KHTML, like Gecko; compatible; GPTBot/1.3; +https://openai.com/gptbot)"
170.64.178.144 - - [05/Apr/2026:16:20:16 -0400] "POST /wp-login.php HTTP/1.0" 200 6464 "-" "Mozilla/5.0"
45.87.221.196 - - [05/Apr/2026:16:20:24 -0400] "POST /xmlrpc.php HTTP/1.0" 406 300 "-" "Mozilla/5.0 (Windows NT 10.0) AppleWebKit/537.43 (KHTML, like Gecko) Chrome/138.0.0.0 Safari/537.36 OPR/122.0.0.0"
74.7.227.150 - - [05/Apr/2026:16:20:38 -0400] "GET /wp-content/plugins/elementor/core/dynamic-tags/?C=N;O=D HTTP/1.0" 200 470 "https://linguareachagency.com/wp-content/plugins/elementor/core/dynamic-tags/" "Mozilla/5.0 AppleWebKit/537.36 (KHTML, like Gecko; compatible; GPTBot/1.3; +https://openai.com/gptbot)"
144.208.76.23 - - [05/Apr/2026:16:21:06 -0400] "POST /wp-cron.php?doing_wp_cron=1775420466.1666069030761718750000 HTTP/1.0" 200 - "-" "WordPress/6.9.4; https://linguareachagency.com"
217.216.48.92 - - [05/Apr/2026:16:21:05 -0400] "POST /xmlrpc.php HTTP/1.0" 200 206 "-" "Mozilla/5.0 (Windows NT 10.0; rv:142.0) Gecko/20100101 Firefox/142.0"
74.7.227.150 - - [05/Apr/2026:16:21:14 -0400] "GET /wp-content/plugins/elementor/core/dynamic-tags/?C=S;O=A HTTP/1.0" 200 473 "https://linguareachagency.com/wp-content/plugins/elementor/core/dynamic-tags/" "Mozilla/5.0 AppleWebKit/537.36 (KHTML, like Gecko; compatible; GPTBot/1.3; +https://openai.com/gptbot)"
74.7.227.150 - - [05/Apr/2026:16:21:37 -0400] "GET /wp-content/plugins/pro-elements/modules/dynamic-tags/pods/?C=S;O=A HTTP/1.0" 200 454 "https://linguareachagency.com/wp-content/plugins/pro-elements/modules/dynamic-tags/pods/" "Mozilla/5.0 AppleWebKit/537.36 (KHTML, like Gecko; compatible; GPTBot/1.3; +https://openai.com/gptbot)"
74.7.227.150 - - [05/Apr/2026:16:22:09 -0400] "GET /wp-content/plugins/pro-elements/modules/dynamic-tags/acf/?C=N;O=D HTTP/1.0" 200 453 "https://linguareachagency.com/wp-content/plugins/pro-elements/modules/dynamic-tags/acf/" "Mozilla/5.0 AppleWebKit/537.36 (KHTML, like Gecko; compatible; GPTBot/1.3; +https://openai.com/gptbot)"
74.7.227.150 - - [05/Apr/2026:16:22:28 -0400] "GET /wp-content/plugins/pro-elements/modules/dynamic-tags/acf/?C=D;O=A HTTP/1.0" 200 460 "https://linguareachagency.com/wp-content/plugins/pro-elements/modules/dynamic-tags/acf/" "Mozilla/5.0 AppleWebKit/537.36 (KHTML, like Gecko; compatible; GPTBot/1.3; +https://openai.com/gptbot)"
74.7.227.150 - - [05/Apr/2026:16:22:43 -0400] "GET /wp-content/plugins/pro-elements/modules/dynamic-tags/pods/?C=N;O=D HTTP/1.0" 200 452 "https://linguareachagency.com/wp-content/plugins/pro-elements/modules/dynamic-tags/pods/" "Mozilla/5.0 AppleWebKit/537.36 (KHTML, like Gecko; compatible; GPTBot/1.3; +https://openai.com/gptbot)"
74.7.227.150 - - [05/Apr/2026:16:23:14 -0400] "GET /wp-content/plugins/pro-elements/modules/dynamic-tags/acf/?C=S;O=A HTTP/1.0" 200 455 "https://linguareachagency.com/wp-content/plugins/pro-elements/modules/dynamic-tags/acf/" "Mozilla/5.0 AppleWebKit/537.36 (KHTML, like Gecko; compatible; GPTBot/1.3; +https://openai.com/gptbot)"
74.7.227.150 - - [05/Apr/2026:16:23:22 -0400] "GET /wp-content/plugins/pro-elements/modules/dynamic-tags/acf/?C=M;O=A HTTP/1.0" 200 460 "https://linguareachagency.com/wp-content/plugins/pro-elements/modules/dynamic-tags/acf/" "Mozilla/5.0 AppleWebKit/537.36 (KHTML, like Gecko; compatible; GPTBot/1.3; +https://openai.com/gptbot)"
74.7.227.150 - - [05/Apr/2026:16:23:35 -0400] "GET /wp-content/plugins/pro-elements/modules/dynamic-tags/pods/?C=M;O=A HTTP/1.0" 200 459 "https://linguareachagency.com/wp-content/plugins/pro-elements/modules/dynamic-tags/pods/" "Mozilla/5.0 AppleWebKit/537.36 (KHTML, like Gecko; compatible; GPTBot/1.3; +https://openai.com/gptbot)"
74.7.227.150 - - [05/Apr/2026:16:23:42 -0400] "GET /wp-content/plugins/pro-elements/modules/dynamic-tags/pods/?C=D;O=A HTTP/1.0" 200 458 "https://linguareachagency.com/wp-content/plugins/pro-elements/modules/dynamic-tags/pods/" "Mozilla/5.0 AppleWebKit/537.36 (KHTML, like Gecko; compatible; GPTBot/1.3; +https://openai.com/gptbot)"
74.7.227.150 - - [05/Apr/2026:16:23:58 -0400] "GET /wp-content/plugins/elementor/assets/lib/font-awesome/webfonts/?C=D;O=A HTTP/1.0" 200 596 "https://linguareachagency.com/wp-content/plugins/elementor/assets/lib/font-awesome/webfonts/" "Mozilla/5.0 AppleWebKit/537.36 (KHTML, like Gecko; compatible; GPTBot/1.3; +https://openai.com/gptbot)"
74.7.227.150 - - [05/Apr/2026:16:24:12 -0400] "GET /wp-content/plugins/elementor/core/dynamic-tags/?C=D;O=A HTTP/1.0" 200 471 "https://linguareachagency.com/wp-content/plugins/elementor/core/dynamic-tags/?C=N;O=D" "Mozilla/5.0 AppleWebKit/537.36 (KHTML, like Gecko; compatible; GPTBot/1.3; +https://openai.com/gptbot)"
74.7.227.150 - - [05/Apr/2026:16:24:17 -0400] "GET /wp-content/plugins/elementor/core/dynamic-tags/?C=N;O=A HTTP/1.0" 200 471 "https://linguareachagency.com/wp-content/plugins/elementor/core/dynamic-tags/?C=N;O=D" "Mozilla/5.0 AppleWebKit/537.36 (KHTML, like Gecko; compatible; GPTBot/1.3; +https://openai.com/gptbot)"
167.99.125.188 - - [05/Apr/2026:16:24:25 -0400] "POST /wp-login.php HTTP/1.0" 200 6464 "-" "Mozilla/5.0"
74.7.227.150 - - [05/Apr/2026:16:24:26 -0400] "GET /wp-content/plugins/elementor/core/dynamic-tags/?C=M;O=A HTTP/1.0" 429 17 "https://linguareachagency.com/wp-content/plugins/elementor/core/dynamic-tags/?C=N;O=D" "Mozilla/5.0 AppleWebKit/537.36 (KHTML, like Gecko; compatible; GPTBot/1.3; +https://openai.com/gptbot)"
74.7.227.150 - - [05/Apr/2026:16:24:35 -0400] "GET /wp-content/plugins/elementor/core/dynamic-tags/?C=S;O=D HTTP/1.0" 429 17 "https://linguareachagency.com/wp-content/plugins/elementor/core/dynamic-tags/?C=S;O=A" "Mozilla/5.0 AppleWebKit/537.36 (KHTML, like Gecko; compatible; GPTBot/1.3; +https://openai.com/gptbot)"
161.178.132.46 - - [05/Apr/2026:16:24:46 -0400] "POST /wp-login.php HTTP/1.0" 200 6464 "-" "Mozilla/5.0"
74.7.227.150 - - [05/Apr/2026:16:25:05 -0400] "GET /wp-content/plugins/pro-elements/modules/dynamic-tags/acf/?C=N;O=A HTTP/1.0" 429 17 "https://linguareachagency.com/wp-content/plugins/pro-elements/modules/dynamic-tags/acf/?C=N;O=D" "Mozilla/5.0 AppleWebKit/537.36 (KHTML, like Gecko; compatible; GPTBot/1.3; +https://openai.com/gptbot)"
74.7.227.150 - - [05/Apr/2026:16:26:01 -0400] "GET /wp-content/plugins/pro-elements/modules/dynamic-tags/pods/?C=S;O=D HTTP/1.0" 429 17 "https://linguareachagency.com/wp-content/plugins/pro-elements/modules/dynamic-tags/pods/?C=S;O=A" "Mozilla/5.0 AppleWebKit/537.36 (KHTML, like Gecko; compatible; GPTBot/1.3; +https://openai.com/gptbot)"
74.7.227.150 - - [05/Apr/2026:16:26:58 -0400] "GET /wp-content/plugins/pro-elements/modules/dynamic-tags/acf/?C=D;O=D HTTP/1.0" 200 453 "https://linguareachagency.com/wp-content/plugins/pro-elements/modules/dynamic-tags/acf/?C=D;O=A" "Mozilla/5.0 AppleWebKit/537.36 (KHTML, like Gecko; compatible; GPTBot/1.3; +https://openai.com/gptbot)"
161.178.3.105 - - [05/Apr/2026:16:27:05 -0400] "POST /wp-login.php HTTP/1.0" 200 6464 "-" "Mozilla/5.0"
104.131.188.75 - - [05/Apr/2026:16:27:07 -0400] "GET /wp-login.php HTTP/1.0" 200 1925 "-" "Mozilla/5.0 (Windows NT 6.2; Win64; x64) AppleWebKit/537.36 (KHTML, like Gecko) Chrome/66.0.3359.139 Safari/537.36"
104.131.188.75 - - [05/Apr/2026:16:27:08 -0400] "POST /wp-login.php HTTP/1.0" 200 2060 "https://linguareachagency.com/wp-login.php" "Mozilla/5.0 (Windows NT 6.2; Win64; x64) AppleWebKit/537.36 (KHTML, like Gecko) Chrome/66.0.3359.139 Safari/537.36"
74.7.227.150 - - [05/Apr/2026:16:28:05 -0400] "GET /wp-content/plugins/pro-elements/modules/dynamic-tags/pods/?C=N;O=A HTTP/1.0" 200 458 "https://linguareachagency.com/wp-content/plugins/pro-elements/modules/dynamic-tags/pods/?C=S;O=A" "Mozilla/5.0 AppleWebKit/537.36 (KHTML, like Gecko; compatible; GPTBot/1.3; +https://openai.com/gptbot)"
74.7.227.150 - - [05/Apr/2026:16:28:58 -0400] "GET /wp-content/plugins/pro-elements/modules/dynamic-tags/acf/?C=M;O=D HTTP/1.0" 200 453 "https://linguareachagency.com/wp-content/plugins/pro-elements/modules/dynamic-tags/acf/?C=M;O=A" "Mozilla/5.0 AppleWebKit/537.36 (KHTML, like Gecko; compatible; GPTBot/1.3; +https://openai.com/gptbot)"
74.7.227.150 - - [05/Apr/2026:16:29:51 -0400] "GET /wp-content/plugins/pro-elements/modules/dynamic-tags/pods/?C=M;O=D HTTP/1.0" 200 452 "https://linguareachagency.com/wp-content/plugins/pro-elements/modules/dynamic-tags/pods/?C=M;O=A" "Mozilla/5.0 AppleWebKit/537.36 (KHTML, like Gecko; compatible; GPTBot/1.3; +https://openai.com/gptbot)"
74.7.227.150 - - [05/Apr/2026:16:30:36 -0400] "GET /wp-content/plugins/pro-elements/modules/dynamic-tags/pods/?C=D;O=D HTTP/1.0" 200 452 "https://linguareachagency.com/wp-content/plugins/pro-elements/modules/dynamic-tags/pods/?C=D;O=A" "Mozilla/5.0 AppleWebKit/537.36 (KHTML, like Gecko; compatible; GPTBot/1.3; +https://openai.com/gptbot)"
74.7.227.150 - - [05/Apr/2026:16:31:16 -0400] "GET /wp-content/plugins/pro-elements/modules/dynamic-tags/acf/?C=S;O=D HTTP/1.0" 200 456 "https://linguareachagency.com/wp-content/plugins/pro-elements/modules/dynamic-tags/acf/?C=S;O=A" "Mozilla/5.0 AppleWebKit/537.36 (KHTML, like Gecko; compatible; GPTBot/1.3; +https://openai.com/gptbot)"
74.7.227.150 - - [05/Apr/2026:16:31:50 -0400] "GET /wp-content/plugins/elementor/core/utils/import-export/parsers/?C=D;O=A HTTP/1.0" 200 471 "https://linguareachagency.com/wp-content/plugins/elementor/core/utils/import-export/parsers/" "Mozilla/5.0 AppleWebKit/537.36 (KHTML, like Gecko; compatible; GPTBot/1.3; +https://openai.com/gptbot)"
74.7.227.150 - - [05/Apr/2026:16:32:22 -0400] "GET /wp-content/plugins/elementor/assets/lib/font-awesome/webfonts/?C=M;O=A HTTP/1.0" 200 597 "https://linguareachagency.com/wp-content/plugins/elementor/assets/lib/font-awesome/webfonts/" "Mozilla/5.0 AppleWebKit/537.36 (KHTML, like Gecko; compatible; GPTBot/1.3; +https://openai.com/gptbot)"
135.148.195.16 - - [05/Apr/2026:16:32:45 -0400] "GET / HTTP/1.0" 301 - "-" "Mozilla/5.0 (Windows NT 10.0; Win64; x64) AppleWebKit/537.36 (KHTML, like Gecko) Chrome/113.0.0.0 Safari/537.36"
74.7.227.150 - - [05/Apr/2026:16:32:53 -0400] "GET /wp-content/plugins/elementor/core/dynamic-tags/?C=D;O=D HTTP/1.0" 200 470 "https://linguareachagency.com/wp-content/plugins/elementor/core/dynamic-tags/?C=D;O=A" "Mozilla/5.0 AppleWebKit/537.36 (KHTML, like Gecko; compatible; GPTBot/1.3; +https://openai.com/gptbot)"
